NOAA-style Climate Reports

Select a Year or Month report

Report for 2018 Aug
                   MONTHLY CLIMATOLOGICAL SUMMARY for AUG. 2018

NAME: Vado la Lepre   CITY: Castelnuovo V.C.   STATE: Italia 
ELEV:   800 m  LAT: 43.2068 N  LONG: 10.8773 E

                   TEMPERATURE (C), RAIN  (mm), WIND SPEED (km/hr)

                                      HEAT  COOL        AVG
    MEAN                              DEG   DEG         WIND                 DOM
DAY TEMP  HIGH   TIME   LOW    TIME   DAYS  DAYS  RAIN  SPEED HIGH   TIME    DIR
------------------------------------------------------------------------------------
 1  26.5  31.7   15:25  22.8    4:00   0.0   8.2   0.0   6.9  19.3    5:30     E
 2  23.9  30.2   13:20  17.7   15:55   0.0   5.7  11.0   9.7  49.9   13:55    NE
 3  22.4  25.5   16:45  19.4    5:20   0.0   4.1   0.0  14.3  38.6    7:50    NE
 4  22.3  28.2   14:50  18.6    4:30   0.0   4.1   3.2   9.2  29.0    5:50    NE
 5  23.7  29.4   16:35  20.0    7:05   0.0   5.4   0.0  10.0  30.6    7:35   ENE
 6  24.6  29.3   14:55  21.3    5:40   0.0   6.3   0.0   8.2  27.4   15:10    NE
 7  22.9  27.6   13:35  17.7   16:20   0.0   4.6   9.8   7.9  35.4   15:50    SW
 8  22.6  26.8   13:35  19.1   15:50   0.0   4.3   6.0   7.7  37.0   14:40    SW
 9  22.4  26.9   14:00  18.9   23:30   0.0   4.1   0.0   9.5  30.6   16:45   WSW
10  21.7  25.7   14:10  18.8   23:25   0.0   3.4   0.0   9.7  32.2   17:00   WSW
11  21.4  26.7   14:30  18.3    0:40   0.0   3.2   0.0  11.9  41.8   16:05   WSW
12  22.3  27.3   14:15  18.6    0:15   0.0   4.0   0.0   7.6  24.1   17:00   NNE
13  20.2  24.1   14:10  17.1   15:50   0.0   1.9   1.6  13.4  53.1   15:30    SW
14  18.9  23.4   15:55  14.4    7:05   0.4   1.0  13.2  12.2  45.1    9:45    SW
15  18.1  22.2   14:25  14.3    6:00   1.2   1.0   0.2  14.2  38.6   17:00    NE
16  20.1  25.6   16:05  15.9    2:50   0.6   2.4   0.0  12.6  32.2    3:20    NE
17  21.6  26.0   16:15  18.9    1:45   0.0   3.3   0.0   7.4  20.9    0:05    NE
18  21.8  26.3   13:50  18.8    6:25   0.0   3.5   0.2   7.1  32.2   14:50    NE
19  21.7  27.1   14:50  18.6    6:30   0.0   3.3   0.4   9.0  32.2   15:20    NE
20  21.8  28.4   14:40  18.7    6:30   0.0   3.5   6.0   9.3  33.8   15:05    NE
21  22.7  27.8   16:00  19.3    6:35   0.0   4.4   0.0   9.0  25.7    3:15    NE
22  22.5  27.7   14:35  19.7   16:35   0.0   4.2   0.0   9.5  35.4   16:25   ENE
23  22.3  27.6   14:45  19.3   18:20   0.0   4.0   0.0   7.4  32.2   15:45    NE
24  20.8  25.5   13:40  17.9    4:00   0.0   2.6   3.4   8.4  35.4   15:40     N
25  19.9  23.6   13:55  16.3   20:15   0.2   1.8   3.6   9.3  33.8   14:10   SSW
26  15.8  18.9   14:35  11.6   23:20   2.5   0.0   0.2  11.9  37.0   22:25    NE
27  15.2  20.7   16:45   9.8    6:10   3.5   0.4   0.0  12.1  33.8    0:15    NE
28  19.5  24.9   16:20  14.4    4:30   1.1   2.3   0.0  10.1  27.4    2:15    NE
29  21.8  27.1   16:00  18.4   00:00   0.0   3.6   0.0   8.0  25.7   17:20   WSW
30  20.4  25.0   15:40  17.3   23:20   0.1   2.1   0.0  11.4  35.4   14:35    SW
31  18.2  21.7   17:25  15.6   23:25   0.9   0.8   0.0  12.4  37.0    7:30     S
-------------------------------------------------------------------------------------
    21.3  31.7     1     9.8    27    10.5 103.2  58.8   9.9  53.1    13      NE

Max >=  32.0:  0
Max <=   0.0:  0
Min <=   0.0:  0
Min <= -18.0:  0
Max Rain: 13.21 ON 14/08/18
Days of Rain: 13 (> .2 mm) 8 (> 2 mm) 0 (> 20 mm)
Heat Base:  18.3  Cool Base:  18.3  Method: Integration