NOAA-style Climate Reports

Select a Year or Month report

Report for 2018 Sep
                   MONTHLY CLIMATOLOGICAL SUMMARY for SEP. 2018

NAME: Vado la Lepre   CITY: Castelnuovo V.C.   STATE: Italia 
ELEV:   800 m  LAT: 43.2068 N  LONG: 10.8773 E

                   TEMPERATURE (C), RAIN  (mm), WIND SPEED (km/hr)

                                      HEAT  COOL        AVG
    MEAN                              DEG   DEG         WIND                 DOM
DAY TEMP  HIGH   TIME   LOW    TIME   DAYS  DAYS  RAIN  SPEED HIGH   TIME    DIR
------------------------------------------------------------------------------------
 1  16.9  20.7   14:40  14.7    3:40   1.6   0.2   2.4   5.1  20.9   15:55   ENE
 2  15.3  18.8   12:10  11.8   13:45   3.0   0.0  49.0   6.8  41.8   13:35   SSE
 3  15.8  19.8   15:50  13.3    5:15   2.7   0.1   0.8   6.8  25.7   17:25   WSW
 4  16.6  21.0   16:15  14.1    3:30   1.9   0.2   5.4  12.9  33.8   15:25   WSW
 5  18.2  23.8   14:40  14.8    2:20   1.0   0.9   0.0   6.8  25.7   17:05   WSW
 6  18.9  23.8   13:20  16.6   23:45   0.5   1.0   0.0  11.9  41.8   17:00    SW
 7  17.6  21.2   16:20  14.3    4:50   1.2   0.5   5.6   8.9  30.6   13:20   WSW
 8  18.1  22.5   15:40  15.2    5:25   1.2   1.0   0.2   7.2  24.1   10:05    NE
 9  20.3  23.9   16:55  17.3    5:25   0.2   2.1   0.0   6.3  20.9   18:05   ENE
10  21.4  25.4   15:30  18.8    1:50   0.0   3.1   0.0   5.3  17.7   15:55   NNE
11  22.5  26.4   16:10  19.9    3:05   0.0   4.2   0.0   6.6  16.1   17:25    NE
12  22.7  27.8   14:20  19.4   23:15   0.0   4.4   0.0   7.1  30.6   15:15    NE
13  18.3  21.0   15:25  15.8   23:15   0.6   0.5   0.4   6.8  22.5    8:15   WNW
14  19.0  24.1   14:20  16.1    5:10   0.6   1.3   0.0   7.7  25.7   14:25   WSW
15  19.3  22.8   15:00  16.6    6:15   0.3   1.3   0.0   5.3  17.7   17:40    NE
16  20.1  22.9   12:25  18.4   22:10   0.0   1.8   0.0   8.2  30.6   13:35   WSW
17  18.4  21.2   14:55  15.7   15:50   0.3   0.5   3.6   6.3  29.0   16:15   ENE
18  18.2  21.4   14:25  16.6    6:30   0.6   0.5   4.0  10.3  29.0   14:10   SSW
19  18.9  22.7   15:15  16.7    5:20   0.5   1.1   0.0   5.5  17.7   12:20   ENE
20  18.5  24.1   15:50  15.0    7:10   0.9   1.1   2.8  11.4  35.4    5:05    NE
21  19.2  24.7   14:45  16.4    7:10   0.5   1.4   0.0  12.9  37.0   17:00    SW
22  19.2  23.2   14:45  16.9    1:05   0.4   1.3   0.0  12.7  27.4   10:55   SSW
23  18.2  22.0   15:00  15.7    2:45   0.7   0.6   0.0  17.1  48.3   18:15   SSW
24  15.4  23.1    8:15   9.6   23:30   3.8   0.9   0.0  23.7  67.6   19:40    NE
25  10.9  16.2    8:10   5.8   23:50   7.4   0.0   0.0  24.6  59.5    0:40   NNE
26  11.7  15.1    8:15   6.0    0:05   6.6   0.0   0.0  17.2  41.8    3:45   NNE
27  16.7  21.1    9:00  13.2   22:30   2.1   0.6   0.0  12.6  32.2   13:30   NNE
28  18.3  21.7    7:25  14.8   22:25   0.9   0.9   0.0  10.1  33.8   23:50   NNE
29  16.8  21.8    7:15  12.9   20:00   2.2   0.7   0.0  16.7  46.7    4:15    NE
30  16.2  21.4    8:40  12.8   22:45   2.4   0.4   0.2  13.5  30.6   22:50   SSW
-------------------------------------------------------------------------------------
    17.9  27.8    12     5.8    25    44.0  32.6  74.4  10.5  67.6    24     NNE

Max >=  32.0:  0
Max <=   0.0:  0
Min <=   0.0:  0
Min <= -18.0:  0
Max Rain: 49.00 ON 02/09/18
Days of Rain: 11 (> .2 mm) 7 (> 2 mm) 1 (> 20 mm)
Heat Base:  18.3  Cool Base:  18.3  Method: Integration