NOAA-style Climate Reports

Select a Year or Month report

Report for 2019 Jan
                   MONTHLY CLIMATOLOGICAL SUMMARY for JAN. 2019

NAME: Vado la Lepre   CITY: Castelnuovo V.C.   STATE: Italia 
ELEV:   800 m  LAT: 43.2068 N  LONG: 10.8773 E

                   TEMPERATURE (C), RAIN  (mm), WIND SPEED (km/hr)

                                      HEAT  COOL        AVG
    MEAN                              DEG   DEG         WIND                 DOM
DAY TEMP  HIGH   TIME   LOW    TIME   DAYS  DAYS  RAIN  SPEED HIGH   TIME    DIR
------------------------------------------------------------------------------------
 1   4.8   8.4   14:30   2.2    7:20  13.5   0.0   0.0  15.0  41.8    2:10    NE
 2   4.1   7.3   12:30  -0.5   23:30  14.2   0.0   0.0  18.7  59.5   15:50     N
 3  -0.6   1.8   13:20  -2.3    8:00  18.8   0.0   0.0  11.7  37.0   16:20     N
 4  -0.9   0.9   15:00  -3.1    8:00  19.2   0.0   0.0   8.2  24.1    5:30     N
 5   2.2   4.2   23:30  -0.2    0:30  16.1   0.0   0.0  15.6  33.8   13:00     S
 6   5.5   7.8   21:40   3.7    1:30  12.8   0.0   0.0   8.5  24.1    5:40   SSW
 7   6.3   8.6   16:10   4.2   18:50  12.0   0.0   0.0   8.7  24.1   11:40     N
 8   4.3   5.1    0:10   3.4    4:20  14.0   0.0   0.2  18.3  49.9   13:20     S
 9   2.8   5.8   12:10  -0.2   23:20  15.5   0.0   0.0  14.0  38.6   21:50    NE
10   0.2   2.6   13:30  -2.2    8:10  18.1   0.0   0.0  16.9  38.6   13:40   NNE
11  -0.6   2.1   13:20  -2.7   23:00  18.9   0.0   0.0  15.3  43.5    4:30   NNE
12   1.8   6.1   14:20  -2.8    0:30  16.5   0.0   0.0  13.2  35.4   21:30   NNE
13   4.5   6.7   13:20   2.7    0:50  13.8   0.0   0.0  13.0  41.8   23:00   SSW
14   6.6  10.4   15:50   4.2    4:40  11.7   0.0   0.0  14.0  40.2    1:20    SW
15   5.2   9.2   13:50   2.4    6:30  13.1   0.0   0.0  16.9  43.5    2:20   SSW
16   5.1   6.9   14:20   3.7    8:00  13.3   0.0   0.0  34.1  61.2   19:30     S
17   4.9   6.0   14:30   3.9   17:40  13.4   0.0   6.6  30.3  66.0    4:40     S
18   4.8   7.5   13:30   2.2   23:20  13.4   0.0   0.0  19.0  53.1    1:10   SSW
19   2.6   3.6   16:00   0.9    8:40  15.7   0.0   0.4   7.6  20.9   23:30    NE
20   3.0   5.8   11:00   1.1   23:50  15.3   0.0   0.8  10.0  33.8   23:40     S
21   0.4   1.8   11:30  -1.6   23:40  17.9   0.0   0.4  21.9  53.1    6:50    NE
22  -2.0  -1.5    0:10  -2.8   21:00  20.3   0.0   0.0  12.1  30.6    3:10   NNE
23  -0.4   0.9   13:10  -1.8    1:40  18.7   0.0   6.4  12.1  45.1   12:10   ESE
24  -0.9   0.3   13:30  -2.3   23:30  19.2   0.0   3.4  24.8  59.5   14:10     N
25  -1.5   0.8   14:00  -3.2   23:00  19.8   0.0   0.0  28.2  57.9   13:50     N
26   1.8   5.8   13:10  -2.8    0:20  16.5   0.0   0.0  16.4  59.5    3:00     N
27   5.4   7.2   15:30   3.3    5:40  12.9   0.0   0.2  20.4  64.4   18:30    SW
28   2.7   6.2   13:40  -0.9   00:00  15.6   0.0   2.2  24.0  67.6    0:10    SW
29   1.2   4.6   14:00  -1.4    2:50  17.1   0.0   0.0  10.9  37.0    4:30    NE
30   0.2   1.7    0:10  -2.0   21:30  18.1   0.0   0.8  15.6  46.7    9:30     S
31   1.8   5.8   23:10  -1.9    0:50  16.5   0.0  10.4  28.3  72.4   20:30     S
-------------------------------------------------------------------------------------
     2.4  10.4    14    -3.2    25   492.1   0.0  31.8  16.9  72.4    31     NNE

Max >=  32.0:  0
Max <=   0.0:  1
Min <=   0.0: 18
Min <= -18.0:  0
Max Rain: 10.39 ON 31/01/19
Days of Rain: 11 (> .2 mm) 5 (> 2 mm) 0 (> 20 mm)
Heat Base:  18.3  Cool Base:  18.3  Method: Integration