NOAA-style Climate Reports

Select a Year or Month report

Report for 2019 Feb
                   MONTHLY CLIMATOLOGICAL SUMMARY for FEB. 2019

NAME: Vado la Lepre   CITY: Castelnuovo V.C.   STATE: Italia 
ELEV:   800 m  LAT: 43.2068 N  LONG: 10.8773 E

                   TEMPERATURE (C), RAIN  (mm), WIND SPEED (km/hr)

                                      HEAT  COOL        AVG
    MEAN                              DEG   DEG         WIND                 DOM
DAY TEMP  HIGH   TIME   LOW    TIME   DAYS  DAYS  RAIN  SPEED HIGH   TIME    DIR
------------------------------------------------------------------------------------
 1   7.8   8.6   12:40   5.4    0:30  10.5   0.0  23.8  59.5 119.1   18:40     S
 2   5.8   8.1    0:50   2.1   20:30  12.5   0.0  36.2  37.8 107.8    2:10     S
 3   3.6   5.2   14:50   2.5    0:10  14.8   0.0   4.0  18.8  51.5    8:00   SSE
 4   2.8   6.9   13:50   0.2   23:40  15.5   0.0   0.2  19.0  41.8   21:10   NNE
 5   2.3   6.3   15:00  -0.2    6:50  16.0   0.0   0.0  24.0  48.3   21:20   NNE
 6   3.9   8.0   14:10   0.8    2:00  14.3   0.0   0.0  25.4  56.3    9:30   NNE
 7   6.2  11.2   15:00   3.9    5:40  12.1   0.0   0.0   9.8  40.2    0:10    NE
 8   5.5   8.4   15:20   3.7   10:00  12.8   0.0   0.2   7.2  19.3    2:30   NNE
 9   5.7   7.5   12:20   4.4    5:50  12.6   0.0   0.0  15.0  45.1   11:40   SSW
10   6.3   7.2   13:30   5.1    0:20  12.0   0.0   0.2  36.9  78.9   20:00   SSW
11   5.5   8.1   15:40   3.6   23:50  12.8   0.0   0.0  20.0  82.1    2:40    SW
12   5.2  10.1   14:00   1.9    4:30  13.1   0.0   0.0  10.3  32.2    5:10   NNE
13   4.3   8.2   14:50   1.0    7:20  14.0   0.0   0.0  13.0  35.4    8:30   NNE
14   7.6  12.9   12:50   2.9    5:30  10.8   0.0   0.0  12.2  37.0    0:30   NNE
15   9.0  13.6   13:00   5.7   00:00   9.3   0.0   0.0  12.6  43.5   23:50   NNE
16   7.7  11.7   14:00   3.4    4:20  10.7   0.0   0.0  10.6  43.5    0:20   NNE
17   8.4  11.6   13:40   5.9   20:40   9.9   0.0   0.0   2.3  19.3   12:10   WNW
18   6.4   9.6   13:20   3.4   23:50  11.9   0.0   0.0  10.8  32.2   12:50   SSW
19   4.1   5.9   12:00   2.9    6:40  14.2   0.0   0.0  11.3  30.6   14:00     S
20   5.7  10.0   13:10   4.0    0:10  12.6   0.0   0.0   4.3  20.9   11:30   WSW
21   5.8   9.9   14:10   3.8    7:10  12.5   0.0   0.0   6.1  29.0   22:50     W
22   6.6  10.2   13:40   4.2    1:20  11.7   0.0   0.0   8.5  24.1    5:50   NNE
23   2.8   6.7    0:10  -0.8   00:00  15.5   0.0   0.0  25.1  69.2   12:40     N
24   1.4   6.5   15:40  -2.9    6:20  16.9   0.0   0.0  20.3  51.5    7:00     N
25   5.3  10.8   14:10  -0.4    4:20  13.0   0.0   0.0  22.4  57.9   16:20     N
26   8.4  11.2   14:40   4.6    7:20   9.9   0.0   0.0  14.6  45.1    1:30     N
27  12.2  16.8   12:10   9.1    6:40   6.1   0.0   0.0   7.6  24.1    6:10   NNW
28   8.8  11.7    1:30   5.6   18:40   9.5   0.0   0.0  11.9  30.6   13:50   SSW
-------------------------------------------------------------------------------------
     5.9  16.8    27    -2.9    24   347.5   0.0  64.6  17.0 119.1     1     NNE

Max >=  32.0:  0
Max <=   0.0:  0
Min <=   0.0:  4
Min <= -18.0:  0
Max Rain: 36.19 ON 02/02/19
Days of Rain: 6 (> .2 mm) 3 (> 2 mm) 2 (> 20 mm)
Heat Base:  18.3  Cool Base:  18.3  Method: Integration