NOAA-style Climate Reports

Select a Year or Month report

Report for 2019 Mar
                   MONTHLY CLIMATOLOGICAL SUMMARY for MAR. 2019

NAME: Vado la Lepre   CITY: Castelnuovo V.C.   STATE: Italia 
ELEV:   800 m  LAT: 43.2068 N  LONG: 10.8773 E

                   TEMPERATURE (C), RAIN  (mm), WIND SPEED (km/hr)

                                      HEAT  COOL        AVG
    MEAN                              DEG   DEG         WIND                 DOM
DAY TEMP  HIGH   TIME   LOW    TIME   DAYS  DAYS  RAIN  SPEED HIGH   TIME    DIR
------------------------------------------------------------------------------------
 1   6.8   8.7   13:50   5.0   22:20  11.5   0.0   0.0   6.1  29.0   19:50    NW
 2   8.7  13.2   13:10   4.9    0:30   9.6   0.0   0.0  13.0  33.8   13:20     N
 3   9.5  13.4   13:00   7.1   00:00   8.8   0.0   0.0  13.0  40.2   14:10     S
 4   7.2   9.3   13:40   5.2    4:50  11.1   0.0   0.0  34.0  80.5   17:00     S
 5   7.7  10.8   13:50   5.8   21:10  10.6   0.0   0.0  30.3  70.8    1:30    SW
 6   8.2  11.0   15:30   6.3    2:50  10.1   0.0   0.0  23.0  72.4   22:40     S
 7   8.3  10.0   12:10   6.7    5:30  10.0   0.0   0.0  39.4  82.1    4:00     S
 8   8.3  12.4   15:00   6.1   00:00  10.0   0.0   0.0  14.0  38.6    6:50    SW
 9   7.8  11.7   14:50   5.6    1:10  10.5   0.0   0.0  17.1  45.1   12:30    SW
10   9.2  12.3   15:20   5.8    0:20   9.1   0.0   0.0  25.1  57.9   22:20   SSW
11   6.5   9.3   14:30  -0.2   00:00  11.8   0.0   0.2  26.9  56.3    7:50    SW
12   4.0   9.1   16:30  -1.3    1:30  14.3   0.0   0.0  11.6  53.1    0:20   NNE
13   5.0   8.2   16:00   2.4   23:10  13.3   0.0   0.0  21.9  64.4   12:10   SSW
14   5.8  10.3   11:20   1.4    3:20  12.5   0.0   0.0  18.2  51.5   22:40    SW
15   8.6  14.2   13:30   5.5    0:10   9.7   0.0   0.0  20.8  59.5    1:20    SW
16   9.9  15.3   13:50   6.7   22:30   8.4   0.0   0.0  17.5  48.3   21:10     S
17   6.9   9.9   13:00   5.8   18:50  11.4   0.0   0.0  30.4  61.2   22:00     S
18   5.6   9.6   14:30   2.3   00:00  12.7   0.0   0.8  22.2  57.9    3:40     S
19   2.3   5.1   15:50  -0.2   00:00  16.0   0.0   0.4  23.7  46.7   12:00     N
20   3.6   9.2   12:50  -0.3    0:50  14.8   0.0   0.0  26.4  54.7   22:10     N
21   6.2  12.6   14:50   1.0    5:40  12.2   0.0   0.0  27.8  53.1    6:50     N
22  10.2  15.9   14:50   6.3    6:20   8.1   0.0   0.0  16.1  45.1    0:20   NNE
23  11.9  17.7   15:20   6.1    5:30   6.3   0.0   0.0  15.1  41.8    8:40     N
24  13.4  18.0   12:50   9.7   23:50   4.8   0.0   0.0  10.5  38.6   14:00   SSW
25  10.3  14.8   15:00   5.6   00:00   8.0   0.0   0.0  14.2  41.8   13:40    SW
26   4.2   7.3   12:50   0.9    6:00  14.1   0.0   0.8  30.4  62.8   10:40     N
27   5.2   9.9   12:40   1.9    6:10  13.1   0.0   0.0  29.0  59.5    0:40     N
28   4.9  10.1   13:40   0.8    5:40  13.3   0.0   0.0  25.1  53.1    0:30     N
29   7.2  13.2   14:50   2.3    5:40  11.2   0.0   0.0  20.1  49.9    0:10     N
30   9.3  15.2   14:40   4.8    5:30   8.9   0.0   0.0   8.9  27.4    7:20   NNE
31  11.5  15.2   14:50   7.3    0:20   6.5   0.0   0.0   8.4  32.2   14:30     S
-------------------------------------------------------------------------------------
     7.6  18.0    24    -1.3    12   332.9   0.0   2.2  20.6  82.1     7       N

Max >=  32.0:  0
Max <=   0.0:  0
Min <=   0.0:  4
Min <= -18.0:  0
Max Rain: 0.79 ON 18/03/19
Days of Rain: 4 (> .2 mm) 0 (> 2 mm) 0 (> 20 mm)
Heat Base:  18.3  Cool Base:  18.3  Method: Integration