NOAA-style Climate Reports

Select a Year or Month report

Report for 2019 Apr
                   MONTHLY CLIMATOLOGICAL SUMMARY for APR. 2019

NAME: Vado la Lepre   CITY: Castelnuovo V.C.   STATE: Italia 
ELEV:   800 m  LAT: 43.2068 N  LONG: 10.8773 E

                   TEMPERATURE (C), RAIN  (mm), WIND SPEED (km/hr)

                                      HEAT  COOL        AVG
    MEAN                              DEG   DEG         WIND                 DOM
DAY TEMP  HIGH   TIME   LOW    TIME   DAYS  DAYS  RAIN  SPEED HIGH   TIME    DIR
------------------------------------------------------------------------------------
 1  13.2  18.6   14:50   9.7    2:00   5.2   0.0   0.0   9.8  35.4   15:50    NE
 2  11.2  14.3   14:20   6.4   22:40   7.1   0.0   0.0  15.6  48.3   22:30     S
 3   7.4   9.4   16:50   6.3    4:10  10.9   0.0   0.6  32.5  66.0   23:20     S
 4   5.9   8.9   15:40   0.5   20:20  12.4   0.0  25.8  34.3  85.3    3:10     S
 5   4.5   8.3   17:20   1.7    6:10  13.8   0.0   0.2  25.7  66.0    5:40    SW
 6   7.3  11.4   15:00   4.3    0:30  11.0   0.0   0.2   8.2  29.0   00:00   SSW
 7   5.8   9.4   17:50   4.3    6:20  12.5   0.0  11.4  13.4  38.6    6:10     S
 8   6.0  10.6   14:00   4.2    3:00  12.3   0.0   0.2  14.3  40.2   17:20   WSW
 9   8.3  13.1   15:10   6.0    2:10  10.0   0.0   0.2  11.9  33.8    0:50    SW
10   7.9  11.8   15:00   6.1   23:40  10.4   0.0   0.0  16.9  48.3    8:30     S
11   7.0  10.3   13:00   5.6   00:00  11.3   0.0  12.0   6.1  27.4   15:20    NE
12   7.1  12.2   13:40   5.3    4:30  11.2   0.0   7.0  13.4  37.0    9:10    NE
13   5.7   9.1   13:30   3.2    8:20  12.6   0.0   0.6  13.7  37.0    6:50   NNE
14   5.7   8.8   12:20   3.3   23:40  12.6   0.0   9.0  14.3  38.6   21:50   NNE
15   7.1  12.1   15:40   3.3    5:20  11.2   0.0   0.2  19.0  49.9   10:30     N
16   8.8  12.4   14:50   6.1    3:40   9.5   0.0   0.0  11.9  40.2   15:30   NNE
17  10.4  14.6   12:30   6.6    6:40   7.9   0.0   0.0   7.7  24.1   15:00     N
18  12.3  17.0   14:40   9.0    5:30   6.0   0.0   0.0  14.6  35.4   10:00    NE
19  11.8  17.1   15:00   8.0    4:50   6.4   0.0   0.0  12.9  37.0    2:20   NNE
20  12.3  17.4   16:30   8.2    6:20   6.0   0.0   0.0  12.7  38.6   15:00   NNE
21  13.6  17.5   15:30  10.7    1:10   4.7   0.0   0.0  11.4  35.4    2:50   NNE
22  11.6  14.8   12:40   8.8   22:50   6.7   0.0  15.4  15.1  37.0    8:00   NNE
23  10.0  11.7   14:50   9.0    0:20   8.3   0.0  29.2  35.1  74.0   15:30     S
24  11.6  15.8   15:20   9.6    6:50   6.8   0.0   0.2  33.2  66.0    0:40     S
25  14.3  17.8   15:10   9.8    1:10   4.0   0.0   0.0  19.0  43.5   15:20     S
26  11.3  15.8   14:30   7.6   00:00   7.0   0.0   0.6  17.7  46.7   23:40    SW
27   9.0  13.3   15:10   7.1    2:40   9.3   0.0   0.0  21.9  51.5    4:10    SW
28   8.1  10.9   12:50   4.2   22:10  10.2   0.0   0.0  21.6  54.7    3:10   SSW
29   5.7   8.9   15:10   2.2    9:10  12.6   0.0   6.0   9.7  43.5    5:20   NNE
30   8.0  12.8   14:50   3.5    0:10  10.3   0.0   0.0  10.8  35.4   15:20   NNE
-------------------------------------------------------------------------------------
     9.0  18.6     1     0.5     4   280.2   0.0 118.8  16.8  85.3     4     NNE

Max >=  32.0:  0
Max <=   0.0:  0
Min <=   0.0:  0
Min <= -18.0:  0
Max Rain: 29.21 ON 23/04/19
Days of Rain: 17 (> .2 mm) 8 (> 2 mm) 2 (> 20 mm)
Heat Base:  18.3  Cool Base:  18.3  Method: Integration