NOAA-style Climate Reports

Select a Year or Month report

Report for 2019 May
                   MONTHLY CLIMATOLOGICAL SUMMARY for MAY. 2019

NAME: Vado la Lepre   CITY: Castelnuovo V.C.   STATE: Italia 
ELEV:   800 m  LAT: 43.2068 N  LONG: 10.8773 E

                   TEMPERATURE (C), RAIN  (mm), WIND SPEED (km/hr)

                                      HEAT  COOL        AVG
    MEAN                              DEG   DEG         WIND                 DOM
DAY TEMP  HIGH   TIME   LOW    TIME   DAYS  DAYS  RAIN  SPEED HIGH   TIME    DIR
------------------------------------------------------------------------------------
 1   9.9  14.3   12:00   7.1    2:40   8.4   0.0   0.2   8.5  37.0   15:10    SW
 2  10.5  14.8   14:40   7.4    6:40   7.8   0.0   0.0  19.2  49.9   16:20   SSW
 3   9.6  12.5   16:00   8.1    0:10   8.8   0.0   0.0  32.2  64.4   14:10     S
 4   9.2  12.8   10:10   7.5   21:20   9.1   0.0   4.8  12.2  41.8    0:30    SW
 5   4.6   8.0    3:40   1.1   00:00  13.7   0.0  10.8  16.1  53.1    4:50    NE
 6   4.8   8.9   16:50   0.9    0:50  13.5   0.0   0.0  14.0  49.9    5:40   NNE
 7   8.5  12.7   15:20   5.6    4:50   9.8   0.0   0.0  10.5  32.2   12:50   SSW
 8   8.2  11.3   12:30   6.6    6:10  10.1   0.0   0.0  31.4  77.2   00:00     S
 9   9.9  12.5   17:20   7.5    0:30   8.4   0.0   7.6  33.5  90.1    2:50    SW
10  11.0  14.8   16:10   8.8    5:30   7.3   0.0   0.0  17.4  41.8    6:50    SW
11  11.9  15.3   13:20   8.7   23:10   6.4   0.0   1.2  26.4  53.1   16:30   SSW
12   8.8  12.7   14:50   6.3   23:50   9.5   0.0   5.0  17.2  48.3   17:00   NNE
13   7.6  10.8   12:20   6.2    0:20  10.7   0.0   0.2  24.6  59.5    1:40     N
14   8.2  13.2   13:40   4.1   00:00  10.2   0.0   0.0  23.0  66.0    2:50     N
15   5.1   8.7   12:50   2.0    7:00  13.2   0.0   0.2  15.0  41.8   16:40     N
16   8.5  14.7   16:40   2.8    3:00   9.8   0.0   0.0  13.7  45.1    5:40     N
17  10.3  13.2   13:30   7.4    0:30   8.0   0.0   0.0  16.4  57.9   13:20     S
18   9.4  12.9   15:00   7.8    5:10   8.8   0.0  24.2  13.5  38.6    9:30   ENE
19   8.8   9.8   14:00   7.5    4:30   9.5   0.0  29.6  16.3  49.9   21:10    SW
20   9.4  13.4   13:50   7.3    6:50   8.9   0.0   0.2  21.6  53.1   16:30     S
21  11.6  16.5   16:00   8.4    0:10   6.7   0.0   1.4  16.3  40.2   15:50   SSW
22  11.9  14.3   18:10  10.2    0:10   6.4   0.0   7.4   5.6  37.0   14:40   SSW
23  13.1  17.3   15:30   9.8    5:20   5.2   0.0   0.0   6.9  25.7   15:20    SW
24  13.4  17.5   13:50  10.8    6:10   4.9   0.0   0.0  10.0  33.8   15:50    SW
25  13.9  16.6   14:20  12.0   23:10   4.4   0.0   0.0  10.1  32.2   16:20   SSW
26  11.8  13.3    1:00   9.9    7:00   6.5   0.0  15.0  11.6  38.6   13:50    NE
27  12.1  16.4   15:20  10.6    1:50   6.2   0.0  11.0  10.5  35.4    0:30    NE
28  11.9  14.3   16:30  10.4    4:40   6.4   0.0   0.4  14.5  38.6   17:00   SSW
29  10.8  12.8   10:40   8.7   22:50   7.5   0.0  12.0  10.6  33.8   22:20   SSW
30  11.0  15.0   17:10   8.8    6:20   7.3   0.0   0.0  11.4  35.4    1:30    NE
31  12.9  18.1   17:10   7.9    5:50   5.4   0.0   0.0  11.1  33.8    8:20    NE
-------------------------------------------------------------------------------------
    10.0  18.1    31     0.9     6   258.8   0.0 131.2  16.2  90.1     9     SSW

Max >=  32.0:  0
Max <=   0.0:  0
Min <=   0.0:  0
Min <= -18.0:  0
Max Rain: 29.59 ON 19/05/19
Days of Rain: 17 (> .2 mm) 10 (> 2 mm) 2 (> 20 mm)
Heat Base:  18.3  Cool Base:  18.3  Method: Integration