NOAA-style Climate Reports

Select a Year or Month report

Report for 2019 Jun
                   MONTHLY CLIMATOLOGICAL SUMMARY for JUN. 2019

NAME: Vado la Lepre   CITY: Castelnuovo V.C.   STATE: Italia 
ELEV:   800 m  LAT: 43.2068 N  LONG: 10.8773 E

                   TEMPERATURE (C), RAIN  (mm), WIND SPEED (km/hr)

                                      HEAT  COOL        AVG
    MEAN                              DEG   DEG         WIND                 DOM
DAY TEMP  HIGH   TIME   LOW    TIME   DAYS  DAYS  RAIN  SPEED HIGH   TIME    DIR
------------------------------------------------------------------------------------
 1  15.8  19.7   17:50  11.6    2:00   2.7   0.2   0.0  10.1  35.4   13:30    NE
 2  17.9  22.6   15:40  14.2    2:20   1.4   1.0   0.0   8.9  24.1    0:10     N
 3  16.8  20.2   14:40  14.3   21:30   1.7   0.3   0.0  11.9  35.4   17:10    SW
 4  16.8  20.7   15:40  13.8    6:50   1.9   0.4   0.0  10.8  27.4    7:50    SW
 5  17.6  20.9   13:50  14.7   22:50   1.2   0.4   0.0  21.4  51.5   20:50     S
 6  15.3  18.6   15:40  12.8    5:40   2.9   0.0   0.0  23.8  61.2    8:40     S
 7  16.6  20.5   15:30  13.4    5:00   2.0   0.3   0.0  19.8  57.9   16:50     S
 8  19.1  24.2   17:50  14.8    1:40   1.0   1.8   0.0  15.3  51.5    3:50     S
 9  22.2  25.9   12:00  18.4    5:10   0.0   3.9   0.0  20.9  64.4   23:00   SSE
10  22.3  26.9   12:40  18.0   00:00   0.0   4.0   0.0  31.2  61.2    0:40     S
11  18.7  22.2   15:50  14.7    3:40   0.6   1.0   0.0  17.9  53.1   22:30     S
12  16.8  21.4   14:30  13.8   21:20   1.9   0.4   0.0  13.2  51.5    0:10     S
13  18.8  24.2   16:00  13.1    2:40   1.4   2.0   0.0  10.0  30.6   17:00     S
14  22.9  26.0   12:40  20.4   21:00   0.0   4.7   0.0  27.5  69.2   18:30     S
15  18.2  23.2    0:10  15.3   00:00   0.9   0.8   0.0  11.1  61.2    0:10     W
16  17.5  21.9   16:10  12.3    5:30   1.7   0.9   0.0   8.0  25.7   14:20    NW
17  20.2  25.2   15:40  15.8    5:30   0.5   2.4   0.0   8.7  24.1   21:20    NE
18  20.9  25.8   15:20  17.5    2:10   0.1   2.7   0.0   7.9  24.1   17:20   ENE
19  21.0  24.7   15:00  18.8   21:00   0.0   2.7   0.0   6.9  27.4   17:30    SW
20  19.9  24.2   13:50  17.3   21:00   0.1   1.7   0.0  15.1  38.6   17:50   SSW
21  20.4  24.0   15:00  18.2    1:00   0.0   2.1   0.0  21.2  49.9   23:30     S
22  19.7  22.1   17:20  17.2   21:40   0.1   1.5   1.2  21.2  51.5   12:30   SSW
23  19.3  23.7   17:00  15.1    2:50   0.7   1.8   0.0   6.9  27.4   15:20   NNE
24  22.0  27.6   18:20  17.2    2:40   0.1   3.8   0.0  10.0  35.4    8:50    NE
25  23.2  28.5   16:20  18.7    3:40   0.0   4.9   0.0  13.7  41.8    6:30     N
26  24.1  29.4   16:30  19.3    5:50   0.0   5.8   0.0  10.6  27.4    9:10     N
27  26.1  31.5   15:20  21.2    3:00   0.0   7.8   0.0   8.2  25.7    3:40     N
28  26.1  30.3   14:40  22.7    5:40   0.0   7.8   0.0   9.0  25.7    5:00   NNW
29  25.2  28.4   15:10  21.6    5:10   0.0   6.9   0.0  10.0  35.4    6:30    NE
30  23.8  29.6   16:00  20.4    5:50   0.0   5.5   0.0  10.8  35.4   10:10     S
-------------------------------------------------------------------------------------
    20.2  31.5    27    11.6     1    23.0  79.4   1.2  14.1  69.2    14       S

Max >=  32.0:  0
Max <=   0.0:  0
Min <=   0.0:  0
Min <= -18.0:  0
Max Rain: 1.19 ON 22/06/19
Days of Rain: 1 (> .2 mm) 0 (> 2 mm) 0 (> 20 mm)
Heat Base:  18.3  Cool Base:  18.3  Method: Integration