NOAA-style Climate Reports

Select a Year or Month report

Report for 2019 Jul
                   MONTHLY CLIMATOLOGICAL SUMMARY for JUL. 2019

NAME: Vado la Lepre   CITY: Castelnuovo V.C.   STATE: Italia 
ELEV:   800 m  LAT: 43.2068 N  LONG: 10.8773 E

                   TEMPERATURE (C), RAIN  (mm), WIND SPEED (km/hr)

                                      HEAT  COOL        AVG
    MEAN                              DEG   DEG         WIND                 DOM
DAY TEMP  HIGH   TIME   LOW    TIME   DAYS  DAYS  RAIN  SPEED HIGH   TIME    DIR
------------------------------------------------------------------------------------
 1  24.5  27.9   13:20  21.6   21:10   0.0   6.2   0.0  11.4  35.4   17:00     S
 2  24.2  28.6   14:50  20.6    3:50   0.0   5.9   0.0   8.9  30.6   17:10     S
 3  24.4  28.3   13:40  20.2   00:00   0.0   6.1   0.0  10.8  38.6   15:10   SSW
 4  23.0  27.5   15:00  18.2    2:20   0.0   4.7   0.0  10.3  32.2   15:40   SSW
 5  23.2  28.2   14:50  20.0   23:10   0.0   4.9   0.0  12.9  33.8   18:30   SSW
 6  22.8  27.3   15:10  19.1   22:50   0.0   4.5   0.0  14.8  38.6   15:50   SSW
 7  21.4  26.2   15:30  17.9    0:50   0.0   3.1   0.0  12.4  46.7   12:20   SSW
 8  21.7  26.2   14:20  15.6    7:10   0.0   3.5   6.8  16.6  38.6    7:10    SW
 9  22.4  27.2   15:10  20.2    1:30   0.0   4.1   0.0  22.0  46.7   15:10   SSW
10  20.4  23.7   13:30  16.4   23:30   0.1   2.2   8.6  14.3  48.3    0:10    NE
11  19.7  24.1   15:40  15.4    5:40   0.7   2.0   0.0   9.8  38.6    2:10    NE
12  20.1  24.3   16:50  17.9   22:50   0.0   1.8   0.0  11.1  40.2   16:00   SSW
13  20.3  25.1   15:50  17.2    5:50   0.1   2.1   0.0  10.3  32.2   23:30   SSW
14  20.4  25.4   15:40  16.1    5:50   0.3   2.5   0.0  11.1  32.2   18:30    NE
15  14.9  19.4    0:20  12.4    9:30   3.6   0.2   8.6  19.2  45.1   19:10   NNE
16  17.1  22.2   14:50  12.1    3:50   2.3   1.0   0.8  18.0  51.5    5:40     N
17  19.6  25.3   15:20  15.3    5:40   0.7   2.0   0.0   9.3  30.6   17:20     N
18  20.3  24.8   15:50  16.7    0:40   0.2   2.2   0.0   7.2  24.1   10:50   SSW
19  21.4  25.8   15:10  18.4    4:00   0.0   3.1   0.0  10.6  40.2   16:30     S
20  21.9  25.9   14:00  18.6    4:00   0.0   3.6   0.0  13.2  37.0   16:30     S
21  22.6  26.8   14:00  19.4    6:20   0.0   4.2   0.0   9.3  35.4   16:10   SSW
22  24.1  29.0   14:30  19.8    1:50   0.0   5.7   0.0   6.4  20.9   17:50   NNE
23  25.6  31.1   17:30  21.6    6:10   0.0   7.2   0.0  10.0  32.2   10:10   ENE
24  26.3  31.8   15:00  23.2    5:50   0.0   8.0   0.0   9.5  33.8   16:20   ENE
25  26.6  31.3   12:40  23.6   20:50   0.0   8.3   0.0  12.1  41.8   16:10   SSW
26  24.7  28.4   13:30  20.9   22:20   0.0   6.4   0.0  20.9  53.1   16:20   SSW
27  19.9  24.5   14:20  14.7   20:10   0.7   2.3  52.6  25.3  61.2   14:40     S
28  15.9  19.2    1:40  12.7    5:00   2.4   0.0  45.4  17.9  46.7    4:30    SW
29  17.9  22.7   15:20  14.8   22:50   1.3   0.9   0.0  10.8  48.3    1:50     W
30  18.5  23.9   13:30  14.9    0:50   1.1   1.4   0.2   7.9  24.1   17:00    SW
31  20.2  24.5   14:50  17.1    2:00   0.3   1.6   0.0  11.7  33.8   12:00    SW
-------------------------------------------------------------------------------------
    21.5  31.8    24    12.1    16    13.9 111.9 123.0  12.8  61.2    27     SSW

Max >=  32.0:  0
Max <=   0.0:  0
Min <=   0.0:  0
Min <= -18.0:  0
Max Rain: 52.60 ON 27/07/19
Days of Rain: 7 (> .2 mm) 5 (> 2 mm) 2 (> 20 mm)
Heat Base:  18.3  Cool Base:  18.3  Method: Integration