NOAA-style Climate Reports

Select a Year or Month report

Report for 2019 Aug
                   MONTHLY CLIMATOLOGICAL SUMMARY for AUG. 2019

NAME: Vado la Lepre   CITY: Castelnuovo V.C.   STATE: Italia 
ELEV:   800 m  LAT: 43.2068 N  LONG: 10.8773 E

                   TEMPERATURE (C), RAIN  (mm), WIND SPEED (km/hr)

                                      HEAT  COOL        AVG
    MEAN                              DEG   DEG         WIND                 DOM
DAY TEMP  HIGH   TIME   LOW    TIME   DAYS  DAYS  RAIN  SPEED HIGH   TIME    DIR
------------------------------------------------------------------------------------
 1  21.9  26.6   15:10  17.2    2:10   0.1   3.6   0.0  12.4  38.6   23:30   SSW
 2  21.1  24.6   15:20  17.3   23:30   0.0   2.8   0.0  24.9  49.9    5:00   SSW
 3  20.9  26.6   16:30  16.2    5:20   0.3   2.9   0.0   7.2  32.2    8:30    NE
 4  22.3  27.3   15:20  18.7    0:10   0.0   4.0   0.0   6.8  30.6   18:00    SW
 5  21.9  25.3   15:50  19.9    4:30   0.0   3.6   0.0  11.4  35.4   16:50   SSW
 6  21.8  25.2   13:50  19.6    7:20   0.0   3.5   0.0  19.3  51.5   21:50     S
 7  21.5  23.8   12:50  18.9   23:10   0.0   3.2   0.0  32.8  57.9   11:30     S
 8  21.2  25.1   15:20  18.8    6:00   0.0   2.9   0.2  11.6  48.3    0:10    SW
 9  23.0  28.0   14:50  18.2    4:00   0.0   4.7   0.0   6.1  24.1   16:20    SW
10  24.8  28.6   15:20  22.3    4:50   0.0   6.5   0.0   9.0  29.0   14:40    SW
11  25.7  28.8   16:10  22.2    3:50   0.0   7.3   0.0  11.6  35.4   22:30   SSW
12  24.8  29.3   14:30  21.9    9:20   0.0   6.5   0.0  10.3  35.4    0:10     S
13  21.7  26.2   13:50  16.9   23:30   0.1   3.5   0.0   8.0  27.4   21:40     W
14  18.9  23.3   16:00  15.8    2:40   0.8   1.4   0.2   7.4  30.6    2:00   WSW
15  19.0  24.3   13:40  14.5    5:00   1.0   1.7   0.0   9.8  33.8   23:00    SW
16  19.7  25.7   15:00  15.7    6:00   0.8   2.2   0.0   8.0  32.2    0:10    NE
17  20.4  24.6   13:40  17.4    6:30   0.1   2.1   0.0   5.8  32.2   15:10    SW
18  21.1  24.9   14:30  17.4    2:10   0.1   2.9   0.0  10.3  35.4   15:50   SSW
19  22.6  25.7   14:40  20.4    1:40   0.0   4.3   0.0  12.6  33.8   15:50   SSW
20  24.3  27.7   15:50  21.2   22:00   0.0   6.0   0.0   9.8  35.4   16:50   SSW
21  24.1  28.3   16:20  21.7   22:50   0.0   5.8   0.0   4.2  27.4   14:30   SSW
22  22.1  26.8   13:30  18.3   22:00   0.0   3.8   4.4   6.4  40.2   19:40   ENE
23  19.0  21.8   12:10  17.2   22:40   0.1   0.8   1.6  10.6  37.0    8:40    NE
24  19.7  24.2   14:10  16.3    7:50   0.3   1.6   0.4  10.3  46.7    9:30    NE
25  20.8  26.1   16:00  17.1   17:30   0.0   2.6   9.8   5.5  33.8   17:20    NE
26  21.4  26.4   14:50  18.2    6:50   0.0   3.2   0.0   5.0  27.4   12:00   NNE
27  22.5  26.1   17:20  19.8    0:50   0.0   4.2   0.0   5.8  33.8   14:40    NE
28  22.2  25.1   16:40  19.3   23:10   0.0   3.8   0.0   7.6  37.0   14:40   SSE
29  22.2  26.9   15:30  18.6    5:00   0.0   3.9   0.0   4.8  27.4   16:00   SSE
30  22.5  28.2   15:00  19.1   16:10   0.0   4.2   1.2   4.8  29.0   16:00     N
31  22.2  25.9   11:50  19.3   19:50   0.0   3.9   3.8   4.8  33.8   14:40    NE
-------------------------------------------------------------------------------------
    21.8  29.3    12    14.5    15     3.6 113.5  21.6   9.8  57.9     7     SSW

Max >=  32.0:  0
Max <=   0.0:  0
Min <=   0.0:  0
Min <= -18.0:  0
Max Rain: 9.80 ON 25/08/19
Days of Rain: 8 (> .2 mm) 3 (> 2 mm) 0 (> 20 mm)
Heat Base:  18.3  Cool Base:  18.3  Method: Integration