NOAA-style Climate Reports

Select a Year or Month report

Report for 2019 Nov
                   MONTHLY CLIMATOLOGICAL SUMMARY for NOV. 2019

NAME: Vado la Lepre   CITY: Castelnuovo V.C.   STATE: Italia 
ELEV:   800 m  LAT: 43.2068 N  LONG: 10.8773 E

                   TEMPERATURE (C), RAIN  (mm), WIND SPEED (km/hr)

                                      HEAT  COOL        AVG
    MEAN                              DEG   DEG         WIND                 DOM
DAY TEMP  HIGH   TIME   LOW    TIME   DAYS  DAYS  RAIN  SPEED HIGH   TIME    DIR
------------------------------------------------------------------------------------
 1  10.4  12.4   15:40   8.3    7:40   7.9   0.0   0.2  12.6  33.8    7:40   NNE
 2  11.5  13.4   00:00  10.6    8:00   6.8   0.0   6.6  32.5  77.2   20:10     S
 3  12.1  13.7   10:40   9.1   23:50   6.2   0.0  13.8  40.9 104.6   12:40   SSW
 4  11.3  14.3   15:00   9.1    0:10   6.9   0.0   3.2  36.4  78.9    1:00   SSW
 5  11.2  13.2    0:20   8.1   20:10   7.1   0.0  48.8  41.5  96.6   10:10   SSW
 6   8.6  10.3   14:50   6.7    8:40   9.7   0.0   3.4  15.6  49.9   00:00    SW
 7   8.8  11.7   13:10   6.4    2:40   9.5   0.0   1.6  23.7  61.2    0:20    SW
 8   7.7  10.6   13:50   3.9   23:50  10.6   0.0  25.8  19.5  75.6    4:20   SSW
 9   5.8   9.3   10:50   3.9    0:10  11.6   0.0   9.8  11.4  38.6   17:00   SSW
10   7.1  10.3   13:20   5.5    2:30  11.3   0.0   0.2   9.8  41.8   23:50   ENE
11   8.1  10.4   22:30   5.8    0:10  10.3   0.0   5.8  20.6  48.3   14:20     E
12   7.3   9.1    0:10   6.3   19:50  10.8   0.0  20.2  14.8  40.2   15:00     N
13   7.2   8.7   15:00   6.3   11:00  11.1   0.0   1.0  14.6  43.5   10:20    SW
14   8.3  11.4   14:30   6.7    6:50   9.9   0.0   0.0  16.4  74.0   23:50     S
15   7.6   9.8    2:00   6.1   19:10  10.7   0.0  27.4  43.6  95.0    4:10   SSW
16   6.4   8.3   23:30   4.7   19:40  11.9   0.0  25.8  20.6  72.4    0:30   SSW
17   6.6  10.0    6:20   3.3   22:10  11.7   0.0  36.6  25.4  98.2    7:10    SW
18   6.9   8.6   22:40   4.8    1:40  11.3   0.0  11.4  29.8  90.1   21:00     S
19   8.4   9.3    9:30   6.7   15:20   9.9   0.0  17.4  29.8  70.8    3:10   ESE
20   7.9  10.5   11:20   6.7   17:00  10.4   0.0   1.2   7.2  27.4    0:10   SSW
21   6.9   8.8   13:00   5.8    5:10  11.4   0.0   0.6  23.8  53.1   17:20   SSE
22   8.0   9.6   14:50   6.4    0:10  10.3   0.0   0.2  27.2  66.0   23:10    SE
23   9.4  11.2   13:20   8.6    3:10   8.8   0.0  34.8  40.1  78.9   20:00    SE
24   8.3   9.7   13:50   7.6    7:10   9.9   0.0   7.0  17.7  64.4    0:50   ENE
25  10.2  13.1   13:10   8.7    0:50   8.1   0.0   0.6  15.4  45.1   11:50     N
26  10.7  13.1   11:50   8.5   21:20   7.6   0.0   0.0   3.1  19.3   19:50   WSW
27   9.2  10.9   17:40   7.8   22:00   9.1   0.0   7.8  23.8  80.5   15:40   SSW
28   8.8  10.2   14:40   7.8   21:10   9.5   0.0   4.0  21.7  64.4   17:00    SW
29   8.9  10.4   13:00   7.7   23:50   9.4   0.0   0.2  21.2  64.4    0:10    SW
30   8.2  11.3   13:20   6.6   21:40  10.1   0.0   0.2   6.6  27.4    0:20   WSW
-------------------------------------------------------------------------------------
     8.6  14.3     4     3.3    17   289.9   0.0 315.6  22.2 104.6     3      SW

Max >=  32.0:  0
Max <=   0.0:  0
Min <=   0.0:  0
Min <= -18.0:  0
Max Rain: 48.79 ON 05/11/19
Days of Rain: 28 (> .2 mm) 18 (> 2 mm) 7 (> 20 mm)
Heat Base:  18.3  Cool Base:  18.3  Method: Integration