NOAA-style Climate Reports

Select a Year or Month report

Report for 2020 Jan
                   MONTHLY CLIMATOLOGICAL SUMMARY for JAN. 2020

NAME: Vado la Lepre   CITY: Castelnuovo V.C.   STATE: Italia 
ELEV:   800 m  LAT: 43.2068 N  LONG: 10.8773 E

                   TEMPERATURE (C), RAIN  (mm), WIND SPEED (km/hr)

                                      HEAT  COOL        AVG
    MEAN                              DEG   DEG         WIND                 DOM
DAY TEMP  HIGH   TIME   LOW    TIME   DAYS  DAYS  RAIN  SPEED HIGH   TIME    DIR
------------------------------------------------------------------------------------
 1   7.1  10.7   15:50   3.7    5:40  10.4   0.0   0.0   8.5  22.5    8:30   NNE
 2   8.1  12.1   12:40   4.6   20:50  10.2   0.0   0.0   7.1  20.9    1:30   ENE
 3   5.8   6.9   14:20   4.6    4:40  12.4   0.0   0.2  10.5  30.6   21:30   WSW
 4   6.6   8.6   14:40   5.5   19:40  11.7   0.0   0.6   8.4  33.8    0:30   WSW
 5   5.6   8.4   12:40   2.1   00:00  12.8   0.0   0.2  12.4  38.6    9:40   ENE
 6   3.3   5.3   22:40   1.0    5:50  15.0   0.0   0.0  14.5  33.8   13:20    NE
 7   4.7   6.8   11:30   1.2   23:20  13.5   0.0   0.0   7.7  29.0   20:00    NE
 8   5.3   8.4   13:50   1.2    1:40  13.0   0.0   0.0  14.2  43.5    7:40    NE
 9   6.7   9.7   13:30   4.2   19:50  11.6   0.0   0.0  11.6  35.4   23:10    SW
10   6.1   9.4   14:00   4.5    2:40  12.2   0.0   0.2  13.7  33.8    0:10   SSW
11   5.4   7.9   13:20   2.7   22:30  12.9   0.0   0.0  10.9  40.2   20:50    NE
12   3.9   7.2   14:20   1.4    6:20  14.3   0.0   0.0  14.2  41.8    0:10    NE
13   4.4   8.0   14:40   2.6    4:20  13.8   0.0   0.0   8.7  22.5   10:40    SW
14   4.7   6.6   12:20   3.4    1:10  13.6   0.0   0.2  16.1  29.0   11:40   SSW
15   5.6   7.4   13:30   4.7    8:03  12.9   0.0   0.2  17.1  29.0   11:30   SSW
16   5.7   7.9   11:50   4.4    3:00  12.6   0.0   0.2   6.1  22.5    4:20    NE
17   5.2   6.2   00:00   3.8    7:00  13.1   0.0   1.6  15.4  61.2   00:00    SW
18   4.1   6.4    1:20   1.1   00:00  14.2   0.0  16.6  13.2  62.8    0:20   ENE
19   2.1   4.2   14:50   0.6    7:40  16.2   0.0   0.4  21.6  51.5   23:50    NE
20   1.7   3.9   13:00   0.3   23:40  16.6   0.0   0.0  29.5  54.7    2:50    NE
21   3.2   8.6   21:30  -0.3    4:00  15.1   0.0   0.0  18.2  46.7    1:30    NE
22   8.0  11.3   14:40   6.4    2:10  10.3   0.0   0.0  12.4  27.4   15:00   SSE
23   7.7  10.4   11:20   6.4   21:30  10.6   0.0   0.0   5.6  17.7    1:50   ENE
24   6.4   8.4   13:10   4.8    5:30  11.9   0.0   3.4  19.2  53.1   20:10   SSE
25   6.6   8.0   15:30   5.8    7:30  11.7   0.0  14.8  20.1  54.7    2:50    SW
26   6.6   9.8   14:00   5.0   22:00  11.8   0.0   0.0   7.9  22.5    4:30   WSW
27   5.8   7.2   16:30   4.9    6:10  12.5   0.0   0.6  18.8  35.4   16:10   WSW
28   7.3  10.4   14:40   5.2    1:10  11.0   0.0   0.2  37.5  77.2   16:00   WSW
29   6.1   6.8    0:10   5.3   11:00  12.2   0.0   0.2  31.9  74.0    5:50   WSW
30   7.0  10.1   14:50   5.4    3:30  11.3   0.0   0.0  15.3  43.5   23:00   WSW
31   8.1   8.6   14:50   6.4    1:30  10.2   0.0   0.2  26.4  51.5    3:40    SW
-------------------------------------------------------------------------------------
     5.6  12.1     2    -0.3    21   391.5   0.0  39.9  15.3  77.2    28      NE

Max >=  32.0:  0
Max <=   0.0:  0
Min <=   0.0:  1
Min <= -18.0:  0
Max Rain: 16.61 ON 18/01/20
Days of Rain: 16 (> .2 mm) 3 (> 2 mm) 0 (> 20 mm)
Heat Base:  18.3  Cool Base:  18.3  Method: Integration