NOAA-style Climate Reports

Select a Year or Month report

Report for 2020 Feb
                   MONTHLY CLIMATOLOGICAL SUMMARY for FEB. 2020

NAME: Vado la Lepre   CITY: Castelnuovo V.C.   STATE: Italia 
ELEV:   800 m  LAT: 43.2068 N  LONG: 10.8773 E

                   TEMPERATURE (C), RAIN  (mm), WIND SPEED (km/hr)

                                      HEAT  COOL        AVG
    MEAN                              DEG   DEG         WIND                 DOM
DAY TEMP  HIGH   TIME   LOW    TIME   DAYS  DAYS  RAIN  SPEED HIGH   TIME    DIR
------------------------------------------------------------------------------------
 1   8.2   8.6   14:40   7.8    4:20  10.1   0.0   1.0  24.8  48.3   12:20    SW
 2   8.6  10.2   14:30   7.5    5:20   9.7   0.0   0.0  11.9  32.2   22:20    SW
 3   9.9  12.1   15:20   8.2    7:50   8.3   0.0   0.2  21.4  45.1   14:10   WSW
 4   7.9  12.3   10:10   2.5   00:00  10.4   0.0   0.0  33.8  82.1    8:20   WSW
 5   4.0   7.3   13:00   1.8    3:00  14.3   0.0   0.0  18.5  53.1   15:50   NNE
 6   2.9   6.4   13:00  -0.5    7:30  15.4   0.0   0.0  17.2  53.1   10:20    NE
 7   5.4   9.1   14:10   3.1    5:40  12.8   0.0   0.0   6.3  27.4   13:10    SW
 8   5.7  10.1   14:00   3.2    4:30  12.6   0.0   0.0   7.4  22.5   15:30   NNE
 9   5.6   7.6   12:40   3.3    3:50  12.7   0.0   0.0  24.9  53.1   21:30    SW
10   8.3  11.4   16:40   6.2    9:10  10.0   0.0   0.2  36.9  86.9   23:30    SW
11   8.8   9.9    9:50   7.2   00:00   9.5   0.0   0.0  43.6  85.3    8:30   WSW
12   6.9  11.0   13:30   4.6   19:10  11.4   0.0   0.0  20.6  51.5    0:10   WSW
13   6.4   9.6   13:30   4.3    6:50  11.8   0.0   0.0  16.6  64.4   23:00   WSW
14   7.6  11.5   13:40   5.6    1:20  10.7   0.0   1.2  18.5  80.5    2:00    NE
15   9.0  12.8   14:00   6.4    2:10   9.3   0.0   0.0   5.0  17.7    5:50    NE
16   8.7  12.0   14:40   6.8    5:00   9.6   0.0   0.0   8.2  29.0   14:00   WSW
17   6.8   8.9   12:30   5.2    7:20  11.5   0.0   0.0  15.6  41.8   17:20    SW
18   7.9  11.6   14:30   6.0    2:10  10.4   0.0   0.0   7.6  24.1    0:20    SW
19   5.5   6.3    0:10   4.2   20:50  12.8   0.0   4.6   9.7  32.2   17:00     W
20   6.2   9.9   14:40   2.3    6:00  12.1   0.0   0.0   9.5  43.5    9:00   ENE
21   6.3   9.9   14:20   4.8    3:40  12.0   0.0   0.0   9.5  27.4    5:30    NE
22   8.6  13.1   12:30   5.3    0:10   9.7   0.0   0.2   7.6  30.6   14:10    SW
23   6.7   8.6   13:20   5.6    5:40  11.7   0.0   0.0  13.2  35.4    3:10   WSW
24   9.1  13.6   14:40   6.0    0:40   9.2   0.0   0.0   6.9  30.6   22:50   WSW
25   7.6  10.8   13:20   6.4    1:00  10.7   0.0   0.2  33.0  61.2   21:10   SSW
26   5.1   7.3    3:30   1.8   17:30  13.2   0.0   1.6  36.9  88.5   14:30   WSW
27   3.8   7.4   13:10   1.5    5:10  14.5   0.0   4.4  27.2  77.2   23:50   WSW
28   6.6   9.1   14:50   2.4    7:10  11.7   0.0   5.0  15.3  78.9    0:50   ENE
29   6.6   8.8   13:50   4.9    8:40  11.7   0.0   0.0  32.7  69.2   23:50   SSW
-------------------------------------------------------------------------------------
     6.9  13.6    24    -0.5     6   329.7   0.0  18.6  18.6  88.5    26      SW

Max >=  32.0:  0
Max <=   0.0:  0
Min <=   0.0:  1
Min <= -18.0:  0
Max Rain: 5.00 ON 28/02/20
Days of Rain: 10 (> .2 mm) 3 (> 2 mm) 0 (> 20 mm)
Heat Base:  18.3  Cool Base:  18.3  Method: Integration