NOAA-style Climate Reports

Select a Year or Month report

Report for 2020 Mar
                   MONTHLY CLIMATOLOGICAL SUMMARY for MAR. 2020

NAME: Vado la Lepre   CITY: Castelnuovo V.C.   STATE: Italia 
ELEV:   800 m  LAT: 43.2068 N  LONG: 10.8773 E

                   TEMPERATURE (C), RAIN  (mm), WIND SPEED (km/hr)

                                      HEAT  COOL        AVG
    MEAN                              DEG   DEG         WIND                 DOM
DAY TEMP  HIGH   TIME   LOW    TIME   DAYS  DAYS  RAIN  SPEED HIGH   TIME    DIR
------------------------------------------------------------------------------------
 1   7.3   8.5   15:00   5.7   23:50  11.0   0.0   9.4  43.1  78.9    2:50   SSW
 2   6.9   8.7   18:50   4.4   00:00  11.3   0.0  35.2  48.1 103.0   13:20   WSW
 3   4.0   5.6   16:00   1.7   12:00  14.3   0.0   6.8  26.6  62.8    0:10   WSW
 4   4.8   8.5   14:40   2.7    7:00  13.5   0.0   0.0   7.9  29.0   10:20   ENE
 5   5.6   8.7   00:00   3.6    1:10  12.7   0.0   6.8  26.7  96.6   23:00   SSW
 6   5.2   8.9    0:30   2.4   21:40  13.1   0.0   6.6  32.0  98.2    0:30   WSW
 7   4.1   6.7   14:30   1.9    6:40  14.2   0.0   0.2  12.7  43.5   15:00    NE
 8   5.2   9.3   14:40   1.6    6:40  13.1   0.0   0.0  10.3  46.7    2:40    NE
 9   5.2   8.5   15:30   2.7   00:00  13.1   0.0   0.0  10.6  35.4   21:40    NE
10   6.6  12.2   13:10   1.8    1:50  11.7   0.0   0.0  10.0  38.6    2:40    NE
11   9.0  13.5   14:40   5.1    3:50   9.3   0.0   0.0  16.1  40.2   23:10    SW
12   7.6   9.4   17:10   5.9    4:10  10.7   0.0   0.0  22.0  43.5    0:50   SSW
13   8.4  11.1   15:50   6.9    1:20   9.9   0.0   0.0  12.4  33.8    2:50    SW
14   7.9  10.3   13:30   4.5   00:00  10.4   0.0   0.2   5.5  32.2   21:40     E
15   5.8  10.8   14:30   1.9    6:40  12.5   0.0   0.0  20.8  49.9    9:00    NE
16   8.0  12.8   12:40   3.6    1:50  10.3   0.0   0.0  11.7  35.4    0:10   SSE
17   9.8  14.2   13:10   6.9    1:40   8.5   0.0   0.0   8.7  32.2   13:00   SSE
18  10.8  15.7   14:50   7.7    2:10   7.5   0.0   0.0  10.0  38.6   22:00    NE
19  11.4  15.4   12:40   8.4    3:20   6.9   0.0   0.0  12.2  35.4    1:10   ENE
20   9.9  12.4   12:40   8.1   18:50   8.3   0.0   0.0  11.1  33.8   12:10    SW
21   9.4  13.8   12:50   7.4    7:00   8.9   0.0   0.0   9.7  37.0   13:50    SW
22   8.9  13.7   14:50   2.9   00:00   9.4   0.0   0.0  15.4  53.1   22:10    NE
23   0.8   4.3   14:10  -2.7   00:00  17.5   0.0   0.0  25.3  56.3    3:00    NE
24  -0.4   3.9   12:40  -3.6    2:10  18.7   0.0   0.0  16.3  54.7   23:30    NE
25  -1.4   1.7   12:20  -3.7    0:50  19.8   0.0   0.0  22.5  61.2   18:30    NE
26  -0.9   1.3   00:00  -2.7    6:40  19.2   0.0   1.0  29.8  57.9   12:50   NNE
27   3.2   6.9   14:30   0.9    4:20  14.8   0.0   0.4  25.3  51.5    5:40   NNE
28   6.7  12.6   13:30   2.6    4:30  11.6   0.0   0.2  13.2  37.0    5:40    NE
29   8.6  12.6   13:40   6.2    3:20   9.4   0.0   1.4   6.3  48.3   17:00   NNE
30   8.4  11.8   16:40   6.3    6:10   9.9   0.0   4.6   2.9  14.5   16:20     N
31   2.4   7.3    0:20  -1.5   23:20  15.9   0.0   5.8  18.8  46.7   16:10    NE
-------------------------------------------------------------------------------------
     6.1  15.7    18    -3.7    25   377.6   0.0  78.6  17.5 103.0     2      NE

Max >=  32.0:  0
Max <=   0.0:  0
Min <=   0.0:  5
Min <= -18.0:  0
Max Rain: 35.20 ON 02/03/20
Days of Rain: 13 (> .2 mm) 7 (> 2 mm) 1 (> 20 mm)
Heat Base:  18.3  Cool Base:  18.3  Method: Integration