NOAA-style Climate Reports

Select a Year or Month report

Report for 2020 Apr
                   MONTHLY CLIMATOLOGICAL SUMMARY for APR. 2020

NAME: Vado la Lepre   CITY: Castelnuovo V.C.   STATE: Italia 
ELEV:   800 m  LAT: 43.2068 N  LONG: 10.8773 E

                   TEMPERATURE (C), RAIN  (mm), WIND SPEED (km/hr)

                                      HEAT  COOL        AVG
    MEAN                              DEG   DEG         WIND                 DOM
DAY TEMP  HIGH   TIME   LOW    TIME   DAYS  DAYS  RAIN  SPEED HIGH   TIME    DIR
------------------------------------------------------------------------------------
 1   1.7   6.7   17:00  -2.0    7:00  16.6   0.0   0.0  14.8  45.1    0:40    NE
 2   3.6  10.8   15:30  -1.1    2:40  14.7   0.0   0.0  15.0  45.1    4:30    NE
 3   7.6  12.7   17:00   3.6    6:50  10.7   0.0   0.0   6.3  22.5   12:40    NE
 4   8.4  14.2   14:40   3.7    6:20   9.9   0.0   0.0  15.3  45.1   11:50    NE
 5   8.9  14.0   15:00   4.4    6:50   9.4   0.0   0.0  15.0  45.1   18:50    NE
 6  11.2  17.2   16:30   6.5    6:40   7.2   0.0   0.0  15.6  37.0   11:40    NE
 7  12.2  17.5   16:40   7.7    5:50   6.1   0.0   0.0  12.6  37.0    6:40    NE
 8  12.3  17.8   15:30   8.8    6:50   6.0   0.0   0.0  12.2  37.0   17:10    NE
 9  12.6  17.3   16:20   9.1    4:30   5.8   0.0   0.0  10.1  30.6   16:50   ENE
10  14.2  18.7   15:20  10.9    6:20   4.1   0.0   0.0   7.1  24.1   15:40    NE
11  14.3  19.3   15:20  11.3   21:40   4.0   0.0   0.0   8.4  22.5    5:10     N
12  13.9  17.8   14:20  10.7    4:20   4.4   0.0   0.0  10.5  37.0   15:10    SW
13  11.0  14.5   14:00   6.6   21:50   7.3   0.0   1.0  18.7  56.3   17:40   SSW
14   9.4  15.3   15:40   5.2   00:00   8.9   0.0   0.6   8.4  43.5   00:00   ENE
15   7.9  13.7   16:00   1.3    6:20  10.4   0.0   0.0  13.5  49.9    2:20    NE
16  10.4  13.7   15:00   8.3   23:30   7.9   0.0   0.0  16.9  41.8   15:00    SW
17  10.6  15.8   15:50   7.0    2:30   7.7   0.0   0.0  16.9  32.2    0:10    SW
18  10.7  15.6   16:20   8.3    6:40   7.6   0.0   0.0  10.3  29.0    9:00    SW
19  12.8  16.7   12:40   8.7    7:10   5.5   0.0   1.6   9.3  35.4   16:30   SSW
20  10.7  12.2    4:00   8.8   23:30   7.6   0.0  25.2  15.1  40.2   23:40    NE
21   7.8   8.8    0:10   6.6   19:40  10.5   0.0   5.4  25.1  53.1   17:50    NE
22   7.2   8.6   11:40   5.8    5:50  11.1   0.0   6.8  24.0  51.5   12:30    NE
23  11.2  16.7   16:20   5.7    6:20   7.1   0.0   0.0  11.7  38.6    1:40    NE
24  12.5  17.1   14:10   9.2    5:30   5.8   0.0   0.0   9.7  29.0   14:30    SW
25  11.6  15.3   15:10   9.1   22:30   6.7   0.0   0.0  18.0  49.9   14:40   WSW
26  10.9  15.7   14:40   8.1    6:40   7.3   0.0   0.0  14.2  29.0   13:30   WSW
27  11.7  15.3   13:20   8.8   22:10   6.7   0.0   0.0  11.3  37.0   23:00    SW
28  10.4  11.8   12:00   8.9    0:10   7.9   0.0   7.2  29.3  69.2   12:40    SW
29  10.4  13.8   13:10   8.6   23:00   7.9   0.0   0.2  27.7  51.5    9:10   WSW
30  11.0  15.6   15:00   8.1    5:50   7.3   0.0   0.0  19.3  51.5   20:00   SSW
-------------------------------------------------------------------------------------
    10.3  19.3    11    -2.0     1   239.9   0.0  48.0  14.7  69.2    28      NE

Max >=  32.0:  0
Max <=   0.0:  0
Min <=   0.0:  2
Min <= -18.0:  0
Max Rain: 25.20 ON 20/04/20
Days of Rain: 8 (> .2 mm) 4 (> 2 mm) 1 (> 20 mm)
Heat Base:  18.3  Cool Base:  18.3  Method: Integration