NOAA-style Climate Reports

Select a Year or Month report

Report for 2020 May
                   MONTHLY CLIMATOLOGICAL SUMMARY for MAY. 2020

NAME: Vado la Lepre   CITY: Castelnuovo V.C.   STATE: Italia 
ELEV:   800 m  LAT: 43.2068 N  LONG: 10.8773 E

                   TEMPERATURE (C), RAIN  (mm), WIND SPEED (km/hr)

                                      HEAT  COOL        AVG
    MEAN                              DEG   DEG         WIND                 DOM
DAY TEMP  HIGH   TIME   LOW    TIME   DAYS  DAYS  RAIN  SPEED HIGH   TIME    DIR
------------------------------------------------------------------------------------
 1  12.1  15.3   16:30   9.2    5:10   6.2   0.0   0.2  27.0  57.9   00:00   WSW
 2  12.0  14.8   17:00  10.5    9:10   6.3   0.0   0.0  29.8  67.6    2:20   WSW
 3  14.2  19.4   15:10  10.7    7:50   4.2   0.1   0.0  14.3  49.9    0:40   ENE
 4  13.9  18.6   15:00   9.8    5:40   4.3   0.0   0.0  15.6  38.6   22:10    SW
 5  12.8  16.2   17:10  11.1    7:40   5.5   0.0   0.0  22.9  41.8    0:30    SW
 6  14.4  19.1   16:40  10.3   00:00   4.0   0.0   0.0   8.0  43.5   23:00   ENE
 7  13.7  18.7   15:20   8.6    5:50   4.6   0.0   0.0  12.1  46.7    2:10    NE
 8  15.3  18.3   14:10  12.3   20:40   3.0   0.0   0.0  14.5  41.8   23:20    SW
 9  13.4  17.9   15:00  11.1    6:40   4.8   0.0   0.0  29.5  53.1   21:20   SSW
10  13.8  17.4   13:50  11.3    0:20   4.5   0.0   0.0  24.5  59.5   23:50   SSW
11  12.1  14.7   13:50  10.1    3:00   6.2   0.0   2.0  29.9  67.6    1:20    SW
12  13.2  18.2   15:10  10.2    5:00   5.1   0.0   1.8  22.9  51.5   00:00   WSW
13  13.8  16.5   13:20  11.6    1:10   4.5   0.0   0.0  37.8  80.5   14:00   SSW
14  15.7  20.5   15:50  12.6    6:30   3.0   0.3   0.0  20.1  64.4   21:50   SSW
15  13.2  16.9   13:20  11.2    7:40   5.1   0.0   0.2  20.1  66.0    0:30    SW
16  15.0  19.3   15:00  11.9    0:10   3.3   0.0   0.0  13.4  48.3   15:00   ENE
17  17.2  20.2   17:30  14.4    6:00   1.4   0.3   0.0   9.8  41.8    1:20   ENE
18  14.7  17.4   12:40  12.5   23:30   3.6   0.0   1.6  15.0  43.5   20:30    NE
19  13.4  17.8   15:40  10.7   16:50   4.9   0.0  12.4  14.6  53.1   12:50    NE
20  12.5  15.3   16:40  10.7    1:20   5.8   0.0  16.4  18.7  53.1   17:30    NE
21  14.8  19.4   15:30   9.9    4:20   3.7   0.1   0.0  13.2  43.5   13:20    NE
22  17.6  21.4   14:50  13.4    1:00   1.6   0.8   0.0   8.9  27.4   23:50   ENE
23  17.4  20.9   15:00  14.8    1:20   1.5   0.6   0.0  15.0  40.2   13:50   WSW
24  17.6  21.3   16:10  13.8   23:50   1.3   0.6   0.0   7.9  30.6    2:10   ENE
25  16.2  21.3   16:30  11.7    5:30   2.5   0.5   0.0  11.1  38.6    4:40   ENE
26  15.9  19.6   15:10  11.8   00:00   2.4   0.1   0.0  10.3  35.4   22:10   ENE
27  13.7  18.1   15:50   9.8    5:40   4.7   0.0   0.0  11.3  40.2    3:50    NE
28  14.5  19.4   14:40  10.4    5:40   3.8   0.0   0.0   5.6  29.0   15:00    NE
29  10.4  13.3    3:50   7.2   23:50   7.8   0.0   2.2   8.9  29.0    7:50    NE
30  10.9  16.7   17:10   5.8    5:40   7.4   0.0   1.6   8.2  33.8    3:00    NE
31  13.7  18.2   14:30  10.2    4:50   4.6   0.0   0.2   6.0  24.1   17:00   ENE
-------------------------------------------------------------------------------------
    14.2  21.4    22     5.8    30   131.6   3.5  38.6  16.3  80.5    13      NE

Max >=  32.0:  0
Max <=   0.0:  0
Min <=   0.0:  0
Min <= -18.0:  0
Max Rain: 16.41 ON 20/05/20
Days of Rain: 10 (> .2 mm) 4 (> 2 mm) 0 (> 20 mm)
Heat Base:  18.3  Cool Base:  18.3  Method: Integration