NOAA-style Climate Reports

Select a Year or Month report

Report for 2020 Jun
                   MONTHLY CLIMATOLOGICAL SUMMARY for JUN. 2020

NAME: Vado la Lepre   CITY: Castelnuovo V.C.   STATE: Italia 
ELEV:   800 m  LAT: 43.2068 N  LONG: 10.8773 E

                   TEMPERATURE (C), RAIN  (mm), WIND SPEED (km/hr)

                                      HEAT  COOL        AVG
    MEAN                              DEG   DEG         WIND                 DOM
DAY TEMP  HIGH   TIME   LOW    TIME   DAYS  DAYS  RAIN  SPEED HIGH   TIME    DIR
------------------------------------------------------------------------------------
 1  14.8  19.4   18:20  10.8    5:00   3.5   0.1   0.0   5.8  25.7   11:50    NE
 2  16.0  21.1   14:00  12.5   00:00   2.7   0.4   0.0   7.9  35.4   14:10   ENE
 3  14.7  19.1   16:20  11.5    6:20   3.6   0.0   0.0  14.6  37.0   22:50    SW
 4  13.7  16.1   16:30  11.5   23:50   4.6   0.0  20.4  48.6  93.3   19:10   SSW
 5  13.3  17.4   13:30  10.9    6:20   5.0   0.0   6.4  17.4  48.3    0:40   WSW
 6  14.2  18.7   16:00  11.9    5:50   4.1   0.0   0.0   8.5  33.8   15:00    NE
 7  14.8  18.5   15:40  11.9    0:20   3.5   0.0   0.0  26.9  64.4   12:40   SSW
 8  14.2  17.6   16:10  11.1   23:20   4.1   0.0  13.8  12.6  48.3    0:50     W
 9  13.4  17.4   13:50  10.6    1:50   4.9   0.0   2.6   4.7  22.5    3:30   ENE
10  11.3  15.4   12:30   9.3   10:00   7.0   0.0  31.2   7.4  30.6    9:30   WSW
11  11.7  15.8   15:50   8.3    4:50   6.6   0.0  26.2  13.8  35.4    2:20   WSW
12  14.0  18.4   13:50  10.6    5:40   4.3   0.0   0.2  20.6  46.7   23:40   SSW
13  14.3  18.9   14:50  10.9   20:40   4.0   0.0  11.2  23.8  53.1   18:30    SW
14  12.7  16.2   16:50  10.3    2:00   5.7   0.0  10.6  19.8  57.9    8:10   WSW
15  14.8  18.9   13:30  11.9    0:10   3.5   0.0   0.2   8.9  32.2   18:40   WNW
16  15.5  19.9   13:00  12.5   00:00   2.9   0.1   0.0   6.9  27.4   20:40    NE
17  14.4  18.6   14:40  11.7    0:30   3.9   0.0   0.0  14.5  37.0   16:00   WSW
18  14.8  18.9   14:10  11.8    0:20   3.5   0.0   0.0  10.3  37.0   14:30   WSW
19  15.6  19.4   15:10  12.2   23:40   2.8   0.1   0.0  12.4  37.0   14:30   WSW
20  15.9  21.1   14:10  11.7    2:30   2.9   0.5   0.0   5.6  20.9    0:40    NE
21  17.7  21.6   13:20  13.9    1:50   1.3   0.6   0.8   4.8  29.0   20:20     N
22  20.3  24.4   14:10  16.7    5:50   0.2   2.2   0.0   3.9  17.7   14:10   ENE
23  21.4  25.3   13:30  18.1    5:40   0.0   3.1   0.0   5.3  22.5   15:40   ENE
24  21.7  25.2   12:50  18.9    6:00   0.0   3.4   0.0   7.7  32.2   14:30   WSW
25  20.4  23.4   15:00  18.6    7:00   0.0   2.1   0.0  17.1  32.2   15:50    SW
26  20.2  23.1   13:20  18.3    6:20   0.0   1.9   0.0  16.6  33.8   13:10   SSW
27  20.4  24.9   15:10  17.7    5:40   0.0   2.1   0.0  12.7  35.4   16:40   WSW
28  21.7  25.3   14:40  19.2    5:30   0.0   3.4   0.0   7.2  25.7   17:10   WSW
29  21.0  23.9   15:00  18.0    5:20   0.0   2.7   0.0  13.7  45.1   16:10   WSW
30  21.7  24.7   14:40  18.9   23:10   0.0   3.3   0.0   7.7  25.7   11:40   WSW
-------------------------------------------------------------------------------------
    16.3  25.3    23     8.3    11    84.7  26.1 123.5  12.9  93.3     4     WSW

Max >=  32.0:  0
Max <=   0.0:  0
Min <=   0.0:  0
Min <= -18.0:  0
Max Rain: 31.19 ON 10/06/20
Days of Rain: 11 (> .2 mm) 8 (> 2 mm) 3 (> 20 mm)
Heat Base:  18.3  Cool Base:  18.3  Method: Integration