NOAA-style Climate Reports

Select a Year or Month report

Report for 2020 Jul
                   MONTHLY CLIMATOLOGICAL SUMMARY for JUL. 2020

NAME: Vado la Lepre   CITY: Castelnuovo V.C.   STATE: Italia 
ELEV:   800 m  LAT: 43.2068 N  LONG: 10.8773 E

                   TEMPERATURE (C), RAIN  (mm), WIND SPEED (km/hr)

                                      HEAT  COOL        AVG
    MEAN                              DEG   DEG         WIND                 DOM
DAY TEMP  HIGH   TIME   LOW    TIME   DAYS  DAYS  RAIN  SPEED HIGH   TIME    DIR
------------------------------------------------------------------------------------
 1  20.8  24.8   14:50  18.0    4:20   0.0   2.5   0.0  10.5  29.0   16:30   WSW
 2  21.1  25.2   14:40  17.9   22:30   0.0   2.8   0.0  15.8  32.2   18:30   WSW
 3  19.8  24.2   15:00  13.8   23:50   0.4   1.8   3.8   9.2  29.0   10:20     W
 4  19.0  23.7   14:50  14.0    0:10   1.0   1.7   0.0  11.3  37.0    8:00    NE
 5  20.4  24.9   16:00  16.1    3:20   0.4   2.5   0.0   7.4  25.7   14:50    NE
 6  21.8  26.7   15:30  17.1    5:40   0.1   3.6   0.0   7.9  25.7    5:50    NE
 7  20.0  22.2   16:50  16.3   00:00   0.1   1.8   0.0  14.3  45.1   10:30    NE
 8  19.5  25.4   15:30  14.1    5:30   1.0   2.2   0.0  10.0  32.2    0:20    NE
 9  21.4  25.7   14:00  18.4    5:50   0.0   3.1   0.0   5.3  25.7   14:40    SW
10  21.4  25.8   15:10  18.3    3:40   0.0   3.1   0.0   8.0  25.7   15:40    SW
11  21.5  25.4   15:50  18.1    6:20   0.0   3.2   0.0   9.5  32.2   16:30    SW
12  20.6  25.3   15:30  16.5   00:00   0.2   2.5   0.0  11.7  40.2   22:30    NE
13  18.3  23.8   15:00  14.4    4:10   1.4   1.4   0.0  15.6  43.5    2:40    NE
14  17.5  22.8   17:20  12.3    3:50   1.9   1.1   0.0  11.7  37.0    0:50   NNE
15  19.1  22.7   15:50  16.5   23:30   0.3   1.1   0.0   9.2  32.2   13:10   WSW
16  18.0  22.5   17:10  15.3    5:30   0.9   0.7   0.0   6.1  24.1   17:20    SW
17  17.8  22.1   13:10  14.8    6:20   1.0   0.5   0.6   6.1  27.4   13:50    NE
18  17.5  22.2   16:30  14.2   10:30   1.6   0.7   0.0   9.8  37.0    8:20    NE
19  19.4  24.4   15:20  15.5    3:20   0.7   1.9   0.0   5.3  35.4   13:50    NE
20  20.0  24.1   14:10  16.8    2:20   0.3   2.0   0.0   9.0  32.2   17:00    SW
21  21.1  25.5   14:20  17.1    0:20   0.1   2.9   0.0   8.7  27.4   15:00    SW
22  21.2  25.6   15:10  17.6   23:40   0.0   2.9   0.0  12.1  32.2   13:50    SW
23  20.6  25.1   15:10  17.1    1:00   0.1   2.4   0.0  11.3  35.4   21:00    SW
24  20.3  25.2   14:50  15.6   00:00   0.2   2.2   0.0  13.0  53.1   17:00    SW
25  20.1  26.4   17:00  14.4    1:20   1.0   2.9   0.0   7.2  33.8    3:50    NE
26  21.7  25.2   14:10  18.9   21:00   0.0   3.4   0.0   6.8  29.0   15:00   WSW
27  23.0  27.6   14:10  19.7    0:40   0.0   4.7   0.0  10.1  32.2   15:10    SW
28  22.5  27.1   13:50  19.3    6:40   0.0   4.2   0.0  14.0  35.4   14:40    SW
29  24.6  29.8   16:00  20.8    0:40   0.0   6.3   0.0   8.9  29.0   13:30   WSW
30  26.1  31.0   15:00  23.2    6:50   0.0   7.8   0.0  11.4  33.8   14:30    SW
31  26.5  31.2   14:50  22.8   23:50   0.0   8.2   0.0  11.7  30.6   22:20   WSW
-------------------------------------------------------------------------------------
    20.7  31.2    31    12.3    14    12.9  88.2   4.4  10.0  53.1    24      NE

Max >=  32.0:  0
Max <=   0.0:  0
Min <=   0.0:  0
Min <= -18.0:  0
Max Rain: 3.81 ON 03/07/20
Days of Rain: 2 (> .2 mm) 1 (> 2 mm) 0 (> 20 mm)
Heat Base:  18.3  Cool Base:  18.3  Method: Integration