NOAA-style Climate Reports

Select a Year or Month report

Report for 2020 Sep
                   MONTHLY CLIMATOLOGICAL SUMMARY for SEP. 2020

NAME: Vado la Lepre   CITY: Castelnuovo V.C.   STATE: Italia 
ELEV:   800 m  LAT: 43.2068 N  LONG: 10.8773 E

                   TEMPERATURE (C), RAIN  (mm), WIND SPEED (km/hr)

                                      HEAT  COOL        AVG
    MEAN                              DEG   DEG         WIND                 DOM
DAY TEMP  HIGH   TIME   LOW    TIME   DAYS  DAYS  RAIN  SPEED HIGH   TIME    DIR
------------------------------------------------------------------------------------
 1  15.6  21.0   16:00  12.1    2:20   3.1   0.3   0.0  10.0  29.0    0:40    SW
 2  16.3  19.6   18:00  14.0    3:00   2.0   0.1   1.0   5.3  27.4   11:20   ENE
 3  18.2  21.9   14:10  15.3    5:30   1.0   0.9   0.0   3.9  17.7   11:40    NE
 4  19.6  24.2   15:00  15.4    4:40   0.6   1.9   0.0   5.3  19.3    9:10    NE
 5  20.6  25.3   15:20  18.1    4:10   0.0   2.3   0.0   5.6  20.9   16:00    NE
 6  18.9  23.8   14:10  15.1   00:00   0.6   1.2   0.0   8.0  29.0   00:00     N
 7  17.9  23.4   13:40  15.1    0:10   1.2   0.8  10.2  14.3  40.2    7:40   SSW
 8  19.3  24.6   16:10  15.6    3:40   0.7   1.8   0.0  13.5  46.7    9:10    NE
 9  21.9  26.4   15:30  18.3    1:40   0.0   3.6   0.0  11.4  35.4   15:50   SSW
10  20.6  23.3   16:40  19.2   23:50   0.0   2.3   0.0   8.2  37.0   10:40    NE
11  20.8  25.8   14:50  18.6   22:50   0.0   2.5   0.0   9.5  33.8    8:50   ENE
12  20.4  25.7   15:40  15.9    6:20   0.4   2.6   0.0  10.5  33.8    6:40    NE
13  21.4  27.2   15:30  17.7    6:40   0.0   3.2   0.0  10.6  35.4   23:10    NE
14  20.6  25.8   15:10  16.7    5:40   0.2   2.5   0.0  15.1  38.6    6:20    NE
15  20.6  26.2   15:40  16.2    7:00   0.4   2.6   0.0  10.1  33.8   12:00    NE
16  21.1  25.7   15:10  18.5   23:50   0.0   2.8   0.0   7.1  25.7    3:10    NE
17  20.2  25.1   15:50  16.4    7:40   0.3   2.2   0.0  10.1  32.2   20:00    NE
18  19.6  24.9   15:50  15.9    6:50   0.5   1.8   0.0  10.6  33.8   18:00    NE
19  19.4  24.7   17:00  15.6    3:00   0.8   1.8   0.0   9.0  32.2    0:40    NE
20  18.4  22.0   13:20  14.0   22:20   0.6   0.7   3.8  12.2  46.7   16:30     S
21  17.9  22.2   15:20  15.7   17:30   1.0   0.6   8.4   3.2  25.7   17:20   NNE
22  15.9  17.7   10:30  13.1   00:00   2.4   0.0   3.8   8.7  32.2   17:30   NNE
23  15.1  19.2   14:50  13.1    0:10   3.3   0.0  13.6  16.6  37.0   10:50    SW
24  16.9  20.8   15:00  14.4    2:20   1.7   0.3   2.0  27.8  82.1   23:20   SSW
25  12.8  17.1    0:10   7.4   21:40   5.5   0.0  88.0  34.3  90.1    1:00   WSW
26  10.6  15.1   13:10   5.7   00:00   7.7   0.0   5.2  15.0  53.1   19:50     W
27   7.0   8.3    8:00   5.4    0:20  11.3   0.0   6.8  15.4  46.7   17:10    NE
28   9.6  13.6   16:30   6.7    0:20   8.7   0.0   2.8  11.3  40.2    7:20    SW
29  12.3  17.2   15:30   9.9    0:20   5.9   0.0   0.0  13.5  27.4    8:00    SW
30  13.4  16.6   12:30  11.6    5:30   4.9   0.0   0.0   5.3  22.5   23:50   WSW
-------------------------------------------------------------------------------------
    17.4  27.2    13     5.4    27    64.9  38.9 145.6  11.4  90.1    25      NE

Max >=  32.0:  0
Max <=   0.0:  0
Min <=   0.0:  0
Min <= -18.0:  0
Max Rain: 88.01 ON 25/09/20
Days of Rain: 11 (> .2 mm) 10 (> 2 mm) 1 (> 20 mm)
Heat Base:  18.3  Cool Base:  18.3  Method: Integration