NOAA-style Climate Reports

Select a Year or Month report

Report for 2020 Oct
                   MONTHLY CLIMATOLOGICAL SUMMARY for OCT. 2020

NAME: Vado la Lepre   CITY: Castelnuovo V.C.   STATE: Italia 
ELEV:   800 m  LAT: 43.2068 N  LONG: 10.8773 E

                   TEMPERATURE (C), RAIN  (mm), WIND SPEED (km/hr)

                                      HEAT  COOL        AVG
    MEAN                              DEG   DEG         WIND                 DOM
DAY TEMP  HIGH   TIME   LOW    TIME   DAYS  DAYS  RAIN  SPEED HIGH   TIME    DIR
------------------------------------------------------------------------------------
 1  13.1  16.3   13:40  11.7   20:10   5.2   0.0   0.0  15.0  40.2   23:40    SW
 2  13.6  15.4   16:10  11.5    1:10   4.7   0.0   0.4  54.4  96.6   19:30   SSW
 3  11.9  16.2    8:00   8.0   00:00   6.3   0.0   7.0  28.2  99.8    2:20   SSW
 4  11.6  15.2   14:30   7.7    0:30   6.7   0.0   4.6  38.0  82.1   21:20    SW
 5  11.2  13.9   11:30   9.7    1:20   7.1   0.0   6.0  18.5  96.6    0:30   WSW
 6  11.4  13.4   11:50   9.8    1:00   6.9   0.0   0.0  24.0  59.5   23:30   WSW
 7  12.4  15.1   15:00  10.3   23:50   5.8   0.0   4.8  25.1  72.4    6:00     W
 8  14.1  17.4   15:30  10.4    0:10   4.2   0.0   0.0   3.7  17.7    7:30   ENE
 9  14.9  18.7   14:40  12.6    2:30   3.4   0.0   0.0   4.3  19.3   15:50     W
10  13.2  16.8   14:00  11.3   22:20   5.1   0.0   0.0  16.9  41.8   22:30   WSW
11  10.6  13.2    9:40   7.3   23:50   7.7   0.0  30.6  11.4  48.3    0:50   SSW
12   5.9   7.9   15:00   4.7    6:30  12.4   0.0   1.0  17.1  45.1    5:30    NE
13   8.1  11.7   12:00   5.1    1:20  10.2   0.0   0.4  14.5  38.6   15:10    NE
14   9.5  13.3   13:40   7.9    7:10   8.8   0.0   5.4  22.2  43.5   12:30     S
15   8.0  10.3    0:30   6.4   19:20   8.9   0.0  39.8  15.8  57.9    1:00   WSW
16   8.1  11.1   15:00   5.8    2:40  10.2   0.0   1.6   7.6  40.2    2:00   ENE
17   8.6  10.7   13:50   7.2    0:40   9.7   0.0   1.6   5.5  17.7   11:40    SW
18   9.6  13.5   14:40   7.7    6:50   8.7   0.0   0.0   4.3  14.5   15:20   ENE
19  11.0  15.1   16:00   8.8    0:10   7.3   0.0   0.2   3.5  22.5   14:10   ENE
20  10.9  14.6   14:50   9.1    7:20   7.4   0.0   0.0  11.7  33.8   23:00   SSW
21  10.6  14.1   15:10   8.4    7:40   7.7   0.0   0.0  22.7  40.2   11:40   SSW
22  12.4  15.3   14:50  11.2    0:10   5.9   0.0   0.0  24.9  46.7    7:30   SSW
23  13.1  13.6   16:10  12.3    0:30   5.3   0.0   0.8  36.4  59.5   11:10   SSW
24  11.6  14.1    3:00   9.1   12:30   6.7   0.0  21.0  15.4  49.9    0:20     W
25  11.0  13.8   14:30   9.8    5:40   7.3   0.0   0.8  20.6  49.9   22:50     W
26  11.2  13.5   14:20   7.6   22:50   7.2   0.0  20.0  39.9  93.3   16:10    SW
27   8.6  11.7   13:20   7.5   18:50   9.8   0.0   0.4  17.4  46.7    5:40   WSW
28   9.7  13.6   14:30   7.5    6:00   8.6   0.0   0.0   7.6  29.0   20:40     W
29  10.5  13.6   13:40   9.2    6:00   7.8   0.0   0.0  13.0  35.4    8:20     W
30  11.8  15.3   14:40   9.7    4:30   6.5   0.0   0.2   3.5  17.7    1:00     W
31  11.8  15.3   15:30   9.5   22:10   6.5   0.0   0.0   4.5  20.9   12:40   NNE
-------------------------------------------------------------------------------------
    11.0  18.7     9     4.7    12   225.9   0.0 146.6  17.7  99.8     3     SSW

Max >=  32.0:  0
Max <=   0.0:  0
Min <=   0.0:  0
Min <= -18.0:  0
Max Rain: 39.80 ON 15/10/20
Days of Rain: 19 (> .2 mm) 9 (> 2 mm) 3 (> 20 mm)
Heat Base:  18.3  Cool Base:  18.3  Method: Integration