NOAA-style Climate Reports

Select a Year or Month report

Report for 2020 Dec
                   MONTHLY CLIMATOLOGICAL SUMMARY for DEC. 2020

NAME: Vado la Lepre   CITY: Castelnuovo V.C.   STATE: Italia 
ELEV:   800 m  LAT: 43.2068 N  LONG: 10.8773 E

                   TEMPERATURE (C), RAIN  (mm), WIND SPEED (km/hr)

                                      HEAT  COOL        AVG
    MEAN                              DEG   DEG         WIND                 DOM
DAY TEMP  HIGH   TIME   LOW    TIME   DAYS  DAYS  RAIN  SPEED HIGH   TIME    DIR
------------------------------------------------------------------------------------
 1   6.0   8.6   12:30   3.4   23:10  12.3   0.0   4.4  10.3  30.6    6:10   SSW
 2   3.8   5.7   13:20   2.1   22:30  14.5   0.0   3.2  14.8  53.1   12:30   SSW
 3   3.3   6.0   13:20   2.0    5:50  15.0   0.0   1.0   6.3  25.7   23:20     E
 4   5.6   9.2   00:00   2.9    0:10  12.8   0.0  11.6  49.2 103.0   20:50   SSW
 5   8.9  10.6   14:10   6.3   22:30   9.4   0.0  38.6  64.7 122.3   13:50   SSW
 6   4.3   6.6    0:50   2.2   15:00  13.6   0.0  16.4  18.2  61.2    0:50    SW
 7   4.3   6.0   11:10   3.3    3:50  14.0   0.0   1.4  30.1  64.4   21:50    SW
 8   5.9   6.9   13:30   4.0   23:30  12.4   0.0   6.2  31.2  62.8    0:30   SSW
 9   3.9   5.1   13:10   2.9   17:40  14.4   0.0   7.4  14.8  49.9    7:30   WSW
10   3.4   4.6   15:30   2.4    1:20  14.9   0.0   7.8  14.0  46.7   11:50    SW
11   4.3   6.3   13:10   2.2    3:10  13.9   0.0   0.0   8.4  20.9   10:40    SW
12   4.3   5.2   11:20   2.8   23:50  13.5   0.0   1.8  15.0  41.8    8:20   SSW
13   4.7   7.5   22:50   2.0    4:20  13.6   0.0   0.0  10.1  25.7    7:40   ENE
14   8.7  11.3   11:00   6.3    0:50   9.6   0.0   0.0   4.8  20.9   13:30   ENE
15   8.9  11.6   13:50   6.6   23:50   9.4   0.0   0.0  10.3  45.1   23:40   SSW
16   7.5   9.0   14:10   6.6    0:20  10.8   0.0   0.0  24.5  48.3    2:50   SSW
17   8.4  10.2   13:40   7.1    8:10   9.9   0.0   0.2  15.0  40.2    2:50    SW
18   9.1  12.7   14:20   7.6    3:20   9.2   0.0   0.0   5.5  19.3    0:50     E
19   8.4   9.6   11:40   7.1    8:10   9.9   0.0   0.0  17.2  33.8   12:00   SSW
20   8.8  11.7   12:00   7.9    3:40   9.5   0.0   0.0   8.7  27.4    2:20   SSW
21   8.5  11.2   13:00   7.6   20:00   9.8   0.0   0.0   8.2  22.5   00:00    SW
22   7.9   8.4   22:20   6.9   10:40  10.4   0.0   1.0  13.0  40.2    3:30   WSW
23   8.0   8.6   15:00   7.4    5:40  10.3   0.0   0.2  22.5  49.9   00:00    SW
24   8.2   8.8   13:00   6.4   00:00  10.1   0.0   1.0  35.6  64.4    1:00    SW
25   4.9   6.8   11:40  -0.4   00:00  13.4   0.0   4.8  20.9  48.3    3:00   WSW
26   0.3   1.7   13:50  -0.8   00:00  18.0   0.0   9.4  19.0  54.7   17:30   NNE
27  -0.1   2.4   15:00  -2.6    7:50  18.3   0.0   0.2  19.0  57.9   23:50   NNE
28   3.3   5.4    7:30   1.1    0:10   8.5   0.0  18.0  50.1 103.0    6:30   SSW
29   4.6   5.8   10:10   2.3   20:30  13.7   0.0   4.8  29.3  66.0    1:20    SW
30   2.6   4.1    0:30  -0.2   11:50  15.7   0.0  14.2   6.4  33.8   21:40    NE
31   2.7   4.9   12:00   1.0    0:20  15.6   0.0   2.0  16.9  53.1   23:50   WSW
-------------------------------------------------------------------------------------
     5.6  12.7    18    -2.6    27   386.4   0.0 155.6  19.8 122.3     5     SSW

Max >=  32.0:  0
Max <=   0.0:  0
Min <=   0.0:  4
Min <= -18.0:  0
Max Rain: 38.61 ON 05/12/20
Days of Rain: 22 (> .2 mm) 14 (> 2 mm) 1 (> 20 mm)
Heat Base:  18.3  Cool Base:  18.3  Method: Integration