NOAA-style Climate Reports

Select a Year or Month report

Report for 2021 Mar
                   MONTHLY CLIMATOLOGICAL SUMMARY for MAR. 2021

NAME: Vado la Lepre   CITY: Castelnuovo V.C.   STATE: Italia 
ELEV:   800 m  LAT: 43.2068 N  LONG: 10.8773 E

                   TEMPERATURE (C), RAIN  (mm), WIND SPEED (km/hr)

                                      HEAT  COOL        AVG
    MEAN                              DEG   DEG         WIND                 DOM
DAY TEMP  HIGH   TIME   LOW    TIME   DAYS  DAYS  RAIN  SPEED HIGH   TIME    DIR
------------------------------------------------------------------------------------
 1   5.9  10.8   15:10   2.0    7:00  12.4   0.0   0.0  13.2  37.0    0:30    NE
 2   8.6  13.7   14:50   5.0    4:00   9.7   0.0   0.0  13.4  48.3    4:40    NE
 3   9.8  13.5   12:30   7.3   00:00   8.5   0.0   0.0   7.6  33.8   14:20    SW
 4   6.6  10.1   13:40   4.4    8:00  11.7   0.0   0.0  22.9  41.8    9:50   SSW
 5   6.4   8.8   14:10   4.8    0:30  11.9   0.0   0.0  12.9  38.6    1:00    SW
 6   5.7   9.7   13:50   2.0   23:40  12.6   0.0   0.0  13.0  35.4    9:10   ENE
 7   6.1  10.6   16:00   1.6    1:30  12.2   0.0   0.0   9.8  27.4    0:20   ENE
 8   6.9  10.7   12:40   4.4   00:00  11.3   0.0   0.0   6.9  24.1   22:50   ENE
 9   4.9   9.8   14:00   1.4   00:00  13.4   0.0   0.0  16.4  45.1   11:20    NE
10   4.6   9.3   14:50   0.9    3:50  13.7   0.0   0.0  11.6  37.0    5:50    NE
11   6.1   8.7   12:40   4.1    1:50  12.2   0.0   0.0  16.6  46.7   23:00   SSW
12   8.2  11.9   14:50   5.7   23:50  10.1   0.0   0.0  27.5  54.7   18:40   SSW
13   7.1  11.1   13:50   4.8   21:50  11.2   0.0   0.0  20.1  54.7   15:00   WSW
14   5.5   8.2   16:30   2.0   20:30  12.8   0.0   0.0  32.7  98.2   10:40   WSW
15   5.9   9.4   12:00   3.3    6:30  12.4   0.0   0.0  13.2  40.2   11:00     W
16   6.2  10.2   14:00   3.7    5:40  12.1   0.0   0.0  10.1  40.2    9:50    NE
17   6.2  10.9   15:20   3.9   22:00  12.1   0.0   0.0   6.9  32.2   18:40   SSW
18   3.4   7.6   14:50   0.0   23:40  14.9   0.0   0.0  12.2  37.0    9:20   ENE
19   1.8   6.8   15:00  -1.6    5:40  16.5   0.0   0.0  16.6  41.8    5:20    NE
20   1.2   6.8   14:10  -2.8    6:30  17.2   0.0   0.0  22.2  48.3   11:30    NE
21   0.2   4.8   12:30  -3.1    4:40  18.1   0.0   0.0  21.6  53.1   23:20    NE
22   3.5   8.2   15:50  -0.7    0:10  14.8   0.0   0.0  17.1  53.1   11:30    NE
23   3.8   7.9   15:20  -0.1    6:20  14.5   0.0   0.0  13.5  43.5    2:20    NE
24   6.2  10.7   13:30   2.9    2:40  12.1   0.0   0.0   7.2  29.0   16:10   NNW
25   7.2  12.7   14:20   4.1    1:50  11.1   0.0   0.0  10.3  29.0   15:00     N
26   7.7  11.2   16:50   5.3    0:20  10.6   0.0   0.0   8.2  20.9   14:30   SSW
27   7.6  11.1   15:00   6.2    2:30  10.7   0.0   0.0  26.9  51.5    7:20     N
28   9.1  15.6   15:40   6.2    7:20   8.8   0.0   0.2  10.5  33.8    0:20   WSW
29  11.8  17.7   16:00   7.3    0:10   6.4   0.0   0.0   6.6  22.5   12:50   ENE
30  15.0  20.3   15:00  10.7    5:30   3.6   0.3   0.0   7.9  22.5    9:10   ENE
31  15.6  20.4   15:50  12.1    7:00   3.0   0.3   0.0   9.8  29.0    7:30   ENE
-------------------------------------------------------------------------------------
     6.6  20.4    31    -3.1    21   362.8   0.6   0.2  14.4  98.2    14      NE

Max >=  32.0:  0
Max <=   0.0:  0
Min <=   0.0:  6
Min <= -18.0:  0
Max Rain: 0.20 ON 28/03/21
Days of Rain: 1 (> .2 mm) 0 (> 2 mm) 0 (> 20 mm)
Heat Base:  18.3  Cool Base:  18.3  Method: Integration