NOAA-style Climate Reports

Select a Year or Month report

Report for 2021 Apr
                   MONTHLY CLIMATOLOGICAL SUMMARY for APR. 2021

NAME: Vado la Lepre   CITY: Castelnuovo V.C.   STATE: Italia 
ELEV:   800 m  LAT: 43.2068 N  LONG: 10.8773 E

                   TEMPERATURE (C), RAIN  (mm), WIND SPEED (km/hr)

                                      HEAT  COOL        AVG
    MEAN                              DEG   DEG         WIND                 DOM
DAY TEMP  HIGH   TIME   LOW    TIME   DAYS  DAYS  RAIN  SPEED HIGH   TIME    DIR
------------------------------------------------------------------------------------
 1  14.8  18.4   12:30  11.4   20:50   3.5   0.0   0.0   9.8  25.7   13:50   NNE
 2  12.3  16.2   14:30   9.7   23:30   5.9   0.0   0.0  16.3  40.2   14:10   WSW
 3   9.6  14.3   15:20   5.8   23:20   8.7   0.0   2.2  20.4  45.1    7:30     N
 4   6.4  10.9   14:20   2.3   00:00  11.9   0.0   0.2  21.7  53.1    3:10    NE
 5   5.6  12.3   14:20   0.4    4:00  12.3   0.0   0.0  18.5  43.5   15:50    NE
 6   4.3   8.9   12:30  -1.7   23:10  15.8   0.0   0.0  29.0  67.6   11:20    NE
 7   1.9   6.1   11:40  -2.0    3:10  18.7   0.0   0.0  13.0  62.8    0:20    NE
 8   4.6   8.4   15:30   1.8    6:30  13.8   0.0   0.0  13.4  43.5   16:00   ENE
 9   5.8  10.5   14:15   3.4    7:15  12.5   0.0   0.0  21.6  59.5   22:45   SSW
10   5.8   6.8   13:00   4.1    0:15  12.5   0.0   2.6  39.6  80.5   19:30   SSW
11   7.9   9.5   16:00   5.6    1:45  10.3   0.0   6.2  46.3 101.4    4:45   SSW
12   7.6   9.3   15:00   3.8   23:45  10.7   0.0  42.0  29.1  72.4   15:30     N
13   4.7   9.2   15:30   0.8   00:00  13.6   0.0   1.0   8.7  25.7   11:45    NE
14   4.3   9.6   15:30   0.3    2:00  14.0   0.0   0.0  11.1  37.0   11:00   ENE
15   5.2   9.2   15:30   2.2    8:30  13.1   0.0   0.0   7.6  27.4   20:30   ENE
16   5.7  10.4   16:00   2.2    7:00  12.6   0.0   0.0  11.7  35.4   00:00    NE
17   5.7  11.2   16:00   2.2    5:30  12.6   0.0   0.0  17.2  49.9    5:00   NNE
18   5.3  10.2   15:00   1.7    6:15  12.9   0.0   0.0  10.8  32.2    0:15    NE
19   5.8  10.6   16:15   2.2    6:30  12.5   0.0   0.0   6.8  20.9   12:15    NE
20   6.6  10.3   17:45   4.8    3:45  11.7   0.0   2.6   8.5  32.2   15:15   NNW
21   7.3  11.6   13:15   5.3    6:45  11.0   0.0   5.8  12.7  30.6   12:45     S
22   7.9  11.9   13:15   4.7    6:00  10.3   0.0   0.4   8.2  27.4   12:45    NE
23  10.3  15.2   14:45   5.7    4:30   8.0   0.0   0.0  15.1  46.7    9:00    NE
24  12.1  17.4   17:00   6.9    3:15   6.2   0.0   0.0  10.5  40.2   11:00    NE
25  13.7  17.1   14:00  10.9   23:15   4.6   0.0   0.0  11.1  32.2   12:45     N
26  11.9  15.6   16:30   9.3    7:00   6.3   0.0   0.8  18.0  49.9   21:15     S
27   8.8  10.8    0:30   7.5    6:15   9.5   0.0   2.4   9.5  27.4    8:15    NE
28  10.0  12.5   16:30   9.1    0:30   8.3   0.0   4.0  17.7  40.2   16:00     S
29  10.2  10.8   14:00   9.1    2:45   8.2   0.0   1.2  28.0  61.2   11:30     N
30  12.6  16.3   14:45   9.6    5:30   5.7   0.0   0.4  18.3  43.5    1:45     N
-------------------------------------------------------------------------------------
     7.8  18.4     1    -2.0     7   317.9   0.0  71.8  17.0 101.4    11      NE

Max >=  32.0:  0
Max <=   0.0:  0
Min <=   0.0:  2
Min <= -18.0:  0
Max Rain: 42.01 ON 12/04/21
Days of Rain: 14 (> .2 mm) 8 (> 2 mm) 1 (> 20 mm)
Heat Base:  18.3  Cool Base:  18.3  Method: Integration