NOAA-style Climate Reports

Select a Year or Month report

Report for 2021 Jun
                   MONTHLY CLIMATOLOGICAL SUMMARY for JUN. 2021

NAME: Vado la Lepre   CITY: Castelnuovo V.C.   STATE: Italia 
ELEV:   800 m  LAT: 43.2068 N  LONG: 10.8773 E

                   TEMPERATURE (C), RAIN  (mm), WIND SPEED (km/hr)

                                      HEAT  COOL        AVG
    MEAN                              DEG   DEG         WIND                 DOM
DAY TEMP  HIGH   TIME   LOW    TIME   DAYS  DAYS  RAIN  SPEED HIGH   TIME    DIR
------------------------------------------------------------------------------------
 1  15.9  19.4   15:15  12.6    4:45   2.5   0.1   0.0  10.6  35.4   16:15     N
 2  15.2  18.5   15:00  13.1    4:15   3.1   0.0   0.0  14.5  32.2    1:30   SSW
 3  17.8  20.9   13:15  15.2    1:15   1.1   0.5   0.0  12.2  41.8   16:45     N
 4  17.9  21.4   14:00  15.0    3:00   1.1   0.7   0.0  15.9  41.8   23:00     N
 5  15.5  17.3   13:30  13.4    8:30   2.8   0.0   0.4  20.9  45.1    3:30     N
 6  16.1  21.0   13:45  13.3    1:15   2.4   0.2   0.0  16.3  45.1   16:15   SSW
 7  15.9  19.9   16:30  12.9    5:15   2.5   0.2   0.0   4.0  19.3   20:15   ENE
 8  14.8  18.6   14:45  13.3    6:45   3.5   0.0   0.4   6.4  24.1   16:45    NE
 9  17.4  22.4   14:45  13.4    5:30   1.5   0.7   1.0   7.7  24.1    9:30    NE
10  18.3  24.8   14:30  13.6   16:00   1.0   1.0  35.0   7.9  29.0   15:30    NE
11  18.6  23.7   14:30  14.0   17:15   0.8   1.1  30.2   5.6  38.6   16:30   ENE
12  19.7  24.4   16:15  15.9    0:45   0.6   2.0   0.0   5.6  17.7   17:00    NE
13  19.7  23.1   15:45  17.4    5:15   0.1   1.6   0.0   8.5  25.7   14:30   NNW
14  21.3  25.1   15:00  18.9    5:15   0.0   3.0   0.0   7.2  24.1    3:45     N
15  20.4  24.5   14:45  17.9    7:00   0.0   2.1   0.0   7.7  25.7   18:15     N
16  20.2  23.1   13:15  18.2    6:30   0.0   1.9   0.2   6.3  24.1   16:15     N
17  20.5  24.5   14:45  17.7   21:15   0.0   2.2   0.0  12.4  35.4   22:30     N
18  19.9  23.8   15:30  17.3    8:30   0.1   1.7   0.0  17.7  40.2   21:15     S
19  20.4  23.3   15:00  17.7    1:45   0.0   2.2   0.0  17.7  38.6    1:15   SSW
20  21.4  25.4   12:30  17.6    5:45   0.0   3.1   0.0  15.8  53.1   18:15     N
21  19.8  23.2   11:45  17.4   23:00   0.1   1.7   0.0  21.6  46.7    1:15     N
22  19.9  24.3   17:00  16.5    4:00   0.5   2.0   0.0   6.6  29.0    0:15     N
23  20.7  26.2   14:30  16.2    4:45   0.3   2.8   0.0   9.3  32.2   20:30    NE
24  20.2  23.8   13:45  15.6   00:00   0.2   2.1   0.0   7.9  24.1   13:45     W
25  18.2  23.5   16:00  14.5    5:00   1.4   1.3   0.0   6.6  22.5   13:15     N
26  19.7  24.3   16:30  15.1    3:00   0.8   2.2   0.0   5.1  16.1    3:45     N
27  22.8  26.4   14:00  18.3    3:30   0.0   4.5   0.0   5.5  25.7   14:30    NE
28  23.3  27.2   16:15  20.0   22:45   0.0   5.0   0.0  12.4  32.2   19:15     N
29  20.6  24.3   16:30  16.3   00:00   0.2   2.4   0.0  10.8  33.8   12:15   WSW
30  18.1  22.5   15:15  13.9   22:15   1.2   0.9   0.0  16.6  45.1    1:30   WSW
-------------------------------------------------------------------------------------
    19.0  27.2    28    12.6     1    27.8  49.0  67.2  10.8  53.1    20       N

Max >=  32.0:  0
Max <=   0.0:  0
Min <=   0.0:  0
Min <= -18.0:  0
Max Rain: 35.00 ON 10/06/21
Days of Rain: 6 (> .2 mm) 2 (> 2 mm) 2 (> 20 mm)
Heat Base:  18.3  Cool Base:  18.3  Method: Integration