NOAA-style Climate Reports

Select a Year or Month report

Report for 2021 Aug
                   MONTHLY CLIMATOLOGICAL SUMMARY for AUG. 2021

NAME: Vado la Lepre   CITY: Castelnuovo V.C.   STATE: Italia 
ELEV:   800 m  LAT: 43.2068 N  LONG: 10.8773 E

                   TEMPERATURE (C), RAIN  (mm), WIND SPEED (km/hr)

                                      HEAT  COOL        AVG
    MEAN                              DEG   DEG         WIND                 DOM
DAY TEMP  HIGH   TIME   LOW    TIME   DAYS  DAYS  RAIN  SPEED HIGH   TIME    DIR
------------------------------------------------------------------------------------
 1  19.0  21.6   16:15  15.4   23:45   0.4   1.1  14.0  21.1  66.0    3:45     W
 2  17.7  21.4   13:30  15.2    0:30   1.2   0.6   0.0  12.6  43.5   14:30     W
 3  18.6  23.3   13:45  15.6    4:30   0.9   1.2   0.0  11.1  33.8   14:30     W
 4  19.9  24.3   16:45  16.8   23:00   0.2   1.8   0.0  16.3  41.8   11:00     N
 5  16.9  20.2   14:45  14.6    7:15   1.7   0.2   0.4  22.7  59.5   14:15     W
 6  18.4  23.1   15:15  15.2    0:30   0.9   1.1   0.0  14.8  43.5   16:15     W
 7  20.5  24.7   14:45  17.7    0:15   0.0   2.2   0.0  26.7  57.9   18:45     N
 8  21.3  27.3   15:30  18.4    1:00   0.0   3.0   0.0  20.9  53.1    1:30     N
 9  22.1  26.5   14:00  19.6    0:15   0.0   3.8   0.0  15.0  35.4   15:00     N
10  23.6  26.7   16:00  20.7    5:30   0.0   5.3   0.0  10.1  37.0   00:00     N
11  25.3  31.3   16:15  19.8    8:15   0.0   7.0   0.0   7.4  41.8    0:15   ENE
12  27.9  32.6   15:45  24.3    1:30   0.0   9.6   0.0   8.9  30.6   17:00     W
13  27.8  32.0   15:00  25.0    6:15   0.0   9.6   0.0   8.0  27.4   15:30   ENE
14  27.4  32.9   13:45  24.1   21:00   0.0   9.2   0.0  10.0  32.2   16:15   WSW
15  26.6  30.8   14:30  24.2   00:00   0.0   8.2   0.0  10.6  35.4   14:45   WSW
16  23.5  28.1   14:15  19.3   23:45   0.0   5.2   0.0  13.2  40.2   15:30     N
17  21.2  27.3   15:45  16.2    5:30   0.2   3.1   0.0   6.4  22.5    0:15   ENE
18  21.9  27.8   14:45  18.0    3:30   0.0   3.6   0.0   6.9  25.7   21:15   ENE
19  22.1  28.1   16:30  17.7    5:15   0.0   3.9   0.0   6.8  25.7   15:30   ENE
20  21.6  26.6   13:45  16.4   14:45   0.0   3.3   8.0   6.8  32.2   14:45   ENE
21  21.7  27.1   13:45  17.1    1:30   0.1   3.4   0.0   6.9  25.7   15:30   ENE
22  21.2  25.6   15:00  17.9   23:45   0.0   2.9   0.0   8.5  27.4   13:45     N
23  20.6  26.0   13:15  17.3   21:15   0.1   2.3   3.4   6.9  29.0   17:15   NNW
24  18.3  23.3   14:45  15.6    6:00   0.8   0.8   9.6   9.2  29.0   23:45   ENE
25  18.8  23.9   17:30  14.4    7:00   0.9   1.5   0.0   9.0  32.2    0:30   ENE
26  19.3  23.7   13:00  16.2   22:45   0.5   1.5   0.0  10.8  33.8   19:15     W
27  19.5  25.2   14:45  14.9   00:00   0.7   1.8   0.0  11.3  29.0    2:30     N
28  14.6  17.0    4:15  12.2   12:00   3.8   0.0   4.6  10.3  27.4   12:30   ENE
29  15.9  21.3   16:15  11.2    6:30   2.9   0.5   0.0   9.0  29.0    0:45   ENE
30  18.1  22.7   16:30  15.2    3:00   1.2   1.0   0.0   8.7  37.0   14:15    NE
31  17.2  20.7   12:00  15.2   23:30   1.5   0.4   5.4   5.5  19.3   12:15     W
-------------------------------------------------------------------------------------
    20.9  32.9    14    11.2    29    18.0  98.9  45.4  11.4  66.0     1     ENE

Max >=  32.0:  3
Max <=   0.0:  0
Min <=   0.0:  0
Min <= -18.0:  0
Max Rain: 14.00 ON 01/08/21
Days of Rain: 7 (> .2 mm) 6 (> 2 mm) 0 (> 20 mm)
Heat Base:  18.3  Cool Base:  18.3  Method: Integration