NOAA-style Climate Reports

Select a Year or Month report

Report for 2021 Nov
                   MONTHLY CLIMATOLOGICAL SUMMARY for NOV. 2021

NAME: Vado la Lepre   CITY: Castelnuovo V.C.   STATE: Italia 
ELEV:   800 m  LAT: 43.2068 N  LONG: 10.8773 E

                   TEMPERATURE (C), RAIN  (mm), WIND SPEED (km/hr)

                                      HEAT  COOL        AVG
    MEAN                              DEG   DEG         WIND                 DOM
DAY TEMP  HIGH   TIME   LOW    TIME   DAYS  DAYS  RAIN  SPEED HIGH   TIME    DIR
------------------------------------------------------------------------------------
 1  11.8  13.9   21:45   9.3   00:00   6.5   0.0  15.4  32.0  83.7   20:45     S
 2  10.3  12.9   16:00   9.0    0:15   8.0   0.0   0.0  32.3  80.5   13:15   WSW
 3  10.8  12.1   23:45   9.7    5:45   7.5   0.0   1.2  33.6  91.7   00:00     N
 4   8.9  12.9   15:30   7.0    6:30   9.4   0.0  33.8  21.1 133.6    0:45   WSW
 5   7.1   8.3   12:30   5.4   00:00  11.2   0.0   3.6   9.3  27.4   23:00   ENE
 6   6.8  10.9   15:45   5.1    1:30  11.5   0.0   0.2  21.1  43.5   13:15    NE
 7  10.0  14.1   18:30   5.2    0:30   8.3   0.0  12.0  18.8  54.7    7:30   ENE
 8  11.0  14.9   13:45   7.0   00:00   7.3   0.0   0.2  13.2  46.7   10:30   ENE
 9   7.8  10.4   17:00   5.9    6:15  10.5   0.0   4.0  20.6  43.5   10:00    NE
10  10.8  13.0   17:30   7.8    0:15   7.5   0.0   3.0  16.9  54.7    4:00   ENE
11  12.0  14.1   14:00  10.1   23:30   6.3   0.0   0.6  10.5  29.0   19:30    NE
12  11.4  14.6   13:30   8.6    6:15   6.9   0.0   0.2  15.9  40.2    3:00     S
13  10.4  12.9   12:00   9.4    7:45   7.8   0.0   0.8  21.1  48.3   22:30     N
14   8.7  10.1   12:30   6.9    6:15   9.6   0.0  30.8  17.1  41.8    1:00     E
15   9.2  12.1   13:45   7.6    7:00   9.1   0.0   6.4  15.4  51.5    7:15    NE
16   7.1   8.2    0:30   6.1   20:45  11.2   0.0   8.2  17.1  38.6    2:00    NE
17   9.3  12.6   13:00   6.2    0:30   9.0   0.0   0.2   9.7  29.0    0:45    NE
18   9.1  11.9   13:00   7.3    0:30   9.3   0.0   0.0  15.6  37.0    4:00    NE
19  10.3  13.8   11:30   7.1    4:15   8.0   0.0   0.0   9.0  30.6    1:30    NE
20  11.1  14.1   10:45   8.4   20:00   7.2   0.0   0.0   6.6  20.9   22:45   NNE
21   8.9  11.0   14:15   8.1    7:45   9.4   0.0   0.4  15.0  45.1   19:15   SSW
22   8.4  10.2   13:00   7.2    2:15   9.9   0.0  18.6  11.9  38.6    0:15   ENE
23   6.3   8.7   14:15   3.7   22:30  12.0   0.0   0.0  22.5  48.3   21:15    NE
24   6.5   9.4   23:45   3.0    4:45  11.8   0.0   0.0  13.0  45.1    8:00    NE
25   7.4   9.2    0:15   4.8    4:15  10.8   0.0   4.0  20.0  74.0    7:45     S
26   6.2   7.6    0:15   4.9   17:00  12.1   0.0  13.4  18.0  54.7   21:30     N
27   5.7   7.9   12:15   3.8   22:30  12.6   0.0  21.6  29.0  88.5   22:30   WSW
28   3.6   6.3    0:15   1.0   22:00  14.7   0.0   0.8  28.3  66.0   14:15   WSW
29   1.2   3.4    0:30  -0.5    4:00  17.1   0.0   0.8  11.6  43.5   12:15    NE
30   3.3   5.9   14:15   0.1    4:30  15.0   0.0   0.0  14.6  37.0   21:30     N
-------------------------------------------------------------------------------------
     8.4  14.9     8    -0.5    29   297.4   0.0 180.2  18.0 133.6     4      NE

Max >=  32.0:  0
Max <=   0.0:  0
Min <=   0.0:  1
Min <= -18.0:  0
Max Rain: 33.81 ON 04/11/21
Days of Rain: 23 (> .2 mm) 13 (> 2 mm) 3 (> 20 mm)
Heat Base:  18.3  Cool Base:  18.3  Method: Integration