NOAA-style Climate Reports

Select a Year or Month report

Report for 2021 Dec
                   MONTHLY CLIMATOLOGICAL SUMMARY for DEC. 2021

NAME: Vado la Lepre   CITY: Castelnuovo V.C.   STATE: Italia 
ELEV:   800 m  LAT: 43.2068 N  LONG: 10.8773 E

                   TEMPERATURE (C), RAIN  (mm), WIND SPEED (km/hr)

                                      HEAT  COOL        AVG
    MEAN                              DEG   DEG         WIND                 DOM
DAY TEMP  HIGH   TIME   LOW    TIME   DAYS  DAYS  RAIN  SPEED HIGH   TIME    DIR
------------------------------------------------------------------------------------
 1   5.9   7.7   15:45   3.9    1:30  12.4   0.0   0.0  27.7  56.3   16:45     N
 2   6.0   7.9    3:30   3.4   16:00  12.3   0.0  24.4  24.6  67.6    6:00     N
 3   2.6   5.3    0:15   0.4   21:45  15.7   0.0   0.8  14.3  37.0   10:30    NE
 4   4.5   7.7   22:45   0.4    1:00  13.8   0.0   0.8  27.7  66.0   16:15     N
 5   5.2   8.1    1:30   2.9   23:45  13.2   0.0   0.2  27.8  78.9    2:15     W
 6   1.3   3.3   14:00  -0.5    7:00  17.0   0.0   0.0  15.4  46.7   15:15    NE
 7   4.2   7.6   15:15   1.0    0:15  14.2   0.0   0.0   8.2  27.4   22:45     N
 8   4.9   7.6   14:45   3.0   23:45  13.4   0.0  20.6  37.2 104.6   12:45   SSW
 9   1.1   3.1    0:45  -0.8   21:00  17.3   0.0   6.8  14.3  64.4    5:00     W
10   1.1   2.9   13:30  -1.7   21:15  17.2   0.0   6.6  17.9  56.3   14:45   ENE
11   0.4   2.8   15:45  -0.9    0:15  17.8   0.0   4.6  18.8  49.9   12:15   ENE
12   3.2   5.5   14:15   0.3    4:00  15.1   0.0   0.0  10.8  37.0    0:30   NNE
13   5.9   8.4   14:30   4.3    6:45  12.4   0.0   0.0   7.6  29.0   12:30   NNW
14   7.8  11.4   12:15   4.4    6:45  10.5   0.0   0.2   7.2  22.5    8:15    NE
15   7.8  10.6   13:00   4.4   23:30  10.5   0.0   0.0  12.6  32.2   19:45    NE
16   4.9   8.4   14:00   2.1    3:30  13.3   0.0   0.0  13.8  41.8   22:30   NNE
17   5.4   8.4   21:30   1.2    6:15  12.9   0.0   0.0  14.5  48.3   11:15    NE
18   5.8   8.8    2:45   3.3   20:45  12.5   0.0   0.0  10.6  35.4   11:45    NE
19   6.9  10.7   12:15   4.9    0:15  11.3   0.0   0.0  10.3  32.2   23:45   WSW
20   5.4   6.1   15:30   4.9    0:15  12.9   0.0   0.0  13.4  37.0    1:30   WSW
21   5.4   6.4   13:15   4.4   17:45  12.9   0.0   2.6   5.3  19.3   22:00     N
22   5.1   6.4   13:45   4.1   19:30  13.2   0.0   0.2   6.3  16.1    5:00    SE
23   5.8   7.4   00:00   4.7    3:00  12.4   0.0   0.2  21.4  57.9   23:45     N
24   8.1   8.6   15:00   7.3    0:15  10.2   0.0   3.0  27.2  67.6   21:30     N
25   8.6   9.3   20:15   7.7    0:45   9.8   0.0  17.6  35.7  72.4    3:45     N
26   7.5   8.6    0:15   6.2    9:00  10.8   0.0  20.4  11.6  38.6    8:45     W
27   7.2   7.7   14:45   6.2   18:15  11.1   0.0  20.8  21.9  48.3   17:15     N
28   7.1   8.3   23:45   6.1    0:30  11.3   0.0   8.8  21.1  61.2   21:45     W
29   9.1   9.6   14:30   8.1    0:30   9.3   0.0   2.2  19.3  66.0    1:45     W
30  11.7  16.7   23:30   7.7    9:15   6.6   0.0   0.4   8.4  24.1    0:15   ENE
31  14.1  16.5    0:15   7.8   00:00   4.2   0.0   0.0   8.0  25.7   22:15     N
-------------------------------------------------------------------------------------
     5.8  16.7    30    -1.7    10   387.4   0.0 141.2  16.8 104.6     8       N

Max >=  32.0:  0
Max <=   0.0:  0
Min <=   0.0:  4
Min <= -18.0:  0
Max Rain: 24.41 ON 02/12/21
Days of Rain: 19 (> .2 mm) 12 (> 2 mm) 4 (> 20 mm)
Heat Base:  18.3  Cool Base:  18.3  Method: Integration