NOAA-style Climate Reports

Select a Year or Month report

Report for 2022 Jan
                   MONTHLY CLIMATOLOGICAL SUMMARY for JAN. 2022

NAME: Vado la Lepre   CITY: Castelnuovo V.C.   STATE: Italia 
ELEV:   800 m  LAT: 43.2068 N  LONG: 10.8773 E

                   TEMPERATURE (C), RAIN  (mm), WIND SPEED (km/hr)

                                      HEAT  COOL        AVG
    MEAN                              DEG   DEG         WIND                 DOM
DAY TEMP  HIGH   TIME   LOW    TIME   DAYS  DAYS  RAIN  SPEED HIGH   TIME    DIR
------------------------------------------------------------------------------------
 1   7.0   8.4   14:15   5.9   20:15  11.3   0.0   0.2   5.8  20.9   23:30     N
 2   6.4   6.8   14:15   5.9    9:30  11.9   0.0   0.2  15.0  38.6   20:45     W
 3   7.2   8.3   22:30   6.6    5:00  11.1   0.0   0.6  15.1  38.6   21:45     N
 4   7.3   8.2    0:15   6.8    4:30  11.0   0.0   0.0  28.2  66.0   13:45     N
 5   7.3   8.3   11:30   5.2   00:00  11.0   0.0  18.4  40.4  85.3    9:45     N
 6   0.9   5.2    0:15  -0.7    7:15  17.3   0.0   5.6  19.0  46.7   12:45    NE
 7   1.1   3.8   14:30  -0.8    7:30  17.2   0.0   0.0  13.7  37.0    7:15   NNE
 8   1.3   4.7   16:00  -1.8    8:00  17.0   0.0   0.0   7.9  29.0    8:00   NNE
 9   1.1   3.7    2:15  -1.9   23:30  17.3   0.0  15.6  22.9  70.8    6:00    NE
10   0.1   2.9   14:00  -2.1    1:45  18.2   0.0   0.0  23.0  66.0   16:15   NNE
11   1.5   4.3   13:45  -0.5   23:45  16.8   0.0   0.0  28.6  69.2    9:30   NNE
12  -0.3   3.3   14:15  -2.4   22:00  18.7   0.0   0.0  23.8  56.3    7:00   NNE
13   1.2   5.4   14:45  -2.4    0:15  17.1   0.0   0.0  22.5  54.7    6:30   NNE
14   5.6  10.3   13:30   1.3    1:15  12.8   0.0   0.0  10.9  37.0    0:15    NE
15   6.7   9.1   14:00   4.6   21:30  11.6   0.0   0.0  10.1  24.1    3:45     N
16   5.1   7.8   13:00   4.1   20:15  13.2   0.0   0.2   9.3  30.6   15:15     W
17   5.4   9.6   14:45   3.9    6:30  12.9   0.0   0.0   7.7  27.4    0:15     W
18   5.5   8.6   15:00   3.5    7:00  12.8   0.0   0.2   7.2  19.3   18:45   ENE
19   5.4   7.5   15:00   3.7    5:30  12.8   0.0   0.0  13.4  38.6   22:30     N
20   4.1   5.6   13:30   3.2   20:30  14.3   0.0   5.2  15.3  46.7    2:00     W
21   2.2   4.3   11:15  -1.6   23:45  16.1   0.0   0.2  12.2  41.8   18:00    NE
22   2.1   6.8   14:30  -1.8    0:30  16.2   0.0   0.0  10.1  32.2    2:30     N
23   4.2   7.0   13:00   3.0    0:30  14.1   0.0   0.2   5.0  19.3   11:45     N
24   3.4   6.4   14:00   0.8   22:30  14.9   0.0   0.2  10.0  37.0   21:00    NE
25   3.1   6.7   13:00   0.4    2:00  15.2   0.0   0.0   8.4  33.8    4:30    NE
26   4.6   5.3   12:00   3.4    0:15  13.8   0.0   0.0  10.5  27.4    2:30     N
27   4.8   5.8   13:00   4.0    7:15  13.5   0.0   0.0  11.4  27.4   16:15     N
28   5.0   7.9   14:45   3.8   23:00  13.3   0.0   0.0  13.2  38.6    7:00     N
29   4.8   8.9   14:15   1.9    5:45  13.5   0.0   0.0  10.3  30.6   21:30     N
30   5.2   7.2   14:15   4.2    2:30  13.1   0.0   0.0  10.6  35.4    4:30     N
31   4.4   5.3   12:45   3.8    8:15  10.2   0.0   0.0  11.3  33.8   10:45     N
-------------------------------------------------------------------------------------
     4.0  10.3    14    -2.4    13   440.2   0.0  46.8  14.6  85.3     5       N

Max >=  32.0:  0
Max <=   0.0:  0
Min <=   0.0: 10
Min <= -18.0:  0
Max Rain: 18.39 ON 05/01/22
Days of Rain: 12 (> .2 mm) 4 (> 2 mm) 0 (> 20 mm)
Heat Base:  18.3  Cool Base:  18.3  Method: Integration