NOAA-style Climate Reports

Select a Year or Month report

Report for 2022 Feb
                   MONTHLY CLIMATOLOGICAL SUMMARY for FEB. 2022

NAME: Vado la Lepre   CITY: Castelnuovo V.C.   STATE: Italia 
ELEV:   800 m  LAT: 43.2068 N  LONG: 10.8773 E

                   TEMPERATURE (C), RAIN  (mm), WIND SPEED (km/hr)

                                      HEAT  COOL        AVG
    MEAN                              DEG   DEG         WIND                 DOM
DAY TEMP  HIGH   TIME   LOW    TIME   DAYS  DAYS  RAIN  SPEED HIGH   TIME    DIR
------------------------------------------------------------------------------------
 1   4.7   7.9   15:00   1.4    1:00  13.6   0.0   0.0  10.5  35.4    7:00    NE
 2   6.8  10.4   15:00   3.7    3:45  11.5   0.0   0.0  12.7  37.0    4:45     W
 3   9.1  12.7   13:30   5.9   20:30   9.2   0.0   0.0  18.0  56.3   21:30     N
 4   6.5   8.2   13:45   5.8    4:00  11.8   0.0   0.4  19.2  53.1    1:15     N
 5   6.4   8.1   13:45   5.6    9:15  11.9   0.0   1.0   6.6  27.4    1:30     N
 6   6.9   9.6   12:15   5.2   21:00  11.4   0.0   0.0  13.5  45.1   23:15     N
 7   5.2   8.3   15:00   3.1   22:30  13.1   0.0   1.0  21.2  61.2    9:45   NNE
 8   5.9  10.3   15:30   3.0    2:00  12.4   0.0   0.0   7.2  24.1    0:30    NE
 9   5.8   9.6   14:00   3.9    7:15  12.5   0.0   0.0  10.3  32.2   11:45     N
10   6.3  10.2   15:15   3.8    5:00  12.0   0.0   0.2  10.9  30.6   22:30     N
11   5.6   9.9   14:30   3.6    2:15  12.6   0.0   0.0   7.4  22.5    0:15     S
12   3.6   7.2   13:45   1.4    7:30  14.7   0.0   0.0  19.2  45.1    5:45    NE
13   4.4   9.4   12:30   1.1    4:30  13.8   0.0   0.0  12.1  32.2    1:00     S
14   5.4   6.6   23:45   4.1    0:30  12.9   0.0   4.0  29.3  72.4   00:00     N
15   4.4   6.8    1:45   2.2   22:30  13.9   0.0   9.8  31.7  96.6    3:15     N
16   4.5   9.0   13:45   1.5    5:15  13.8   0.0   0.0   5.8  20.9    0:15    NE
17   6.8  10.9   15:15   4.1    7:15  11.5   0.0   0.0  11.6  27.4   13:30     N
18   7.9  10.6   16:15   6.7    2:00  10.3   0.0   0.0  13.7  48.3   20:15     N
19   7.6   8.4   12:45   6.8   23:15  10.7   0.0   0.2  24.5  56.3    9:15     N
20   7.8  11.8   12:15   5.3   22:00  10.5   0.0   0.0   8.5  33.8   20:30     W
21   5.3   6.7   13:45   1.0   18:00  13.0   0.0   5.2  24.6  83.7   12:30     N
22   7.0  10.9   15:15   3.9    6:15  11.3   0.0   0.0   9.2  32.2    1:30     N
23   9.7  12.9   16:15   6.4    2:45   8.6   0.0   0.0   4.7  17.7    7:30     N
24   8.7  11.9   12:15   4.6   23:45   9.6   0.0   0.0  15.3  41.8   13:45     N
25   6.2   9.6   14:30   3.6   22:15  12.2   0.0   0.6  12.6  35.4   00:00     N
26   1.0   4.2    0:15  -1.2    3:30  17.3   0.0   0.2  25.1  69.2   13:15   NNE
27   0.7   3.3   11:30  -1.3    6:30  17.7   0.0   0.0  22.0  57.9   14:00   NNE
28   2.2   7.2   16:00  -1.6    7:15  16.1   0.0   0.0  13.2  48.3   00:00   NNE
-------------------------------------------------------------------------------------
     5.8  12.9    23    -1.6    28   349.8   0.0  22.6  15.0  96.6    15       N

Max >=  32.0:  0
Max <=   0.0:  0
Min <=   0.0:  3
Min <= -18.0:  0
Max Rain: 9.80 ON 15/02/22
Days of Rain: 10 (> .2 mm) 3 (> 2 mm) 0 (> 20 mm)
Heat Base:  18.3  Cool Base:  18.3  Method: Integration