NOAA-style Climate Reports

Select a Year or Month report

Report for 2022 Mar
                   MONTHLY CLIMATOLOGICAL SUMMARY for MAR. 2022

NAME: Vado la Lepre   CITY: Castelnuovo V.C.   STATE: Italia 
ELEV:   800 m  LAT: 43.2068 N  LONG: 10.8773 E

                   TEMPERATURE (C), RAIN  (mm), WIND SPEED (km/hr)

                                      HEAT  COOL        AVG
    MEAN                              DEG   DEG         WIND                 DOM
DAY TEMP  HIGH   TIME   LOW    TIME   DAYS  DAYS  RAIN  SPEED HIGH   TIME    DIR
------------------------------------------------------------------------------------
 1   0.2   4.3   14:30  -3.1    7:00  18.1   0.0   0.0  16.3  53.1    4:30   NNE
 2   2.4   7.8   15:30  -1.3    2:15  15.9   0.0   0.0   8.5  30.6    3:45   NNE
 3   3.7   6.6   13:15   2.1    0:15  14.6   0.0   0.0   8.4  20.9   16:45     N
 4   2.7   5.7   13:30  -0.2   22:15  15.6   0.0   0.6   9.2  41.8   23:45    NE
 5   0.1   3.6   14:00  -2.7    7:00  18.2   0.0   0.0  19.6  59.5   11:45   NNE
 6  -0.6   3.7   12:30  -3.1    7:00  18.8   0.0   0.0  14.8  41.8    1:00   NNE
 7   0.5   5.2   14:30  -2.8    3:45  17.8   0.0   0.0  10.1  33.8    2:00   NNE
 8  -0.1   4.3   14:30  -3.0    5:45  18.4   0.0   0.0  14.8  43.5   10:00   NNE
 9   2.6   7.9   15:30  -2.2    0:45  15.7   0.0   0.0  10.0  33.8    4:30   NNE
10   6.1  11.2   15:00   2.3    5:45  12.2   0.0   0.0   7.1  14.5    1:30     N
11   6.5  10.4   11:30   3.6   00:00  11.8   0.0   0.0   9.0  27.4   15:30   ENE
12   3.7   8.1   14:00   0.8    7:00  14.6   0.0   0.0   9.7  29.0    9:00    NE
13   5.1  10.3   15:00   1.7    2:15  13.2   0.0   0.0  10.9  32.2   22:00   SSE
14   7.7  12.3   13:30   4.7    3:15  10.6   0.0   0.0  14.8  41.8    6:45     S
15   7.3   9.4   14:30   6.2   22:45  11.0   0.0   0.0  25.1  64.4   10:45     N
16   7.0   9.2   16:00   5.7    2:30  11.3   0.0   0.0  21.7  59.5    3:45     N
17   8.2  11.5   15:00   6.3   00:00  10.1   0.0   0.0  16.3  46.7   22:15    NE
18   6.3   9.7   13:30   4.4    4:45  12.0   0.0   0.0  24.3  54.7   19:00    NE
19   5.8   9.5   13:00   3.2    6:00  12.5   0.0   0.0  18.2  45.1    3:00    NE
20   5.4  10.8   15:45   1.8   00:00  12.9   0.0   0.0  13.4  40.2    7:30    NE
21   4.2  10.1   14:45  -0.8    4:30  14.1   0.0   0.0  14.6  45.1    6:30    NE
22   5.5  11.1   14:30   1.2    6:15  12.8   0.0   0.0  12.1  41.8    1:45    NE
23   9.1  15.0   14:30   2.9    2:00   9.2   0.0   0.0  11.6  38.6    8:45    NE
24  11.7  15.3   14:15   9.3   00:00   6.7   0.0   0.0   8.4  32.2   14:30     N
25  10.5  14.9   13:30   8.7    5:30   7.8   0.0   0.0  12.9  38.6   14:00     N
26  11.9  16.5   13:00   9.0    5:15   6.4   0.0   0.0   9.2  30.6   14:30     N
27  12.6  17.2   13:45   9.8   00:00   5.7   0.0   0.0  11.7  37.0    8:15    NE
28  11.8  17.2   12:15   7.8   23:45   6.5   0.0   0.0  15.0  37.0   15:15     N
29   9.1  12.9   13:15   6.7   00:00   8.4   0.0   0.0  23.2  54.7   23:00     N
30   7.3   9.6   00:00   5.6    8:30  11.0   0.0  11.4  26.2  64.4    3:00     N
31   7.8   9.6    0:15   5.8   18:00  10.5   0.0   8.0  26.9  66.0    4:15     N
-------------------------------------------------------------------------------------
     5.9  17.2    27    -3.1     1   384.4   0.0  20.0  14.6  66.0    31      NE

Max >=  32.0:  0
Max <=   0.0:  0
Min <=   0.0:  9
Min <= -18.0:  0
Max Rain: 11.40 ON 30/03/22
Days of Rain: 3 (> .2 mm) 2 (> 2 mm) 0 (> 20 mm)
Heat Base:  18.3  Cool Base:  18.3  Method: Integration