NOAA-style Climate Reports

Select a Year or Month report

Report for 2022 Apr
                   MONTHLY CLIMATOLOGICAL SUMMARY for APR. 2022

NAME: Vado la Lepre   CITY: Castelnuovo V.C.   STATE: Italia 
ELEV:   800 m  LAT: 43.2068 N  LONG: 10.8773 E

                   TEMPERATURE (C), RAIN  (mm), WIND SPEED (km/hr)

                                      HEAT  COOL        AVG
    MEAN                              DEG   DEG         WIND                 DOM
DAY TEMP  HIGH   TIME   LOW    TIME   DAYS  DAYS  RAIN  SPEED HIGH   TIME    DIR
------------------------------------------------------------------------------------
 1   5.7   9.6   15:15   1.2   00:00  12.6   0.0   2.2  24.8  53.1   13:15     N
 2   0.8   2.9   11:45  -0.6   10:45  17.5   0.0   2.2  19.3  59.5    9:15     N
 3   2.6   6.4   12:30  -0.6    1:15  15.7   0.0   2.6   7.7  27.4   17:45   ENE
 4   4.6   9.8   15:15   1.3    5:15  13.7   0.0   0.6   6.0  29.0   19:00     E
 5   7.3  11.9   14:30   3.7    2:45  11.0   0.0   0.0   7.9  27.4   15:00    NE
 6   6.4  10.6   11:30   2.6   19:15  11.9   0.0   6.8  10.3  43.5   15:00     N
 7   6.2  10.3   17:15   2.6    0:15  12.1   0.0   0.2  22.4  61.2   16:45     W
 8  11.1  14.8   12:30   8.2    0:15   7.2   0.0   0.0  28.6  64.4   15:30     N
 9   8.5  11.7   11:30   0.5   00:00   9.8   0.0   3.6  33.0  69.2    9:45     W
10   5.3  11.6   16:45  -0.2    4:00  13.0   0.0   0.0  10.3  40.2    1:00   NNE
11   7.9  12.0   14:30   5.6    4:15  10.4   0.0   0.0  18.0  45.1   14:45     N
12   8.6  13.2   16:00   4.9    4:15   9.7   0.0   0.0  19.3  38.6    0:45     S
13  12.7  17.9   13:45   8.8    5:00   5.6   0.0   0.0   9.7  29.0   14:45     N
14  14.3  19.9   14:15  10.1    6:45   4.1   0.1   0.0   9.7  27.4    1:00   ENE
15  16.1  21.3   15:45  12.9    6:30   2.6   0.4   0.0   8.0  20.9   23:45    NE
16  14.7  20.5   15:30   8.9   00:00   3.8   0.2   0.0  15.4  53.1   23:45    NE
17   6.5   9.9   14:30   3.0    7:00  11.8   0.0   0.0  21.6  59.5    2:15   NNE
18   7.4  13.8   16:30   1.3    6:00  10.9   0.0   0.0  11.7  40.2    8:15   NNE
19   9.3  13.1   14:30   6.6   23:30   9.0   0.0   0.0  15.3  43.5   14:15     N
20   9.2  12.9   16:00   6.6    0:15   9.1   0.0   0.0  14.6  32.2   12:45   SSE
21   8.4   9.7   12:30   7.1    1:30   9.8   0.0  15.8  15.3  40.2   22:30    NE
22   7.3   8.4    2:30   6.0   00:00  11.0   0.0  35.4  10.3  33.8   14:45     N
23   9.4  12.5   14:15   5.9    0:15   8.9   0.0   0.6  28.3  85.3   21:15     N
24   7.3   9.3    0:15   5.7   17:00  11.0   0.0   6.8  34.0  83.7   11:30     N
25   9.6  13.8   15:00   6.6    5:30   8.7   0.0   2.6  19.8  48.3   18:45     N
26  10.9  14.7   13:15   8.6    2:45   7.4   0.0   0.0  10.6  45.1   15:00     N
27  13.1  17.7   13:15  10.0    0:15   5.2   0.0   0.0   5.5  24.1   23:15     N
28  12.1  17.6   15:30   7.8    6:15   6.2   0.0   0.0  14.5  45.1    8:15    NE
29  11.6  16.8   16:00   6.2    5:15   6.8   0.0   0.0  17.4  54.7    3:00   NNE
30  12.2  17.7   15:15   7.8    5:30   6.1   0.0   0.0  12.7  41.8    1:30    NE
-------------------------------------------------------------------------------------
     8.9  21.3    15    -0.6     2   282.6   0.7  79.5  16.1  85.3    23       N

Max >=  32.0:  0
Max <=   0.0:  0
Min <=   0.0:  3
Min <= -18.0:  0
Max Rain: 35.41 ON 22/04/22
Days of Rain: 12 (> .2 mm) 9 (> 2 mm) 1 (> 20 mm)
Heat Base:  18.3  Cool Base:  18.3  Method: Integration