NOAA-style Climate Reports

Select a Year or Month report
V/Λ2019 > Jan Feb Mar Apr May Jun Jul Aug Sep Oct Nov Dec
V/Λ2018 > Jan Feb Mar Apr May Jun Jul Aug Sep Oct Nov Dec
V/Λ2017 > Jan Feb Mar Apr May Jun Jul Aug Sep Oct Nov Dec
V/Λ2016 > Jan Feb Mar Apr May Jun Jul Aug Sep Oct Nov Dec
V/Λ2015 > Jan Feb Mar Apr May Jun Jul Aug Sep Oct Nov Dec
V/Λ2014 > Jan Feb Mar Apr May Jun Jul Aug Sep Oct Nov Dec

Report for 2019 07
                   MONTHLY CLIMATOLOGICAL SUMMARY for JUL. 2019

NAME: Montecerboli   CITY: Montecerboli   STATE: Italia 
ELEV:   420 m  LAT: 43.2498 N  LONG: 10.8813 E

                   TEMPERATURE (C), RAIN  (mm), WIND SPEED (km/hr)

                                      HEAT  COOL        AVG
    MEAN                              DEG   DEG         WIND                 DOM
DAY TEMP  HIGH   TIME   LOW    TIME   DAYS  DAYS  RAIN  SPEED HIGH   TIME    DIR
------------------------------------------------------------------------------------
 1  26.9  31.3   14:00  23.4   22:40   0.0   8.6   0.0   0.8  12.9   15:30    SW
 2  26.4  31.4   16:20  21.8    4:40   0.0   8.1   0.0   0.0   9.7   16:20    SW
 3  26.6  31.8   14:30  21.8   23:50   0.0   8.3   0.0   0.3  12.9   16:30    SW
 4  25.6  30.6   15:30  21.3    2:50   0.0   7.2   0.0   0.2  12.9    3:10   ESE
 5  26.0  31.1   14:20  22.2    4:20   0.0   7.7   0.0   0.3  11.3   17:20   WSW
 6  25.7  30.3   15:50  22.0    4:30   0.0   7.4   0.0   0.6  14.5   14:40    SW
 7  24.3  29.2   16:20  20.6    2:10   0.0   6.0   0.0   0.6  17.7   16:50    SW
 8  24.6  28.8   14:20  17.9    7:20   0.0   6.3  12.4   0.5  19.3    7:00    SW
 9  25.5  30.6   15:20  22.0    6:50   0.0   7.2   0.0   1.0  20.9   13:50    SW
10  23.6  26.8   14:50  20.4   23:50   0.0   5.3   1.4   1.4  33.8   13:40   ENE
11  22.6  26.9   14:40  19.2    5:50   0.0   4.3   0.0   0.3  16.1    7:10   ESE
12  23.1  27.0   16:20  20.8    4:10   0.0   4.8   0.0   0.2  11.3   15:50    SW
13  23.4  27.2   15:40  20.4    5:20   0.0   5.2   0.0   0.2  16.1   15:50   SSW
14  22.2  27.4   13:50  19.8    6:20   0.0   2.3   0.0   0.5  14.5    7:30   ESE
15
16
17
18
19
20
21
22
23
24
25
26
27
28
29
30
31
-------------------------------------------------------------------------------------
    24.8  31.8     3    17.9     8     0.0  88.9  13.8   0.5  33.8    10      SW

Max >=  32.0:  0
Max <=   0.0:  0
Min <=   0.0:  0
Min <= -18.0:  0
Max Rain: 12.40 ON 08/07/19
Days of Rain: 2 (> .2 mm) 1 (> 2 mm) 0 (> 20 mm)
Heat Base:  18.3  Cool Base:  18.3  Method: Integration