NOAA-style Climate Reports

Select a Year or Month report
V/Λ2019 > Jan Feb Mar Apr May Jun Jul Aug Sep Oct Nov Dec
V/Λ2018 > Jan Feb Mar Apr May Jun Jul Aug Sep Oct Nov Dec
V/Λ2017 > Jan Feb Mar Apr May Jun Jul Aug Sep Oct Nov Dec
V/Λ2016 > Jan Feb Mar Apr May Jun Jul Aug Sep Oct Nov Dec
V/Λ2015 > Jan Feb Mar Apr May Jun Jul Aug Sep Oct Nov Dec
V/Λ2014 > Jan Feb Mar Apr May Jun Jul Aug Sep Oct Nov Dec

Report for 2019 05
                   MONTHLY CLIMATOLOGICAL SUMMARY for MAY. 2019

NAME: Montecerboli   CITY: Montecerboli   STATE: Italia 
ELEV:   420 m  LAT: 43.2498 N  LONG: 10.8813 E

                   TEMPERATURE (C), RAIN  (mm), WIND SPEED (km/hr)

                                      HEAT  COOL        AVG
    MEAN                              DEG   DEG         WIND                 DOM
DAY TEMP  HIGH   TIME   LOW    TIME   DAYS  DAYS  RAIN  SPEED HIGH   TIME    DIR
------------------------------------------------------------------------------------
 1  12.9  17.3   12:40   9.8    5:10   5.4   0.0   0.0   0.2  14.5   14:40   NNW
 2  13.5  17.4   15:10  10.4    6:40   4.8   0.0   0.0   1.8  20.9   14:00    SW
 3  13.3  15.7   14:30  11.9    6:00   5.0   0.0   0.0   6.9  32.2   18:10   SSW
 4  12.3  14.6   13:00  10.3    6:30   6.0   0.0   0.8   0.3  12.9   21:30    SW
 5   7.6  11.6    4:10   4.6   23:50  10.7   0.0  14.0   1.3  17.7    4:10   SSW
 6   8.1  11.9   16:50   4.2    6:10  10.3   0.0   0.0   1.1  16.1   16:50   ENE
 7  11.3  15.2   16:10   7.8    0:10   7.0   0.0   0.0   0.3  14.5   14:40   NNW
 8  11.6  14.2   13:30   9.1    1:40   6.7   0.0   0.0   5.6  38.6   23:30     N
 9  13.2  15.7   17:30  11.1    1:30   5.1   0.0   5.8   6.9  70.8    3:30    SW
10  13.8  16.9   15:00  10.8    1:50   4.4   0.0   0.0   0.2  16.1   14:40    SW
11  14.7  18.2   12:40  12.0    1:30   3.6   0.0   1.0   3.4  24.1   11:20    SW
12  11.4  15.6   16:00   9.2   22:00   6.9   0.0   2.2   2.9  24.1   17:00   ENE
13  11.1  13.5   12:10   9.4    0:20   7.2   0.0   0.2   6.6  43.5   14:00   ENE
14  11.3  15.2   13:40   8.1   23:30   7.0   0.0   0.0   4.2  22.5    0:40     E
15   8.3  11.2   18:50   5.3    7:00  10.0   0.0   0.0   1.8  19.3   13:20     E
16  11.1  17.7   17:00   5.7    6:10   7.2   0.0   0.0   0.5  11.3    3:10     E
17  12.6  16.9   13:20   9.3    1:50   3.8   0.0   0.0   2.1  22.5   13:00     E
18
19
20
21
22
23
24
25
26
27
28
29
30
31
-------------------------------------------------------------------------------------
    11.6  18.2    11     4.2     6   111.2   0.0  24.0   2.7  70.8     9      SW

Max >=  32.0:  0
Max <=   0.0:  0
Min <=   0.0:  0
Min <= -18.0:  0
Max Rain: 14.00 ON 05/05/19
Days of Rain: 6 (> .2 mm) 3 (> 2 mm) 0 (> 20 mm)
Heat Base:  18.3  Cool Base:  18.3  Method: Integration