NOAA-style Climate Reports

Select a Year or Month report
V/Λ2020 > Jan Feb Mar Apr May Jun Jul Aug Sep Oct Nov Dec
V/Λ2019 > Jan Feb Mar Apr May Jun Jul Aug Sep Oct Nov Dec
V/Λ2018 > Jan Feb Mar Apr May Jun Jul Aug Sep Oct Nov Dec
V/Λ2017 > Jan Feb Mar Apr May Jun Jul Aug Sep Oct Nov Dec
V/Λ2016 > Jan Feb Mar Apr May Jun Jul Aug Sep Oct Nov Dec
V/Λ2015 > Jan Feb Mar Apr May Jun Jul Aug Sep Oct Nov Dec
V/Λ2014 > Jan Feb Mar Apr May Jun Jul Aug Sep Oct Nov Dec

Report for 2020 05
                   MONTHLY CLIMATOLOGICAL SUMMARY for MAY. 2020

NAME: Montecerboli   CITY: Montecerboli   STATE: Italia 
ELEV:   420 m  LAT: 43.2498 N  LONG: 10.8813 E

                   TEMPERATURE (C), RAIN  (mm), WIND SPEED (km/hr)

                                      HEAT  COOL        AVG
    MEAN                              DEG   DEG         WIND                 DOM
DAY TEMP  HIGH   TIME   LOW    TIME   DAYS  DAYS  RAIN  SPEED HIGH   TIME    DIR
------------------------------------------------------------------------------------
 1  15.5  18.4   16:40  12.9    5:10   2.8   0.0   0.0  13.2  41.8   15:10   SSW
 2  15.4  17.7   17:10  14.1    9:20   2.9   0.0   0.0  15.0  48.3    1:10    SW
 3  17.3  21.9   16:20  13.9    7:40   1.7   0.8   0.0  10.1  35.4   15:50   ENE
 4  16.9  21.8   14:30  13.3   00:00   2.1   0.7   0.0  11.3  46.7    1:10    SW
 5  15.7  19.1   17:20  12.1    6:40   2.7   0.0   0.0  12.4  38.6   13:50   SSW
 6  16.6  21.9   16:30  13.0    2:00   2.3   0.6   0.0   7.2  35.4   00:00   ENE
 7  16.6  22.3   16:30  12.6    6:00   2.5   0.8   0.0  10.9  40.2   10:50     E
 8  17.7  21.7   13:50  14.5   22:10   1.2   0.7   0.0  10.6  43.5   17:50    SW
 9  16.9  21.4   15:30  13.1    7:00   1.8   0.5   0.0  10.6  41.8   12:20     S
10  16.9  20.7   14:10  13.2    5:00   1.8   0.5   0.0  11.6  38.6   10:00     S
11  15.2  18.3   14:30  11.2    6:40   3.1   0.0   2.0  17.1  59.5   11:10   SSW
12  16.6  21.0   16:50  13.2    5:30   2.2   0.5   2.0  10.6  41.8   23:30    SW
13  17.4  20.3   13:30  14.5    5:10   1.1   0.3   0.0  15.3  88.5   14:50     S
14  18.9  23.7   16:30  15.4    6:00   0.9   1.5   0.0  13.4  78.9   23:00     S
15  16.4  19.9   15:00  14.3    6:30   2.0   0.1   0.0  12.1  56.3    2:20   SSW
16  16.1  19.0   19:30  13.3    3:40   2.3   0.0   0.0   8.7  38.6   19:20    NE
17  18.7  23.6   13:50  15.2    6:00   1.0   1.4   0.0   8.4  27.4   12:40   NNW
18  17.6  20.4   13:10  15.7   00:00   1.0   0.2   1.4   7.6  37.0   14:20   ENE
19  16.5  20.3   15:20  13.7   16:50   2.0   0.2  16.4   9.3  53.1   16:30   ENE
20  15.7  19.1   14:30  13.4    1:50   2.6   0.0  10.2  13.5  43.5   17:20    NE
21  17.9  22.7   16:50  13.3    4:30   1.6   1.3   0.0  11.7  46.7   14:00    NE
22  20.4  24.1   17:10  16.6    0:30   0.3   2.4   0.0   7.6  25.7   14:00    SW
23  20.7  24.6   13:10  16.9    4:00   0.1   2.5   0.0   8.5  33.8   14:10   WSW
24  19.9  24.1   15:40  16.1    5:30   0.4   2.0   0.0   7.2  27.4   12:30     E
25  18.7  25.2   16:00  15.3    6:20   0.7   1.1   0.0  10.9  30.6    5:30     E
26
27
28
29
30
31
-------------------------------------------------------------------------------------
    17.3  25.2    25    11.2    11    43.3  17.9  32.0  11.0  88.5    13     SSW

Max >=  32.0:  0
Max <=   0.0:  0
Min <=   0.0:  0
Min <= -18.0:  0
Max Rain: 16.41 ON 19/05/20
Days of Rain: 5 (> .2 mm) 4 (> 2 mm) 0 (> 20 mm)
Heat Base:  18.3  Cool Base:  18.3  Method: Integration