NOAA-style Climate Reports

Select a Year or Month report
V/Λ2019 > Jan Feb Mar Apr May Jun Jul Aug Sep Oct Nov Dec V/Λ2018 > Jan Feb Mar Apr May Jun Jul Aug Sep Oct Nov Dec V/Λ2017 > Jan Feb Mar Apr May Jun Jul Aug Sep Oct Nov Dec V/Λ2016 > Jan Feb Mar Apr May Jun Jul Aug Sep Oct Nov Dec

Report for 2016
                            ANNUAL CLIMATOLOGICAL SUMMARY

NAME: Poggio alle Forche  CITY: Pomarance   STATE: Italia  
ELEV:   380 m  LAT: 43.3071 N  LONG: 10.8692 E

               TEMPERATURE (C), HEAT BASE 18.3, COOL BASE 18.3
                          DEP.  HEAT  COOL                                          
        MEAN  MEAN        FROM  DEG   DEG                        MAX  MAX  MIN  MIN 
 YR MO  MAX   MIN   MEAN  NORM  DAYS  DAYS  HI  DATE  LOW  DATE  >=32 <=0  <=0  <=-18 
------------------------------------------------------------------------------------
 16  1
 16  2
 16  3
 16  4
 16  5
 16  6  24.5  16.2  19.7   0.0    29    71  32.9  23  12.0    2    1    0    0    0
 16  7  29.1  19.5  23.8   0.0     2   174  32.3   7  14.2   15    4    0    0    0
 16  8  28.4  18.9  22.9   0.0     2   145  31.9  14  13.8   12    0    0    0    0
 16  9  24.8  16.9  20.3   0.0    16    76  30.4   2  13.4   25    0    0    0    0
 16 10  18.4  12.0  14.8   0.0   116     7  23.2  14   7.1   11    0    0    0    0
 16 11  14.0   8.5  11.2   0.0   215     0  18.7   3  -0.2   29    0    0    1    0
 16 12  11.7   6.7   8.9   0.0   292     0  15.9  22   1.3   17    0    0    0    0
------------------------------------------------------------------------------------
        21.6  14.1  17.4   0.0   672   472  32.9 JUN  -0.2  NOV    5    0    1    0

                                PRECIPITATION (mm)

               DEP.   MAX        DAYS OF RAIN 
               FROM   OBS.          OVER
 YR MO  TOTAL  NORM   DAY  DATE  .2   2   20
---------------------------------------------
 16  1
 16  2
 16  3
 16  4
 16  5
 16  6  25.2    0.0  14.4    1   11    3    0
 16  7  60.8    0.0  29.8   24    7    2    2
 16  8  77.2    0.0  60.4   30    4    3    1
 16  9  68.0    0.0  30.0   16    9    5    1
 16 10 148.8    0.0  57.0   14   16    8    3
 16 11 282.2    0.0  72.0    6   13    9    5
 16 12   9.0    0.0   5.6   20    8    1    0
---------------------------------------------
       671.2   0.0  72.0  NOV   68   31   12

                                WIND SPEED (km/hr)
                          DOM
 YR MO   AVG.  HI   DATE  DIR
---------------------------------
 16  1
 16  2
 16  3
 16  4
 16  5
 16  6  10.3  64.4   19     W
 16  7  11.4  72.4   14     W
 16  8  10.5  56.3    5     W
 16  9   9.3  67.6   17   ESE
 16 10  10.3  85.3   14   ESE
 16 11  13.2  95.0    6   ESE
 16 12   9.3  59.5   29   ESE
---------------------------------
        10.6  95.0  NOV    W