NOAA-style Climate Reports

Select a Year or Month report
V/Λ2019 > Jan Feb Mar Apr May Jun Jul Aug Sep Oct Nov Dec
V/Λ2018 > Jan Feb Mar Apr May Jun Jul Aug Sep Oct Nov Dec
V/Λ2017 > Jan Feb Mar Apr May Jun Jul Aug Sep Oct Nov Dec
V/Λ2016 > Jan Feb Mar Apr May Jun Jul Aug Sep Oct Nov Dec

Report for 2018
                            ANNUAL CLIMATOLOGICAL SUMMARY

NAME: Poggio alle Forche  CITY: Pomarance   STATE: Italia  
ELEV:   400 m  LAT: 43.3071 N  LONG: 10.8692 E

               TEMPERATURE (C), HEAT BASE 18.3, COOL BASE 18.3
                          DEP.  HEAT  COOL                                          
        MEAN  MEAN        FROM  DEG   DEG                        MAX  MAX  MIN  MIN 
 YR MO  MAX   MIN   MEAN  NORM  DAYS  DAYS  HI  DATE  LOW  DATE  >=32 <=0  <=0  <=-18 
------------------------------------------------------------------------------------
 18  1  12.4   7.4   9.5   0.0   272     0  16.4   8   2.9   15    0    0    0    0
 18  2   7.1   1.3   3.8   0.0   405     0  11.9  24  -7.6   28    0    2    6    0
 18  3  11.4   5.4   8.0   0.0   317     0  15.7  30  -3.8    1    0    1    2    0
 18  4  20.0  11.6  15.1   0.0   115    19  26.9  21   6.7    1    0    0    0    0
 18  5  21.1  13.5  16.5   0.0    83    27  29.5  26   7.5   15    0    0    0    0
 18  6  25.4  16.8  20.6   0.0    13    81  29.0  20  14.0   26    0    0    0    0
 18  7  29.1  19.9  24.0   0.0     0   179  35.6  31  15.8   17    3    0    0    0
 18  8  30.2  20.7  24.6   0.0     2   197  35.1   1  13.6   27    6    0    0    0
 18  9  26.3  17.5  21.0   0.0    15    96  31.7  11   9.4   27    0    0    0    0
 18 10  20.5  13.0  16.4   0.0    75    17  24.8   4   8.4   22    0    0    0    0
 18 11  13.9   9.0  11.2   0.0   212     0  19.6   3   1.9   19    0    0    0    0
 18 12  10.9   6.5   8.6   0.0   299     0  15.8  23  -0.1   15    0    0    2    0
------------------------------------------------------------------------------------
        19.1  11.9  15.0   0.0  1808   616  35.6 JUL  -7.6  FEB    9    3   10    0

                                PRECIPITATION (mm)

               DEP.   MAX        DAYS OF RAIN 
               FROM   OBS.          OVER
 YR MO  TOTAL  NORM   DAY  DATE  .2   2   20
---------------------------------------------
 18  1  20.0    0.0   7.0    3    7    4    0
 18  2  93.6    0.0  27.8   18   16    9    1
 18  3 135.1    0.0  34.2    2   16   13    3
 18  4  35.6    0.0  15.4    4    9    3    0
 18  5 122.4    0.0  20.2    8   22   14    1
 18  6  18.8    0.0   4.6   13    9    4    0
 18  7  13.4    0.0   6.2   30    7    2    0
 18  8  39.2    0.0  12.6   14   10    6    0
 18  9  36.8    0.0  14.4    1    9    6    0
 18 10 139.0    0.0  54.4    1   12    6    2
 18 11  57.6    0.0  11.4   26   14    7    0
 18 12  39.8    0.0  15.2   16   17    6    0
---------------------------------------------
       751.2   0.0  54.4  OCT  148   80    7

                                WIND SPEED (km/hr)
                          DOM
 YR MO   AVG.  HI   DATE  DIR
---------------------------------
 18  1  14.1 138.4    3   WSW
 18  2  11.5  69.2    1    NE
 18  3  17.0  96.6    2     W
 18  4  13.2  70.8    1   ESE
 18  5   9.5  75.6    8   ESE
 18  6  11.3  53.1    9     W
 18  7  11.1  72.4   16     W
 18  8  10.1  96.6   20   ESE
 18  9  10.2  54.7   24   ESE
 18 10  14.4 128.7   29     E
 18 11  12.2  80.5    1     E
 18 12  12.4  90.1    9   ESE
---------------------------------
        12.3 138.4  JAN  ESE