Select a Year or Month report
Report for 2020
ANNUAL CLIMATOLOGICAL SUMMARY
NAME: Poggio alle Forche CITY: Pomarance STATE: Italia
ELEV: 400 m LAT: 43.3071 N LONG: 10.8692 E
TEMPERATURE (°C), HEAT BASE 18.3, COOL BASE 18.3
DEP. HEAT COOL
MEAN MEAN FROM DEG DEG MAX MAX MIN MIN
YR MO MAX MIN MEAN NORM DAYS DAYS HI DATE LOW DATE >=32 <=0 <=0 <=-18
------------------------------------------------------------------------------------
20 1 11.8 6.2 8.6 0.0 302 0 15.3 30 2.6 21 0 0 0 0
20 2 13.9 7.4 10.2 0.0 235 0 17.4 15 2.8 6 0 0 0 0
20 3 13.6 6.3 9.4 0.0 276 0 19.6 19 -0.2 25 0 0 3 0
20 4 18.2 9.5 13.3 0.0 153 3 22.2 11 0.5 2 0 0 0 0
20 5 22.0 13.8 17.4 0.0 55 28 27.0 25 9.8 30 0 0 0 0
20 6 24.0 16.2 19.5 0.0 32 69 30.1 28 11.4 11 0 0 0 0
20 7 28.8 19.0 23.5 0.0 1 164 33.2 31 16.2 13 2 0 0 0
20 8 29.5 20.4 24.5 0.0 2 193 35.6 9 12.8 31 8 0 0 0
20 9 25.9 16.7 20.6 0.0 30 98 31.7 13 7.7 27 0 0 0 0
20 10 17.4 11.6 14.2 0.0 131 2 22.3 8 7.7 12 0 0 0 0
20 11 14.7 9.5 11.7 0.0 198 0 20.4 7 2.4 22 0 0 0 0
20 12 10.8 6.1 8.3 0.0 309 0 15.6 18 1.1 27 0 0 0 0
------------------------------------------------------------------------------------
19.2 11.9 15.1 0.0 1724 557 35.6 AUG -0.2 MAR 10 0 3 0
PRECIPITATION (mm)
DEP. MAX DAYS OF RAIN
FROM OBS. OVER
YR MO TOTAL NORM DAY DATE .2 2 20
---------------------------------------------
20 1 43.0 0.0 19.8 18 8 4 0
20 2 10.6 0.0 4.4 26 8 2 0
20 3 37.2 0.0 10.2 2 9 6 0
20 4 25.2 0.0 13.6 20 8 3 0
20 5 43.2 0.0 12.2 30 11 4 0
20 6 67.8 0.0 15.8 11 11 7 0
20 7 5.8 0.0 4.0 3 6 1 0
20 8 46.6 0.0 28.2 18 5 3 1
20 9 90.2 0.0 30.4 25 12 7 1
20 10 99.4 0.0 23.4 15 15 8 1
20 11 16.6 0.0 10.0 20 10 2 0
20 12 122.4 0.0 30.2 5 22 13 1
---------------------------------------------
608.0 0.0 30.4 SEP 125 60 4
WIND SPEED (km/hr)
DOM
YR MO AVG. HI DATE DIR
---------------------------------
20 1 5.0 57.9 28 NE
20 2 9.3 120.7 26 SSW
20 3 12.7 119.1 2 NE
20 4 10.7 75.6 13 E
20 5 12.3 70.8 2 E
20 6 11.9 93.3 4 W
20 7 10.7 74.0 24 W
20 8 12.0 98.2 30 W
20 9 9.8 109.4 25 E
20 10 12.7 93.3 2 ESE
20 11 10.4 66.0 20 ESE
20 12 12.9 109.4 5 ESE
---------------------------------
10.9 120.7 FEB W