NOAA-style Climate Reports

Select a Year or Month report

Report for 2019
                            ANNUAL CLIMATOLOGICAL SUMMARY

NAME: Poggio alle Forche  CITY: Pomarance   STATE: Italia  
ELEV:   400 m  LAT: 43.3071 N  LONG: 10.8692 E

               TEMPERATURE (C), HEAT BASE 18.3, COOL BASE 18.3
                          DEP.  HEAT  COOL                                          
        MEAN  MEAN        FROM  DEG   DEG                        MAX  MAX  MIN  MIN 
 YR MO  MAX   MIN   MEAN  NORM  DAYS  DAYS  HI  DATE  LOW  DATE  >=32 <=0  <=0  <=-18 
------------------------------------------------------------------------------------
 19  1   8.2   3.0   5.4   0.0   400     0  14.3  14  -1.8    4    0    0    4    0
 19  2  12.5   5.8   8.7   0.0   269     0  17.8  27   1.5   24    0    0    0    0
 19  3  14.9   7.1  10.6   0.0   240     1  22.1  23   2.3   12    0    0    0    0
 19  4  16.1   8.8  12.0   0.0   192     3  22.7   1   3.3    4    0    0    0    0
 19  5  17.2  10.4  13.3   0.0   158     2  22.3  31   5.0    5    0    0    0    0
 19  6  28.1  18.4  22.8   0.0     8   142  35.2  27  14.0    3    6    0    0    0
 19  7  29.3  20.3  24.4   0.0     3   193  36.3  25  14.9   28    5    0    0    0
 19  8  29.9  20.8  24.6   0.0     0   195  32.9  11  18.4   16    3    0    0    0
 19  9  25.1  16.7  20.4   0.0    14    75  31.3   1  10.8   21    0    0    0    0
 19 10  20.9  14.1  17.0   0.0    58    16  25.1  22  10.1    4    0    0    0    0
 19 11  14.0   9.3  11.5   0.0   203     0  18.2   4   5.8    9    0    0    0    0
 19 12  13.6   8.7  11.0   0.0     6     0  13.6   1   8.7    1    0    0    0    0
------------------------------------------------------------------------------------
        19.7  12.3  15.5   0.0  1550   627  36.3 JUL  -1.8  JAN   14    0    4    0

                                PRECIPITATION (mm)

               DEP.   MAX        DAYS OF RAIN 
               FROM   OBS.          OVER
 YR MO  TOTAL  NORM   DAY  DATE  .2   2   20
---------------------------------------------
 19  1  25.4    0.0   6.8   31   10    5    0
 19  2  29.4    0.0  20.0    2    8    2    0
 19  3   3.2    0.0   2.2   18    4    1    0
 19  4 107.8    0.0  19.2   22   16   10    0
 19  5 135.2    0.0  38.6   29   15   11    3
 19  6   1.6    0.0   1.2   15    3    0    0
 19  7  89.0    0.0  31.4   27    6    5    2
 19  8   3.6    0.0   1.4   26    7    0    0
 19  9  83.2    0.0  22.4    1   10    7    2
 19 10  48.6    0.0  14.0   15    9    5    0
 19 11 223.8    0.0  41.6    5   28   16    4
 19 12   1.0    0.0   1.0    1    1    0    0
---------------------------------------------
       751.9   0.0  41.6  NOV  117   62   11

                                WIND SPEED (km/hr)
                          DOM
 YR MO   AVG.  HI   DATE  DIR
---------------------------------
 19  1  12.1  70.8    2   ESE
 19  2  13.1 109.4    1    NE
 19  3  14.4  77.2    5     W
 19  4  13.3  80.5   23     W
 19  5  12.2  82.1    9     W
 19  6  11.6  59.5    7     W
 19  7  12.1  83.7   28   WNW
 19  8  10.4  51.5   13     W
 19  9  11.4  85.3    1     E
 19 10  11.2  72.4    9   ESE
 19 11  15.4  85.3   15   ESE
 19 12  13.8  38.6    1    SE
---------------------------------
        12.5 109.4  FEB    W