NOAA-style Climate Reports

Select a Year or Month report

Report for 2019 Jan
                   MONTHLY CLIMATOLOGICAL SUMMARY for JAN. 2019

NAME: Poggio alle Forche   CITY: Pomarance   STATE: Italia 
ELEV:   400 m  LAT: 43.3071 N  LONG: 10.8692 E

                   TEMPERATURE (C), RAIN  (mm), WIND SPEED (km/hr)

                                      HEAT  COOL        AVG
    MEAN                              DEG   DEG         WIND                 DOM
DAY TEMP  HIGH   TIME   LOW    TIME   DAYS  DAYS  RAIN  SPEED HIGH   TIME    DIR
------------------------------------------------------------------------------------
 1   7.7  11.5   14:30   5.1    8:30  10.6   0.0   0.0  14.5  41.8    3:00   ESE
 2   7.6  11.1   13:00   3.9   23:30  10.7   0.0   0.0  15.0  70.8   15:30     W
 3   3.2   5.7   13:00   1.8    6:00  15.1   0.0   0.0   9.5  40.2   16:30     N
 4   2.4   5.9   16:00  -1.8    8:30  15.9   0.0   0.0   8.7  37.0    9:00   ESE
 5   5.2   6.8   16:00   3.0    5:00  13.1   0.0   0.0  10.9  30.6   20:30    SW
 6   7.7  10.7   15:30   5.8   00:00  10.6   0.0   0.0   4.3  16.1   14:00   WSW
 7   7.3   9.9   17:00   4.2    4:00  11.0   0.0   0.2   7.4  25.7   15:00   ESE
 8   7.1   8.9   15:00   5.8   22:00  11.2   0.0   0.0  12.7  43.5   13:30    SW
 9   6.0   9.4   15:00   3.6   00:00  12.3   0.0   0.2   9.5  35.4   20:00    NE
10   4.2   7.1   15:00   1.8    8:30  14.1   0.0   0.0  12.7  33.8   13:00    NE
11   2.9   5.6   14:00   0.1    5:00  15.4   0.0   0.0  10.6  30.6   14:00     E
12   4.8   7.9   16:00   1.2    1:00  13.5   0.0   0.0   8.4  24.1   15:00   ESE
13   7.8   9.4   12:30   5.8    0:30  10.5   0.0   0.0  10.9  35.4    1:00     W
14   9.6  14.3   15:00   7.4    3:00   8.7   0.0   0.0  13.4  37.0   15:30     W
15   8.6  12.3   14:00   6.2    8:00   9.8   0.0   0.0  16.3  43.5    2:30   ESE
16   8.9  10.7   14:30   7.2    5:00   9.4   0.0   0.0  15.9  49.9   13:00   SSW
17   8.4   9.6   14:30   6.9    7:30   9.9   0.0   3.6  15.6  48.3    1:30   SSW
18   8.0   9.8   14:00   4.8   23:30  10.3   0.0   0.0  16.7  41.8    3:30   SSW
19   4.8   7.5   14:30   3.1    8:30  13.5   0.0   0.0  12.1  27.4    7:30     E
20   4.9   8.6   14:30   2.7    4:00  13.4   0.0   0.0  10.5  24.1    9:00   ESE
21   2.9   5.3   14:00   1.1   00:00  15.3   0.0   3.0  10.6  29.0    3:00     E
22   0.5   1.7    8:00  -0.3   00:00  17.8   0.0   1.6   4.7  29.0    2:00   ENE
23   0.9   3.0   15:00  -0.7    8:30  17.4   0.0   5.4  10.6  43.5   17:30     E
24   2.6   4.4   14:00   1.3    8:00  15.7   0.0   0.2  20.3  59.5   11:30   ENE
25   2.8   5.2   13:00   1.3   23:00  15.5   0.0   0.0  13.7  45.1    2:00   NNE
26   5.3   9.4   15:30   1.2    3:00  13.0   0.0   0.0  10.1  43.5    6:30   ESE
27   8.5  10.9   16:00   6.0    6:30   9.8   0.0   0.0  15.6  69.2   23:30    SW
28   6.2   9.1   15:00   2.8   00:00  12.1   0.0   1.0  19.3  67.6    0:30     W
29   4.8   8.4   15:00   2.7    2:00  13.5   0.0   0.0   9.5  35.4   23:00    NE
30   1.3   3.4    0:30  -0.3   20:30  17.0   0.0   3.4  13.0  32.2    0:30    SE
31   4.2   9.3   00:00   0.7    7:00  14.1   0.0   6.8  11.1  57.9   20:30     S
-------------------------------------------------------------------------------------
     5.4  14.3    14    -1.8     4   400.2   0.0  25.4  12.1  70.8     2     ESE

Max >=  32.0:  0
Max <=   0.0:  0
Min <=   0.0:  4
Min <= -18.0:  0
Max Rain: 6.81 ON 31/01/19
Days of Rain: 10 (> .2 mm) 5 (> 2 mm) 0 (> 20 mm)
Heat Base:  18.3  Cool Base:  18.3  Method: Integration