NOAA-style Climate Reports

Select a Year or Month report

Report for 2019 May
                   MONTHLY CLIMATOLOGICAL SUMMARY for MAY. 2019

NAME: Poggio alle Forche   CITY: Pomarance   STATE: Italia 
ELEV:   400 m  LAT: 43.3071 N  LONG: 10.8692 E

                   TEMPERATURE (C), RAIN  (mm), WIND SPEED (km/hr)

                                      HEAT  COOL        AVG
    MEAN                              DEG   DEG         WIND                 DOM
DAY TEMP  HIGH   TIME   LOW    TIME   DAYS  DAYS  RAIN  SPEED HIGH   TIME    DIR
------------------------------------------------------------------------------------
 1  12.7  17.7   12:30   9.8    7:30   5.6   0.0   0.0  11.9  38.6   16:00     W
 2  13.6  17.7   15:30  10.5    1:30   4.8   0.0   0.0  13.7  43.5   16:00    SW
 3  13.6  16.2   15:00  12.0    6:30   4.7   0.0   0.8  17.9  59.5   14:00   SSW
 4  12.7  16.7   14:00  10.4    7:00   5.7   0.0   5.0  10.8  41.8   15:30   ESE
 5   8.1  11.7    7:30   5.0   11:30  10.2   0.0  25.0  12.2  51.5    8:00     N
 6   9.1  13.9   17:30   5.0    6:30   9.2   0.0   0.0   7.6  38.6    6:00     N
 7  11.8  15.2   16:00   9.2    0:30   6.5   0.0   0.0  11.3  38.6   18:30   WNW
 8  12.0  15.0   13:30   9.4    7:30   6.3   0.0   0.0  15.0  56.3   17:00     S
 9  13.3  15.6   18:00  11.6    2:00   5.0   0.0   3.6  22.9  82.1    6:00     W
10  14.0  17.1   15:30  11.2    2:00   4.3   0.0   0.0  10.8  40.2   16:00   WNW
11  15.0  18.4   14:30  12.2    2:00   3.3   0.0   1.4  15.3  51.5   15:30    SW
12  11.8  16.1   14:30   9.7    7:00   6.5   0.0   2.4  13.8  45.1   17:00   NNE
13  11.6  14.3   13:30  10.0   00:00   6.7   0.0   0.0  25.4  70.8    9:00    NE
14  11.8  17.1   13:30   8.4   00:00   6.5   0.0   0.0  16.4  46.7    6:00    NE
15   8.9  13.8   13:30   5.7    7:00   9.4   0.0   0.0  13.8  41.8   10:00    NE
16  11.9  19.6   16:00   6.2    6:00   6.4   0.0   0.0  11.6  38.6   17:30     E
17  13.8  18.3   12:00   9.4    7:00   4.5   0.0   0.0  11.1  45.1   17:30   ESE
18  12.5  16.5   15:30  10.8    7:00   5.8   0.0   4.2  10.8  40.2    9:30     E
19  11.7  14.3   15:30  10.4   20:30   6.6   0.0  27.4  16.1  43.5   15:00     W
20  13.0  17.8   12:30  10.2    4:00   5.3   0.0   1.2  12.9  51.5   18:30    SW
21  14.6  19.1   14:30  11.5    3:00   3.8   0.0   1.0  10.0  37.0   12:00   NNW
22  14.3  17.3   12:00  12.1    6:30   4.0   0.0   3.0   6.4  25.7    3:30   ESE
23  15.4  19.8   13:30  12.4    6:00   3.0   0.1   0.0  11.7  37.0   18:00     W
24  16.1  20.7   16:30  12.6    6:30   2.6   0.4   0.0   9.8  37.0   17:30   WNW
25  16.4  20.2   15:00  13.0    5:00   2.1   0.3   0.0   8.7  30.6   16:00     W
26  14.6  16.6   17:00  12.8    8:00   3.8   0.0   8.6   7.2  27.4   23:30    NE
27  15.0  20.0   16:00  12.9    3:00   3.3   0.0   9.0   7.2  38.6   20:00     E
28  15.1  18.3   16:00  13.1    4:30   3.3   0.0   4.0  12.2  43.5   11:30     W
29  14.2  16.7   11:00  11.8   12:30   4.1   0.0  38.6   7.2  30.6    9:00    SW
30  15.2  19.1   17:30  11.9    7:30   3.1   0.0   0.0   7.9  25.7   17:00   ENE
31  17.2  22.3   17:30  12.3    6:00   2.1   0.9   0.0   9.0  30.6    6:30    NE
-------------------------------------------------------------------------------------
    13.3  22.3    31     5.0     5   158.3   1.8 135.2  12.2  82.1     9       W

Max >=  32.0:  0
Max <=   0.0:  0
Min <=   0.0:  0
Min <= -18.0:  0
Max Rain: 38.61 ON 29/05/19
Days of Rain: 15 (> .2 mm) 11 (> 2 mm) 3 (> 20 mm)
Heat Base:  18.3  Cool Base:  18.3  Method: Integration