NOAA-style Climate Reports

Select a Year or Month report
V/Λ2019 > Jan Feb Mar Apr May Jun Jul Aug Sep Oct Nov Dec
V/Λ2018 > Jan Feb Mar Apr May Jun Jul Aug Sep Oct Nov Dec
V/Λ2017 > Jan Feb Mar Apr May Jun Jul Aug Sep Oct Nov Dec
V/Λ2016 > Jan Feb Mar Apr May Jun Jul Aug Sep Oct Nov Dec

Report for 2019 Jun
                   MONTHLY CLIMATOLOGICAL SUMMARY for JUN. 2019

NAME: Poggio alle Forche   CITY: Pomarance   STATE: Italia 
ELEV:   400 m  LAT: 43.3071 N  LONG: 10.8692 E

                   TEMPERATURE (C), RAIN  (mm), WIND SPEED (km/hr)

                                      HEAT  COOL        AVG
    MEAN                              DEG   DEG         WIND                 DOM
DAY TEMP  HIGH   TIME   LOW    TIME   DAYS  DAYS  RAIN  SPEED HIGH   TIME    DIR
------------------------------------------------------------------------------------
 1  19.3  24.7   15:30  15.2    6:00   0.9   1.9   0.0   6.8  35.4   11:30   NNW
 2  18.9  24.1   13:30  15.8    6:00   0.8   1.4   0.0  11.4  41.8   17:00     W
 3  17.8  22.1   14:00  14.0    8:00   1.5   1.0   0.2  14.2  46.7   14:30     W
 4  19.2  23.1   15:30  16.4    7:00   0.5   1.4   0.0  15.4  32.2   16:30     W
 5  20.7  24.7   14:00  17.2    6:30   0.1   2.5   0.0  10.1  40.2   17:00    SW
 6  18.5  21.8   15:30  15.8   23:00   0.6   0.8   0.0  13.5  45.1   12:00     W
 7  20.2  25.2   13:00  15.5    7:00   0.7   2.6   0.0  11.6  59.5   17:00    SE
 8  21.4  27.2   14:00  16.6    7:00   0.1   3.3   0.0   8.2  27.4    1:00   WNW
 9  24.3  29.4   14:00  18.3    6:30   0.0   6.0   0.0  14.2  48.3   23:30   ESE
10  24.3  29.4   16:00  18.4   00:00   0.0   6.0   0.0  16.6  51.5   16:00   ESE
11  21.2  26.4   16:00  16.5    6:00   0.4   3.2   0.0   9.5  43.5   21:00   ESE
12  19.1  23.6   13:00  16.5   23:00   0.5   1.2   0.0  13.5  48.3   16:30     W
13  21.5  28.7   16:30  16.2    4:30   0.6   3.8   0.0   6.3  27.4   17:00     W
14  25.1  30.4   15:30  21.1    5:00   0.0   6.8   0.0  14.5  53.1   16:30   ESE
15  20.0  25.7    1:00  16.2   00:00   0.2   1.9   1.2  15.3  41.8   14:30     W
16  19.2  23.4   16:00  15.6    6:00   0.7   1.6   0.0  12.2  35.4   18:30     W
17  22.2  29.3   14:30  15.8    6:30   0.4   4.2   0.0   6.9  30.6   18:00   WNW
18  23.7  29.9   14:30  19.3   00:00   0.0   5.3   0.0  10.5  43.5   18:00     W
19  22.8  27.1   15:30  18.6    0:30   0.0   4.6   0.0  10.9  41.8   16:30     W
20  23.3  28.2   12:00  20.1   00:00   0.0   5.0   0.0   9.3  40.2   18:30    SW
21  23.2  28.3   14:30  18.6    5:00   0.0   4.9   0.0  11.1  41.8   16:30    SE
22  22.6  26.5   17:30  18.6    6:00   0.0   4.3   0.0  14.0  43.5    6:30    SW
23  22.1  26.7   13:00  17.8    7:00   0.0   3.8   0.2  10.9  46.7   15:00     W
24  25.1  31.7   17:00  18.7    6:30   0.0   6.7   0.0   8.0  33.8   17:30     E
25  27.1  33.8   18:00  21.0    6:00   0.0   8.7   0.0  10.3  32.2   23:30     E
26  28.2  33.8   17:00  22.8    6:00   0.0   9.8   0.0  11.1  35.4   23:00    NE
27  29.4  35.2   14:00  24.9    3:30   0.0  11.1   0.0  11.7  41.8   17:30   ESE
28  27.8  33.4   13:30  24.1    5:00   0.0   9.5   0.0  10.0  37.0   16:00     W
29  28.3  34.2   18:00  23.6    5:30   0.0  10.0   0.0  15.8  45.1    7:00   ESE
30  27.2  33.4   16:30  23.2    7:00   0.0   8.9   0.0  14.6  40.2   18:00   ESE
-------------------------------------------------------------------------------------
    22.8  35.2    27    14.0     3     8.0 142.5   1.6  11.6  59.5     7       W

Max >=  32.0:  6
Max <=   0.0:  0
Min <=   0.0:  0
Min <= -18.0:  0
Max Rain: 1.19 ON 15/06/19
Days of Rain: 3 (> .2 mm) 0 (> 2 mm) 0 (> 20 mm)
Heat Base:  18.3  Cool Base:  18.3  Method: Integration