NOAA-style Climate Reports

Select a Year or Month report
V/Λ2020 > Jan Feb Mar Apr May Jun Jul Aug Sep Oct Nov Dec
V/Λ2019 > Jan Feb Mar Apr May Jun Jul Aug Sep Oct Nov Dec
V/Λ2018 > Jan Feb Mar Apr May Jun Jul Aug Sep Oct Nov Dec
V/Λ2017 > Jan Feb Mar Apr May Jun Jul Aug Sep Oct Nov Dec
V/Λ2016 > Jan Feb Mar Apr May Jun Jul Aug Sep Oct Nov Dec

Report for 2019 Nov
                   MONTHLY CLIMATOLOGICAL SUMMARY for NOV. 2019

NAME: Poggio alle Forche   CITY: Pomarance   STATE: Italia 
ELEV:   400 m  LAT: 43.3071 N  LONG: 10.8692 E

                   TEMPERATURE (C), RAIN  (mm), WIND SPEED (km/hr)

                                      HEAT  COOL        AVG
    MEAN                              DEG   DEG         WIND                 DOM
DAY TEMP  HIGH   TIME   LOW    TIME   DAYS  DAYS  RAIN  SPEED HIGH   TIME    DIR
------------------------------------------------------------------------------------
 1  12.7  14.9   11:30   9.8    7:00   5.6   0.0   0.2   8.7  25.7    8:00     E
 2  14.7  16.2   23:30  13.6    8:00   3.6   0.0   2.6  16.3  57.9   20:30     S
 3  15.4  17.9   10:00  13.4   14:30   2.9   0.0  14.2  27.2  82.1   13:30   SSW
 4  15.2  18.2   15:30  12.4    8:00   3.1   0.0   2.0  28.2  77.2    2:30     W
 5  14.5  16.9   11:30  12.3   17:30   3.8   0.0  41.6  27.5  83.7   10:30   WSW
 6  11.1  12.8    3:30   8.1    8:30   7.2   0.0  12.0   8.7  54.7    8:00   ESE
 7  12.0  15.3   15:00   9.4    7:00   6.3   0.0   3.4  12.4  45.1    1:30    SW
 8  10.3  13.9   14:00   6.7   00:00   7.9   0.0  29.6  10.1  49.9    1:30    SW
 9   7.8  10.2   11:00   5.8    6:00  10.5   0.0   6.0  11.1  59.5   17:30   ESE
10   9.6  12.9   14:00   7.2    5:00   8.7   0.0   0.0  10.6  37.0   23:30     E
11  10.2  12.8   14:30   8.4    4:30   8.1   0.0   1.8  16.6  43.5   14:30     E
12   9.9  12.7   13:00   8.3   00:00   8.4   0.0  13.0   8.2  29.0   19:30    NE
13  10.1  12.2   15:30   8.2    7:30   8.2   0.0   0.6  10.9  51.5   12:00     W
14  10.6  12.9   16:00   6.8    7:30   7.7   0.0   0.0  12.7  53.1   21:30   ESE
15  10.3  14.0    2:00   6.2   17:30   8.0   0.0  23.0  20.4  85.3    6:30   ESE
16   9.1  10.9    0:30   7.2   20:00   9.2   0.0  21.0  16.6  72.4    2:00     E
17   9.2  10.8    9:30   7.2   20:00   9.1   0.0  15.6  17.4  56.3   11:30     E
18  10.3  12.2   12:30   7.5    2:00   8.0   0.0   6.0  15.0  49.9   21:30   ESE
19  10.4  12.1   12:30   8.8   22:30   7.9   0.0   3.6  17.4  48.3    2:30   ESE
20  10.4  13.4   11:00   8.4    3:30   7.9   0.0   2.6   9.3  32.2   14:30     W
21   9.7  12.4   14:00   7.7    8:00   8.6   0.0   1.2  10.9  40.2   16:30   ESE
22  10.3  13.6   14:30   7.2    3:00   8.0   0.0   1.4  14.6  37.0   22:00   ESE
23  12.7  15.3   14:00  10.6   00:00   5.6   0.0  18.6  27.5  70.8   11:30   ESE
24  11.4  13.4   15:00   9.9    6:00   6.9   0.0   0.8   9.8  53.1    1:30     E
25  13.8  17.4   14:00  11.3    0:30   4.5   0.0   0.8  11.1  35.4   13:30   ENE
26  13.6  16.8   14:30  11.8    5:30   4.8   0.0   0.6   8.0  22.5   12:00     W
27  12.8  13.8   18:30  11.9    9:00   5.5   0.0   0.8  21.4  80.5   15:30     S
28  12.6  13.9   10:30  11.2   12:30   5.7   0.0   0.4  23.2  62.8   19:00   WSW
29  12.7  14.3   10:30  11.5   17:00   5.6   0.0   0.2  22.4  82.1   15:00     W
30  11.9  15.2   15:00  10.4   23:30   6.4   0.0   0.2   7.2  30.6    0:30     W
-------------------------------------------------------------------------------------
    11.5  18.2     4     5.8     9   203.5   0.0 223.8  15.4  85.3    15     ESE

Max >=  32.0:  0
Max <=   0.0:  0
Min <=   0.0:  0
Min <= -18.0:  0
Max Rain: 41.61 ON 05/11/19
Days of Rain: 28 (> .2 mm) 16 (> 2 mm) 4 (> 20 mm)
Heat Base:  18.3  Cool Base:  18.3  Method: Integration