Select a Year or Month report
Report for 2021 Mar
MONTHLY CLIMATOLOGICAL SUMMARY for MAR. 2021
NAME: Poggio alle Forche CITY: Pomarance STATE: Italia
ELEV: 400 m LAT: 43.3071 N LONG: 10.8692 E
TEMPERATURE (°C), RAIN (mm), WIND SPEED (km/hr)
HEAT COOL AVG
MEAN DEG DEG WIND DOM
DAY TEMP HIGH TIME LOW TIME DAYS DAYS RAIN SPEED HIGH TIME DIR
------------------------------------------------------------------------------------
1 8.2 14.1 16:00 2.6 7:30 10.1 0.0 0.0 11.3 25.7 10:00 E
2 10.6 17.1 16:00 5.6 7:00 7.7 0.0 0.0 10.9 24.1 5:00 E
3 11.7 16.6 12:00 9.1 6:00 6.6 0.0 0.0 10.0 33.8 16:00 ESE
4 10.1 13.1 14:30 7.8 7:00 8.2 0.0 0.0 13.8 38.6 19:30 SW
5 9.9 13.8 12:30 7.9 5:30 8.4 0.0 0.0 9.0 32.2 4:30 SSW
6 8.6 13.1 14:30 4.5 23:30 9.7 0.0 0.2 10.9 32.2 14:00 E
7 7.7 14.4 14:30 1.4 7:00 10.6 0.0 0.0 10.8 25.7 0:30 E
8 9.6 13.5 15:30 6.3 5:30 8.7 0.0 0.0 10.5 25.7 7:00 E
9 8.6 13.1 14:00 6.0 00:00 9.7 0.0 0.0 11.4 35.4 11:30 ENE
10 8.6 13.8 14:30 4.6 5:00 9.8 0.0 0.0 9.7 38.6 3:30 NE
11 9.9 12.1 13:30 7.8 0:30 8.4 0.0 0.0 10.6 33.8 15:30 SW
12 11.8 15.2 15:00 9.3 00:00 6.5 0.0 0.0 16.3 49.9 20:30 SW
13 10.6 14.4 14:30 8.7 22:00 7.8 0.0 0.0 17.2 53.1 15:00 WSW
14 9.3 11.6 9:30 5.4 00:00 9.0 0.0 0.6 29.5 107.8 10:30 WSW
15 8.7 11.8 15:00 5.2 1:00 9.6 0.0 0.0 15.8 56.3 13:30 W
16 9.9 14.4 14:00 6.9 5:30 8.4 0.0 0.0 8.7 43.5 14:30 NE
17 9.3 14.6 15:00 6.3 23:30 9.0 0.0 0.0 7.9 29.0 16:30 ESE
18 6.4 10.7 11:30 3.1 00:00 11.8 0.0 0.0 12.6 37.0 23:00 ESE
19 5.1 10.1 13:30 -0.2 7:00 13.2 0.0 0.0 14.2 43.5 10:00 E
20 4.6 10.3 13:30 0.8 5:30 13.7 0.0 0.0 15.1 45.1 16:30 ENE
21 3.9 7.7 15:00 0.8 6:30 14.4 0.0 0.0 17.4 51.5 15:30 NE
22 7.4 12.2 12:00 3.2 6:30 10.8 0.0 0.0 12.9 45.1 14:30 NE
23 7.7 11.9 16:00 3.8 6:30 10.6 0.0 0.0 11.4 45.1 12:30 NE
24 9.0 12.9 12:00 5.8 6:30 9.3 0.0 0.0 10.9 46.7 15:30 W
25 9.9 14.3 14:00 7.4 6:30 8.3 0.0 0.0 10.1 40.2 16:00 W
26 10.6 14.1 15:30 8.3 1:30 7.8 0.0 0.0 6.4 29.0 16:30 WNW
27 11.3 14.8 14:30 8.8 3:30 7.0 0.0 0.0 13.0 43.5 18:00 SSW
28 11.8 19.1 16:00 7.8 7:00 6.2 0.0 0.0 9.8 32.2 17:30 ESE
29 13.7 20.7 15:00 9.3 8:30 4.7 0.1 0.2 9.0 38.6 17:00 ESE
30 17.4 25.2 16:30 13.5 0:30 2.0 1.1 0.0 8.4 29.0 18:30 ESE
31 18.2 25.1 15:30 14.6 6:30 1.2 1.2 0.0 9.2 40.2 17:30 E
-------------------------------------------------------------------------------------
9.7 25.2 30 -0.2 19 269.4 2.4 1.0 12.1 107.8 14 E
Max >= 32.0: 0
Max <= 0.0: 0
Min <= 0.0: 1
Min <= -18.0: 0
Max Rain: 0.61 ON 14/03/21
Days of Rain: 3 (> .2 mm) 0 (> 2 mm) 0 (> 20 mm)
Heat Base: 18.3 Cool Base: 18.3 Method: Integration