Select a Year or Month report
Report for 2021 Aug
MONTHLY CLIMATOLOGICAL SUMMARY for AUG. 2021
NAME: Poggio alle Forche CITY: Pomarance STATE: Italia
ELEV: 400 m LAT: 43.3071 N LONG: 10.8692 E
TEMPERATURE (°C), RAIN (mm), WIND SPEED (km/hr)
HEAT COOL AVG
MEAN DEG DEG WIND DOM
DAY TEMP HIGH TIME LOW TIME DAYS DAYS RAIN SPEED HIGH TIME DIR
------------------------------------------------------------------------------------
1 22.7 25.2 15:30 19.1 12:00 0.0 4.4 2.0 21.2 57.9 16:00 W
2 21.5 24.9 13:00 19.0 6:00 0.0 3.2 0.0 15.0 57.9 14:00 WSW
3 21.7 26.5 14:30 17.7 3:30 0.0 3.5 0.0 11.1 48.3 16:00 W
4 22.7 28.7 17:00 19.1 5:00 0.0 4.4 0.0 13.5 40.2 18:30 ESE
5 20.6 23.3 14:00 19.0 3:00 0.0 2.3 0.2 27.2 77.2 14:00 W
6 22.1 25.9 14:30 19.2 1:00 0.0 3.8 0.0 15.0 56.3 17:00 W
7 24.5 29.2 14:00 19.3 6:30 0.0 6.2 0.0 13.5 48.3 18:30 SSW
8 25.5 30.1 15:00 22.4 7:00 0.0 7.2 0.0 13.7 46.7 14:30 WNW
9 24.7 29.8 14:00 20.8 5:30 0.0 6.4 0.0 11.7 41.8 15:30 ESE
10 25.7 30.9 12:00 20.5 7:00 0.0 7.4 0.0 11.3 33.8 7:30 W
11 27.2 35.8 14:00 21.5 6:30 0.0 8.8 0.0 11.3 48.3 18:00 W
12 30.0 37.6 14:00 25.1 6:00 0.0 11.7 0.0 13.7 48.3 17:30 ESE
13 30.3 35.3 13:00 25.7 5:00 0.0 12.1 0.0 10.0 41.8 15:30 ESE
14 30.1 37.9 13:30 25.7 5:00 0.0 11.8 0.0 11.7 40.2 17:00 W
15 29.2 33.9 14:30 24.9 7:00 0.0 10.9 0.0 9.7 53.1 15:00 WNW
16 26.3 32.3 14:00 22.6 00:00 0.0 8.0 0.0 10.9 43.5 16:00 W
17 24.3 31.9 15:00 19.8 5:00 0.0 6.1 0.0 8.2 40.2 18:30 W
18 25.1 33.2 17:00 19.2 5:00 0.0 6.8 0.0 7.4 27.4 18:00 E
19 24.6 30.9 14:30 19.9 5:00 0.0 6.3 0.0 14.0 41.8 15:00 ESE
20 23.6 29.3 13:30 20.2 7:00 0.0 5.3 0.0 9.3 38.6 14:30 W
21 23.9 31.6 14:00 18.9 7:00 0.0 5.7 0.0 11.3 48.3 15:30 W
22 23.2 27.5 15:00 19.3 6:30 0.0 4.9 0.0 12.1 43.5 13:30 WSW
23 23.7 29.3 14:30 20.3 00:00 0.0 5.4 0.0 12.1 41.8 17:30 SE
24 22.6 28.8 15:00 19.1 3:00 0.0 4.3 0.0 10.5 38.6 19:30 E
25 23.0 28.5 16:00 18.8 4:00 0.0 4.7 0.0 10.1 30.6 13:30 E
26 22.4 27.4 12:00 18.4 5:30 0.0 4.1 0.0 15.8 51.5 17:00 W
27 22.6 27.9 16:00 18.8 00:00 0.0 4.2 0.0 10.6 46.7 18:30 W
28 17.8 22.1 19:00 14.4 10:00 1.0 0.6 6.0 11.3 27.4 7:30 ENE
29 20.0 26.2 15:30 15.3 4:00 0.7 2.5 0.0 7.6 40.2 18:00 E
30 21.1 25.4 16:00 17.6 4:00 0.0 2.8 0.0 10.5 41.8 16:00 WNW
31 20.9 25.2 15:00 18.3 1:00 0.0 2.6 1.6 6.8 35.4 18:00 SSW
-------------------------------------------------------------------------------------
24.0 37.9 14 14.4 28 1.8 178.3 9.8 12.2 77.2 5 W
Max >= 32.0: 7
Max <= 0.0: 0
Min <= 0.0: 0
Min <= -18.0: 0
Max Rain: 5.99 ON 28/08/21
Days of Rain: 4 (> .2 mm) 2 (> 2 mm) 0 (> 20 mm)
Heat Base: 18.3 Cool Base: 18.3 Method: Integration