Select a Year or Month report
Report for 2022 Jun
MONTHLY CLIMATOLOGICAL SUMMARY for JUN. 2022
NAME: Poggio alle Forche CITY: Pomarance STATE: Italia
ELEV: 400 m LAT: 43.3071 N LONG: 10.8692 E
TEMPERATURE (°C), RAIN (mm), WIND SPEED (km/hr)
HEAT COOL AVG
MEAN DEG DEG WIND DOM
DAY TEMP HIGH TIME LOW TIME DAYS DAYS RAIN SPEED HIGH TIME DIR
------------------------------------------------------------------------------------
1 21.4 27.1 16:00 17.1 6:00 0.1 3.3 0.0 8.7 30.6 16:30 N
2 23.8 30.7 14:00 19.1 2:00 0.0 5.5 0.0 10.6 40.2 18:30 SE
3 24.3 28.4 14:00 21.6 3:00 0.0 6.0 0.0 11.3 37.0 7:30 ESE
4 26.2 32.2 16:30 21.6 1:00 0.0 7.9 0.0 9.2 43.5 17:30 ESE
5 23.9 28.4 13:00 19.6 00:00 0.0 5.6 0.0 12.9 41.8 13:30 N
6 22.2 26.6 14:30 18.6 6:30 0.0 3.9 0.0 10.6 41.8 15:00 N
7 21.5 25.2 16:00 19.1 23:00 0.0 3.2 0.0 14.8 64.4 18:30 N
8 20.9 27.2 13:30 17.8 5:30 0.0 2.7 0.0 11.9 54.7 18:30 N
9 19.6 24.1 15:30 17.3 6:00 0.2 1.5 0.2 10.1 46.7 18:00 N
10 21.1 25.8 17:00 16.8 7:00 0.2 3.0 0.0 14.6 66.0 12:00 NE
11 23.9 30.4 16:30 19.1 6:00 0.0 5.6 0.0 7.6 30.6 13:00 NE
12 24.7 30.7 15:00 20.6 6:00 0.0 6.4 0.0 9.8 41.8 16:30 E
13 24.6 30.1 15:00 20.1 2:30 0.0 6.3 0.0 8.7 32.2 14:00 WNW
14 25.7 32.9 15:30 20.3 6:00 0.0 7.4 0.0 9.3 38.6 18:00 ESE
15 25.1 30.2 14:30 21.4 8:00 0.0 6.8 0.0 10.6 46.7 16:30 WNW
16 24.8 29.9 14:00 19.6 2:30 0.0 6.5 0.0 13.0 43.5 16:00 W
17 26.0 33.3 14:30 22.3 8:00 0.0 7.7 0.0 8.2 41.8 16:00 ESE
18 26.5 32.5 17:30 21.9 6:30 0.0 8.2 0.0 13.5 33.8 21:30 ESE
19 24.3 31.9 15:00 19.6 5:00 0.0 6.0 0.0 14.8 43.5 17:00 E
20 24.6 29.5 16:30 20.9 1:30 0.0 6.2 0.0 13.5 41.8 20:00 SW
21 24.7 29.7 14:00 20.7 6:30 0.0 6.4 0.0 12.1 41.8 16:30 SW
22 24.2 29.6 15:00 20.6 6:30 0.0 5.9 0.0 8.5 37.0 15:30 E
23 23.7 28.1 16:00 19.9 5:00 0.0 5.4 0.0 7.9 27.4 20:00 WNW
24 23.4 30.8 14:30 20.4 5:30 0.0 5.1 0.0 13.7 51.5 16:30 SW
25 24.1 28.9 16:30 20.2 2:00 0.0 5.7 0.0 9.5 40.2 13:00 WNW
26 26.6 32.4 14:30 21.2 7:00 0.0 8.3 0.0 12.6 46.7 18:30 ESE
27 28.0 34.3 13:00 23.7 7:30 0.0 9.7 0.0 12.7 53.1 14:30 E
28 23.9 27.4 18:00 20.3 22:00 0.0 5.6 2.4 15.8 69.2 12:00 E
29 22.1 26.1 16:30 18.6 6:00 0.0 3.8 0.2 17.7 46.7 13:00 WNW
30 24.3 29.4 15:30 18.7 6:00 0.0 6.1 0.0 11.3 45.1 14:30 WNW
-------------------------------------------------------------------------------------
24.0 34.3 27 16.8 10 0.6 172.0 2.8 11.5 69.2 28 N
Max >= 32.0: 6
Max <= 0.0: 0
Min <= 0.0: 0
Min <= -18.0: 0
Max Rain: 2.39 ON 28/06/22
Days of Rain: 3 (> .2 mm) 1 (> 2 mm) 0 (> 20 mm)
Heat Base: 18.3 Cool Base: 18.3 Method: Integration