Select a Year or Month report
Report for 2022 Sep
MONTHLY CLIMATOLOGICAL SUMMARY for SEP. 2022
NAME: Poggio alle Forche CITY: Pomarance STATE: Italia
ELEV: 400 m LAT: 43.3071 N LONG: 10.8692 E
TEMPERATURE (°C), RAIN (mm), WIND SPEED (km/hr)
HEAT COOL AVG
MEAN DEG DEG WIND DOM
DAY TEMP HIGH TIME LOW TIME DAYS DAYS RAIN SPEED HIGH TIME DIR
------------------------------------------------------------------------------------
1 22.3 27.3 14:30 17.9 4:30 0.0 4.0 0.0 6.8 43.5 4:00 N
2 21.2 27.5 16:30 16.3 6:30 0.2 3.1 0.0 13.2 35.4 19:00 N
3 20.4 22.6 18:30 16.8 12:30 0.1 2.2 16.2 8.0 38.6 11:30 SE
4 21.4 28.3 18:30 17.9 4:00 0.0 3.1 0.8 10.1 29.0 6:30 ESE
5 24.1 31.1 16:00 20.4 8:00 0.0 5.7 0.0 9.0 40.2 16:30 ESE
6 24.6 30.1 13:00 21.4 3:30 0.0 6.3 0.0 9.5 33.8 20:00 SE
7 24.7 29.3 15:30 21.1 6:30 0.0 6.4 0.0 8.9 43.5 16:30 SSE
8 23.3 27.6 14:00 18.3 8:30 0.0 5.0 10.2 14.2 46.7 9:00 SW
9 22.8 24.9 14:00 21.0 5:30 0.0 4.5 0.0 20.1 64.4 15:00 N
10 21.2 23.9 14:00 18.6 7:00 0.0 2.9 1.0 18.2 57.9 10:30 N
11 21.4 25.8 15:30 19.1 6:30 0.0 3.1 0.2 7.6 33.8 16:30 N
12 21.9 28.1 13:30 18.1 6:30 0.0 3.6 0.0 10.8 35.4 14:30 ESE
13 22.1 26.3 13:00 18.9 7:00 0.0 3.8 0.0 10.0 35.4 21:00 SW
14 22.3 26.3 16:00 19.0 4:30 0.0 4.0 0.0 15.3 57.9 20:30 SSW
15 23.3 25.3 17:00 21.8 13:30 0.0 5.1 1.6 20.1 67.6 4:30 N
16 22.7 25.8 13:30 19.7 00:00 0.0 4.4 0.0 23.5 62.8 11:00 N
17 16.6 20.0 8:00 10.7 12:30 2.2 0.5 4.0 16.1 70.8 12:00 N
18 17.6 21.7 16:00 12.3 1:00 1.5 0.8 0.0 11.7 33.8 14:30 N
19 19.3 22.8 18:00 16.3 4:00 0.5 1.5 0.0 10.6 33.8 7:00 N
20 19.1 24.3 16:30 14.7 5:30 0.8 1.7 0.0 12.9 38.6 1:30 ESE
21 16.8 20.9 16:00 12.5 00:00 1.9 0.4 0.0 14.6 41.8 13:30 E
22 14.9 20.9 15:30 9.6 7:30 3.7 0.3 0.0 12.2 35.4 12:00 E
23 15.7 22.8 16:00 9.8 5:00 3.2 0.6 0.0 13.0 33.8 16:30 E
24 16.2 19.6 12:00 13.1 8:30 2.1 0.0 49.2 12.1 62.8 21:30 N
25 16.0 20.2 15:30 13.7 7:00 2.3 0.0 38.0 10.9 43.5 17:30 ESE
26 17.6 20.9 16:30 15.3 6:30 1.2 0.5 0.0 8.9 32.2 23:30 N
27 16.7 18.6 15:30 15.3 9:30 1.4 0.0 1.0 26.4 67.6 11:00 N
28 16.6 18.6 17:00 15.1 10:00 1.7 0.0 0.6 16.4 59.5 17:00 SW
29 17.0 19.5 15:30 12.5 23:30 1.4 0.1 54.6 16.4 69.2 3:00 WSW
30 14.7 18.7 15:00 12.6 6:00 3.6 0.0 17.0 13.4 46.7 17:00 ESE
-------------------------------------------------------------------------------------
19.8 31.1 5 9.6 22 28.0 73.8 194.4 13.4 70.8 17 N
Max >= 32.0: 0
Max <= 0.0: 0
Min <= 0.0: 0
Min <= -18.0: 0
Max Rain: 54.61 ON 29/09/22
Days of Rain: 13 (> .2 mm) 7 (> 2 mm) 3 (> 20 mm)
Heat Base: 18.3 Cool Base: 18.3 Method: Integration