Select a Year or Month report
Report for 2023 May
MONTHLY CLIMATOLOGICAL SUMMARY for MAY. 2023
NAME: Poggio alle Forche CITY: Pomarance STATE: Italia
ELEV: 400 m LAT: 43.3071 N LONG: 10.8692 E
TEMPERATURE (°C), RAIN (mm), WIND SPEED (km/hr)
HEAT COOL AVG
MEAN DEG DEG WIND DOM
DAY TEMP HIGH TIME LOW TIME DAYS DAYS RAIN SPEED HIGH TIME DIR
------------------------------------------------------------------------------------
1 12.9 15.3 15:30 11.2 23:00 5.4 0.0 5.6 3.4 22.5 17:00 SE
2 12.9 16.4 15:30 10.8 5:30 5.4 0.0 0.2 10.6 53.1 12:30 NE
3 15.0 20.1 15:30 12.1 7:30 3.3 0.1 0.0 13.0 41.8 12:30 NE
4 16.3 23.3 16:00 11.8 7:00 2.7 0.7 0.0 6.9 33.8 18:00 ENE
5 17.1 22.3 17:00 13.4 1:30 2.0 0.8 0.0 4.0 45.1 16:00 N
6 17.5 22.4 15:00 14.3 7:00 1.6 0.8 0.0 4.2 38.6 17:30 N
7 17.9 22.2 15:00 15.4 1:00 1.1 0.7 0.0 3.4 33.8 16:30 N
8 16.8 22.9 14:00 14.2 21:00 1.9 0.5 6.8 4.2 37.0 17:00 N
9 17.3 24.9 14:30 13.6 6:00 2.0 1.0 0.0 7.7 40.2 18:30 E
10 13.4 15.8 15:00 11.7 20:30 4.9 0.0 7.6 3.1 33.8 15:30 ESE
11 14.3 17.4 14:30 11.3 4:00 4.0 0.0 0.4 9.3 45.1 14:00 WNW
12 12.6 16.3 12:00 11.0 8:00 5.7 0.0 9.8 0.6 43.5 18:30 E
13 12.4 17.2 12:30 9.2 7:00 5.9 0.0 2.4 0.8 33.8 14:00 ESE
14 12.1 16.1 16:30 10.6 11:30 6.2 0.0 3.2 1.4 32.2 20:00 N
15 14.7 18.8 16:30 11.2 5:00 3.6 0.0 0.0 4.8 45.1 20:00 NE
16 12.6 14.6 13:30 10.2 7:30 5.7 0.0 8.0 9.3 49.9 10:30 N
17 13.4 17.1 16:00 11.3 7:30 4.9 0.0 3.6 9.8 41.8 18:00 N
18 14.2 17.2 18:30 11.3 6:30 4.1 0.0 2.4 1.3 24.1 1:00 E
19 12.6 14.4 15:30 10.7 5:30 5.7 0.0 2.4 7.4 25.7 00:00 E
20 14.1 17.0 15:00 11.8 6:30 4.2 0.0 6.2 9.8 35.4 11:30 E
21 16.4 23.5 15:00 13.8 6:30 2.6 0.7 3.0 11.3 40.2 15:00 ESE
22 17.7 25.4 15:30 13.6 1:30 1.7 1.1 1.0 9.7 40.2 21:00 E
23 19.2 25.2 14:00 16.1 7:30 0.6 1.5 0.0 9.3 37.0 17:30 N
24 19.2 24.6 12:30 15.6 4:30 0.8 1.7 0.0 8.2 33.8 17:00 N
25 18.5 24.9 15:30 15.7 23:00 0.9 1.2 3.8 8.0 38.6 17:00 ESE
26 20.6 27.1 16:30 15.8 6:00 0.6 2.9 0.0 7.7 27.4 18:30 E
27 21.4 27.1 16:30 17.7 4:30 0.1 3.2 0.0 3.2 29.0 23:00 NE
28 21.0 27.4 18:30 15.2 4:30 0.5 3.2 0.0 4.0 20.9 1:30 E
29 20.2 24.4 12:30 16.1 7:00 0.3 2.2 2.0 7.1 38.6 15:00 E
30 19.9 26.4 15:30 16.1 23:30 0.5 2.2 0.0 8.7 49.9 19:30 E
31 17.2 24.2 14:30 14.4 22:00 1.9 0.8 11.4 13.2 57.9 15:30 E
-------------------------------------------------------------------------------------
16.2 27.4 28 9.2 13 90.8 25.1 79.8 6.6 57.9 31 E
Max >= 32.0: 0
Max <= 0.0: 0
Min <= 0.0: 0
Min <= -18.0: 0
Max Rain: 11.40 ON 31/05/23
Days of Rain: 18 (> .2 mm) 15 (> 2 mm) 0 (> 20 mm)
Heat Base: 18.3 Cool Base: 18.3 Method: Integration