Select a Year or Month report
Report for 2023 Jun
MONTHLY CLIMATOLOGICAL SUMMARY for JUN. 2023
NAME: Poggio alle Forche CITY: Pomarance STATE: Italia
ELEV: 400 m LAT: 43.3071 N LONG: 10.8692 E
TEMPERATURE (°C), RAIN (mm), WIND SPEED (km/hr)
HEAT COOL AVG
MEAN DEG DEG WIND DOM
DAY TEMP HIGH TIME LOW TIME DAYS DAYS RAIN SPEED HIGH TIME DIR
------------------------------------------------------------------------------------
1 17.8 24.0 13:30 14.8 3:00 1.2 0.8 0.2 10.0 37.0 15:30 ESE
2 19.2 24.3 13:00 16.5 6:00 0.5 1.5 0.0 8.2 35.4 17:30 N
3 19.1 24.1 13:00 15.5 4:30 0.7 1.5 0.2 9.0 48.3 17:30 N
4 18.2 22.9 11:30 15.7 4:30 1.0 0.8 1.4 9.2 32.2 18:30 SE
5 16.6 20.8 15:30 14.6 5:30 1.8 0.2 0.8 6.0 30.6 17:00 ESE
6 18.6 23.3 19:30 16.2 3:00 0.7 1.0 28.2 3.9 27.4 16:00 SW
7 19.3 24.1 15:30 15.9 5:30 0.5 1.6 0.0 7.1 38.6 18:00 N
8 20.2 25.6 13:30 16.5 3:30 0.4 2.2 0.0 8.2 32.2 16:00 N
9 19.5 25.1 14:00 16.6 3:30 0.2 1.5 10.6 9.3 32.2 18:00 SW
10 19.3 23.1 17:30 17.6 4:30 0.1 1.1 5.6 5.0 32.2 13:30 N
11 20.9 27.6 15:30 17.3 6:30 0.1 2.7 21.2 4.5 49.9 17:30 N
12 21.8 28.3 16:00 17.4 6:30 0.1 3.5 7.4 5.6 40.2 18:00 NE
13 18.2 20.6 0:30 14.8 21:00 0.8 0.7 12.8 7.1 54.7 11:30 E
14 17.1 21.9 15:00 15.3 5:00 1.4 0.2 24.8 4.5 24.1 16:00 ESE
15 20.9 27.1 17:30 15.3 6:00 0.7 3.3 0.2 5.5 27.4 13:00 E
16 22.4 29.2 15:00 17.7 5:30 0.0 4.2 0.6 1.9 17.7 17:00 E
17 22.0 28.1 14:30 16.7 6:00 0.2 3.9 0.0 5.3 30.6 17:00 N
18 23.3 28.6 13:00 20.0 2:30 0.0 5.0 0.0 7.4 43.5 17:30 S
19 23.2 26.9 17:00 19.8 5:00 0.0 4.9 0.0 7.1 35.4 19:00 SW
20 23.3 27.7 15:00 19.3 6:30 0.0 5.0 0.0 6.0 32.2 17:00 ESE
21 24.9 30.2 16:00 20.2 3:30 0.0 6.6 0.0 6.6 32.2 19:30 ESE
22 26.1 32.1 15:30 22.1 23:00 0.0 7.8 0.0 6.0 35.4 23:00 ESE
23 22.2 24.6 14:00 19.6 23:00 0.0 3.8 0.0 13.4 61.2 3:30 N
24 23.0 27.7 15:00 18.3 7:30 0.0 4.7 0.0 3.4 38.6 14:00 NE
25 23.8 30.1 17:00 18.4 6:00 0.0 5.5 0.0 1.1 27.4 5:00 ENE
26 24.8 30.2 14:00 20.6 6:00 0.0 6.4 0.0 0.0 27.4 16:30 N
27 25.2 30.7 12:30 20.7 1:00 0.0 6.9 0.0 2.9 33.8 18:30 SW
28 23.1 29.0 15:00 18.5 5:30 0.0 4.8 0.0 3.2 32.2 19:00 N
29 23.6 29.2 16:30 19.9 4:30 0.0 5.3 0.0 1.8 33.8 20:00 ESE
30 20.9 23.3 3:00 16.9 11:30 0.1 2.7 15.6 1.6 67.6 10:30 N
-------------------------------------------------------------------------------------
21.3 32.1 22 14.6 5 10.5 99.9 129.6 5.7 67.6 30 N
Max >= 32.0: 1
Max <= 0.0: 0
Min <= 0.0: 0
Min <= -18.0: 0
Max Rain: 28.19 ON 06/06/23
Days of Rain: 14 (> .2 mm) 8 (> 2 mm) 3 (> 20 mm)
Heat Base: 18.3 Cool Base: 18.3 Method: Integration