Select a Year or Month report
Report for 2023 Aug
MONTHLY CLIMATOLOGICAL SUMMARY for AUG. 2023
NAME: Poggio alle Forche CITY: Pomarance STATE: Italia
ELEV: 400 m LAT: 43.3071 N LONG: 10.8692 E
TEMPERATURE (°C), RAIN (mm), WIND SPEED (km/hr)
HEAT COOL AVG
MEAN DEG DEG WIND DOM
DAY TEMP HIGH TIME LOW TIME DAYS DAYS RAIN SPEED HIGH TIME DIR
------------------------------------------------------------------------------------
1 22.9 28.3 14:30 19.2 5:00 0.0 4.7 0.0 0.0 1.6 17:00 WNW
2 23.2 27.3 15:30 19.3 7:00 0.0 4.9 0.0 0.0 0.0 --- ---
3 24.6 29.7 14:00 21.1 3:30 0.0 6.3 0.0 0.0 0.0 --- ---
4 19.5 23.0 0:30 15.1 00:00 0.6 1.8 5.6 0.0 0.0 --- ---
5 18.7 24.2 18:00 14.4 2:30 1.2 1.5 0.6 0.0 0.0 --- ---
6 19.9 22.7 12:00 17.6 23:30 0.1 1.7 0.0 0.0 0.0 --- ---
7 20.9 25.8 13:00 16.8 5:00 0.3 2.9 0.0 0.0 0.0 --- ---
8 22.5 28.6 14:00 18.1 6:30 0.0 4.2 0.0 0.0 0.0 --- ---
9 21.6 26.0 14:30 17.9 5:30 0.0 3.3 0.0 0.0 0.0 --- ---
10 22.7 30.0 14:30 17.4 5:00 0.1 4.4 0.0 4.5 49.9 17:30 W
11 25.3 32.2 14:30 19.5 5:30 0.0 7.0 0.0 9.3 38.6 18:00 E
12 26.9 32.4 13:30 21.3 7:30 0.0 8.6 0.0 15.3 41.8 16:30 ESE
13 27.2 34.6 15:30 23.6 6:30 0.0 8.9 0.0 7.7 45.1 17:30 W
14 27.0 34.3 13:30 22.3 7:30 0.0 8.7 0.0 9.3 45.1 17:00 E
15 25.4 32.6 14:30 20.9 23:30 0.0 7.2 0.0 10.9 46.7 17:00 W
16 25.5 32.8 14:30 21.6 7:00 0.0 7.2 0.0 10.8 43.5 17:30 WSW
17 26.9 32.5 14:00 22.6 23:30 0.0 8.6 0.0 7.7 38.6 15:00 W
18 27.6 34.4 15:00 23.1 5:00 0.0 9.3 0.0 9.3 41.8 16:30 W
19 29.1 35.5 14:30 24.6 1:00 0.0 10.8 0.0 10.5 41.8 16:00 ESE
20 29.3 34.9 16:30 25.0 6:30 0.0 11.0 0.0 11.3 40.2 16:30 NE
21 29.3 36.1 17:00 23.8 6:30 0.0 11.0 0.0 9.2 29.0 19:00 NE
22 30.5 37.7 17:00 24.8 7:00 0.0 12.2 0.0 7.6 25.7 14:30 NE
23 29.9 37.9 16:00 25.4 5:30 0.0 11.6 0.0 12.2 45.1 18:00 W
24 30.3 38.1 14:00 26.6 21:30 0.0 12.0 0.0 11.4 43.5 19:00 WSW
25 29.1 34.2 15:30 25.6 22:00 0.0 10.8 0.0 9.7 43.5 17:30 W
26 27.4 31.8 15:30 23.3 7:00 0.0 9.1 0.0 10.0 41.8 17:30 W
27 25.8 31.4 15:30 21.1 5:30 0.0 7.5 0.0 12.2 62.8 00:00 ESE
28 20.2 26.4 0:30 15.3 22:30 0.6 2.4 7.0 21.4 74.0 1:00 SSE
29 16.1 20.1 17:30 14.3 5:00 2.4 0.1 6.0 9.5 38.6 17:30 WSW
30 17.7 22.1 16:00 14.6 2:00 1.2 0.6 4.0 8.7 43.5 17:00 W
31 19.5 24.1 14:00 16.7 4:00 0.5 1.6 0.0 10.0 43.5 17:30 W
-------------------------------------------------------------------------------------
24.6 38.1 24 14.3 29 6.8 201.9 23.2 7.4 74.0 28 W
Max >= 32.0: 15
Max <= 0.0: 0
Min <= 0.0: 0
Min <= -18.0: 0
Max Rain: 7.01 ON 28/08/23
Days of Rain: 5 (> .2 mm) 4 (> 2 mm) 0 (> 20 mm)
Heat Base: 18.3 Cool Base: 18.3 Method: Integration