Select a Year or Month report
Report for 2023 Sep
MONTHLY CLIMATOLOGICAL SUMMARY for SEP. 2023
NAME: Poggio alle Forche CITY: Pomarance STATE: Italia
ELEV: 400 m LAT: 43.3071 N LONG: 10.8692 E
TEMPERATURE (°C), RAIN (mm), WIND SPEED (km/hr)
HEAT COOL AVG
MEAN DEG DEG WIND DOM
DAY TEMP HIGH TIME LOW TIME DAYS DAYS RAIN SPEED HIGH TIME DIR
------------------------------------------------------------------------------------
1 20.3 26.6 15:00 17.1 6:00 0.2 2.3 0.0 6.8 35.4 19:00 W
2 22.4 29.4 15:00 17.3 4:00 0.1 4.2 0.0 9.5 37.0 15:30 ESE
3 24.1 30.9 14:00 19.2 2:00 0.0 5.8 0.0 10.1 38.6 15:00 ESE
4 24.4 29.8 15:30 19.6 00:00 0.0 6.1 0.0 11.7 35.4 10:00 E
5 20.9 25.8 15:30 17.1 6:00 0.1 2.8 0.0 15.1 51.5 16:00 NE
6 22.3 28.3 16:30 17.3 5:00 0.1 4.1 0.0 14.5 40.2 9:00 NE
7 23.7 29.9 15:00 19.3 4:00 0.0 5.4 0.0 10.9 40.2 20:00 NE
8 24.4 31.8 17:00 19.1 7:00 0.0 6.1 0.0 9.5 38.6 13:00 NE
9 24.9 31.7 17:00 20.3 7:00 0.0 6.6 0.0 9.0 24.1 11:00 NE
10 24.6 31.8 17:00 20.0 6:30 0.0 6.2 0.0 8.7 32.2 18:00 E
11 24.2 28.9 15:30 21.2 8:00 0.0 5.9 0.0 11.1 38.6 17:30 W
12 23.1 28.1 15:30 19.9 6:00 0.0 4.8 0.0 9.2 33.8 12:30 W
13 21.5 26.2 15:00 17.3 9:30 0.0 3.2 0.4 9.5 38.6 16:00 W
14 20.9 24.3 11:30 18.3 15:30 0.0 2.6 22.8 6.4 33.8 16:30 ESE
15 21.8 29.0 15:30 17.4 5:30 0.0 3.5 0.0 8.4 38.6 16:00 W
16 21.9 25.6 11:30 18.6 7:30 0.0 3.6 0.0 7.9 37.0 13:00 ESE
17 23.4 28.8 15:00 19.1 7:00 0.0 5.1 0.0 8.0 29.0 21:00 ESE
18 22.8 25.4 13:30 18.8 7:30 0.0 4.5 0.0 11.3 38.6 21:30 E
19 22.4 26.9 16:00 19.8 00:00 0.0 4.1 0.0 11.6 45.1 15:30 W
20 21.0 24.1 16:30 19.1 9:00 0.0 2.7 0.4 5.8 22.5 19:00 ESE
21 20.5 24.3 16:00 17.7 7:30 0.0 2.2 2.0 13.5 46.7 17:00 SW
22 19.9 21.8 11:30 18.4 22:30 0.0 1.6 3.0 20.1 69.2 14:30 SSW
23 17.4 19.7 13:30 15.4 00:00 1.1 0.2 12.6 15.6 46.7 14:30 W
24 16.8 20.7 15:00 13.2 1:00 1.8 0.3 0.0 9.0 37.0 12:30 E
25 17.9 22.4 17:00 14.2 6:00 1.4 1.0 0.0 10.6 41.8 11:30 NE
26 20.2 24.9 16:00 16.4 2:00 0.4 2.3 0.0 11.9 40.2 19:00 NE
27 21.9 27.1 16:00 18.4 4:30 0.0 3.6 0.0 10.0 32.2 18:30 NE
28 22.2 28.1 17:00 18.2 6:00 0.0 3.9 0.0 7.4 38.6 5:00 NE
29 21.8 27.8 16:00 19.0 7:00 0.0 3.6 0.0 7.2 37.0 17:00 E
30 22.0 28.4 15:00 18.2 7:00 0.0 3.7 0.0 6.9 29.0 17:00 NE
-------------------------------------------------------------------------------------
21.9 31.8 8 13.2 24 5.3 112.1 41.2 10.2 69.2 22 NE
Max >= 32.0: 0
Max <= 0.0: 0
Min <= 0.0: 0
Min <= -18.0: 0
Max Rain: 22.81 ON 14/09/23
Days of Rain: 6 (> .2 mm) 4 (> 2 mm) 1 (> 20 mm)
Heat Base: 18.3 Cool Base: 18.3 Method: Integration