Select a Year or Month report
Report for 2023 Dec
MONTHLY CLIMATOLOGICAL SUMMARY for DEC. 2023
NAME: Poggio alle Forche CITY: Pomarance STATE: Italia
ELEV: 400 m LAT: 43.3071 N LONG: 10.8692 E
TEMPERATURE (°C), RAIN (mm), WIND SPEED (km/hr)
HEAT COOL AVG
MEAN DEG DEG WIND DOM
DAY TEMP HIGH TIME LOW TIME DAYS DAYS RAIN SPEED HIGH TIME DIR
------------------------------------------------------------------------------------
1 16.3 18.3 17:30 14.7 1:30 2.0 0.0 0.0 35.7 99.8 22:00 S
2 10.4 16.3 0:30 7.1 22:30 7.9 0.0 10.6 36.0 96.6 12:30 SW
3 6.6 9.2 14:00 3.3 23:30 11.8 0.0 0.0 9.3 37.0 0:30 N
4 4.4 8.1 00:00 1.8 4:30 13.8 0.0 2.0 13.8 38.6 23:00 ENE
5 7.6 9.3 5:30 6.4 20:00 10.7 0.0 12.0 10.6 38.6 4:00 SW
6 7.2 11.0 14:30 4.9 1:00 11.2 0.0 0.2 2.7 12.9 1:00 WNW
7 7.7 11.3 14:30 4.2 2:00 10.6 0.0 0.0 3.4 16.1 15:30 E
8 4.9 7.3 1:00 3.6 23:00 13.4 0.0 2.0 14.0 29.0 15:30 E
9 7.6 12.2 14:30 3.7 1:30 10.8 0.0 0.0 11.3 48.3 23:00 ENE
10 10.4 12.8 15:30 8.5 1:00 7.8 0.0 3.8 12.6 46.7 3:00 SW
11 12.4 14.7 00:00 10.5 5:30 5.9 0.0 0.2 11.9 35.4 9:00 S
12 14.2 15.6 15:00 12.7 7:30 4.1 0.0 0.0 9.8 56.3 23:00 SE
13 12.6 14.1 13:30 9.9 22:00 5.7 0.0 0.4 23.2 62.8 14:30 SW
14 9.0 10.4 1:00 7.3 00:00 9.3 0.0 6.8 10.6 49.9 1:30 NNE
15 8.7 12.3 14:30 6.2 23:30 9.6 0.0 0.0 12.9 38.6 16:00 N
16 6.6 9.8 13:30 4.7 4:00 11.8 0.0 0.0 16.1 54.7 15:30 N
17 7.1 10.6 15:00 3.0 6:00 11.2 0.0 0.0 11.6 32.2 5:30 NE
18 11.7 17.5 16:30 8.7 6:30 6.6 0.0 0.0 5.5 16.1 3:00 ENE
19 11.2 14.7 13:00 7.6 22:00 7.2 0.0 0.0 5.5 27.4 15:00 WSW
20 7.4 9.4 18:30 4.8 9:00 10.9 0.0 0.2 6.3 25.7 8:00 E
21 8.9 11.2 12:00 6.0 1:00 9.4 0.0 0.0 9.8 32.2 14:30 SW
22 11.2 13.5 14:30 8.3 0:30 7.1 0.0 0.0 11.9 40.2 9:00 SSW
23 10.9 13.2 16:00 9.4 00:00 7.4 0.0 0.0 5.8 19.3 23:30 SW
24 10.8 14.9 15:00 8.7 3:00 7.5 0.0 0.0 7.1 20.9 3:30 E
25 10.9 13.5 12:00 9.7 00:00 7.4 0.0 0.0 5.5 19.3 14:00 SW
26 10.5 13.2 14:30 9.0 7:00 7.8 0.0 0.0 5.0 19.3 13:30 SW
27 10.4 12.6 15:00 8.6 9:00 7.9 0.0 0.0 8.2 20.9 9:30 E
28 10.4 11.0 11:00 9.6 00:00 7.9 0.0 0.0 8.2 33.8 23:30 S
29 10.5 11.8 15:30 9.2 1:00 7.8 0.0 0.0 14.3 45.1 13:30 S
30 11.4 13.4 14:30 10.2 00:00 6.9 0.0 0.0 8.0 27.4 1:30 S
31 11.4 12.7 14:00 9.6 2:00 6.9 0.0 2.0 15.1 59.5 19:30 S
-------------------------------------------------------------------------------------
9.7 18.3 1 1.8 4 266.3 0.0 40.2 11.7 99.8 1 S
Max >= 32.0: 0
Max <= 0.0: 0
Min <= 0.0: 0
Min <= -18.0: 0
Max Rain: 11.99 ON 05/12/23
Days of Rain: 11 (> .2 mm) 7 (> 2 mm) 0 (> 20 mm)
Heat Base: 18.3 Cool Base: 18.3 Method: Integration