Select a Year or Month report
Report for 2024 Mar
MONTHLY CLIMATOLOGICAL SUMMARY for MAR. 2024
NAME: Poggio alle Forche CITY: Pomarance STATE: Italia
ELEV: 400 m LAT: 43.3071 N LONG: 10.8692 E
TEMPERATURE (°C), RAIN (mm), WIND SPEED (km/hr)
HEAT COOL AVG
MEAN DEG DEG WIND DOM
DAY TEMP HIGH TIME LOW TIME DAYS DAYS RAIN SPEED HIGH TIME DIR
------------------------------------------------------------------------------------
1 9.7 11.2 15:30 8.7 00:00 8.6 0.0 6.2 8.5 35.4 00:00 SE
2 10.3 13.1 17:00 8.4 8:00 8.0 0.0 5.8 16.9 51.5 9:30 SW
3 9.8 13.2 13:30 6.1 00:00 8.5 0.0 8.4 25.4 90.1 18:30 E
4 7.3 9.9 14:00 5.1 1:30 11.0 0.0 0.2 11.1 33.8 3:30 ENE
5 10.2 14.2 15:00 8.2 4:00 8.1 0.0 0.2 11.3 35.4 22:30 SW
6 7.6 9.6 13:30 5.5 18:00 10.7 0.0 4.6 15.1 75.6 9:30 SSW
7 8.6 13.2 14:00 5.7 4:30 9.7 0.0 0.0 5.6 32.2 15:00 SW
8 8.9 12.4 14:30 6.4 7:30 9.4 0.0 1.0 10.1 41.8 17:30 E
9 9.6 13.1 14:00 6.9 1:00 8.7 0.0 4.2 9.0 40.2 1:30 E
10 10.6 13.3 9:30 7.5 13:00 7.7 0.0 10.8 19.6 86.9 10:00 E
11 8.7 12.1 10:30 7.6 7:30 9.7 0.0 9.8 10.8 38.6 12:30 ENE
12 9.7 12.8 13:30 7.1 5:00 8.7 0.0 0.6 10.6 37.0 14:30 SW
13 10.9 15.3 15:30 8.8 5:00 7.4 0.0 0.2 9.3 32.2 17:00 SW
14 10.9 15.8 14:30 8.2 5:00 7.4 0.0 0.2 8.5 35.4 18:00 SW
15 10.3 12.7 15:30 8.3 9:00 8.0 0.0 0.6 8.5 38.6 15:30 SW
16 11.9 15.9 16:00 10.1 8:00 6.4 0.0 0.0 9.3 35.4 4:30 WSW
17 12.4 15.9 13:00 10.2 3:30 5.8 0.0 0.2 7.1 32.2 16:30 SW
18 11.9 15.5 12:00 10.0 1:30 6.3 0.0 1.2 0.8 14.5 12:30 WSW
19 12.9 19.4 16:00 8.5 4:30 5.4 0.1 0.2 3.4 27.4 00:00 ENE
20 14.7 21.1 13:30 10.6 6:00 4.0 0.4 0.0 5.6 24.1 1:00 WSW
21 13.1 17.0 14:00 9.6 7:30 5.2 0.0 2.0 11.6 48.3 14:30 SW
22 13.9 20.9 16:00 9.8 8:30 4.6 0.2 0.2 8.0 32.2 18:00 SSW
23 13.3 16.1 15:00 10.4 7:30 5.0 0.0 0.0 18.3 49.9 23:30 S
24 10.9 12.6 14:00 9.1 21:00 7.3 0.0 0.0 22.4 69.2 2:30 SW
25 11.9 17.1 17:30 8.6 7:00 6.4 0.0 0.4 7.9 37.0 18:00 E
26 8.6 10.7 00:00 7.2 9:30 9.7 0.0 12.2 8.5 30.6 0:30 NE
27 9.7 12.8 5:30 6.1 12:30 8.6 0.0 18.8 19.5 66.0 12:00 SW
28 12.2 15.8 17:00 8.2 1:30 6.1 0.0 4.0 25.7 85.3 13:00 S
29 15.1 18.6 12:30 12.6 1:00 3.3 0.0 0.0 28.2 85.3 14:30 SE
30 16.1 19.4 12:30 13.3 23:30 2.3 0.1 1.4 28.6 83.7 5:30 ESE
31 14.9 18.1 16:00 13.4 0:30 3.3 0.0 0.0 18.2 49.9 8:30 SE
-------------------------------------------------------------------------------------
11.2 21.1 20 5.1 4 221.3 0.7 93.4 13.0 90.1 3 SW
Max >= 32.0: 0
Max <= 0.0: 0
Min <= 0.0: 0
Min <= -18.0: 0
Max Rain: 18.80 ON 27/03/24
Days of Rain: 24 (> .2 mm) 11 (> 2 mm) 0 (> 20 mm)
Heat Base: 18.3 Cool Base: 18.3 Method: Integration